{"id":9194,"date":"2023-06-10T17:52:29","date_gmt":"2023-06-10T17:52:29","guid":{"rendered":"https:\/\/atmosferasmuebles.com\/tienda\/?post_type=product&#038;p=9194"},"modified":"2025-08-20T21:19:24","modified_gmt":"2025-08-20T21:19:24","slug":"louisiana-48-round-table-toscana","status":"publish","type":"product","link":"https:\/\/atmosferasmuebles.com\/tienda\/producto\/louisiana-48-round-table-toscana\/","title":{"rendered":"Louisiana 48&#8243; Round Table Toscana"},"content":{"rendered":"<p>La alianza de dos materiales complementarios en un dise\u00f1o de producto \u00fanico: la mesa Louisiana presenta una arquitectura de metal para mayor estabilidad con un acabado decorativo de piedra natural para una declaraci\u00f3n de moda. Conservar\u00e1 su color, textura y acabado con poco mantenimiento. F\u00e1cil de montar y 100% reciclable.<\/p>\n","protected":false},"excerpt":{"rendered":"<p>La alianza de dos materiales complementarios en un dise\u00f1o de producto \u00fanico: la mesa Louisiana presenta una arquitectura de metal para mayor estabilidad con un acabado decorativo de piedra natural para una declaraci\u00f3n de moda. Conservar\u00e1 su color, textura y acabado con poco mantenimiento. F\u00e1cil de montar y 100% reciclable.<\/p>\n","protected":false},"featured_media":9196,"comment_status":"open","ping_status":"closed","template":"","meta":{"_joinchat":[]},"product_brand":[],"product_cat":[61,99,706,801,26,23,17,59],"product_tag":[],"accesorios":[],"coleccion":[749],"espacios":[210],"marca":[223],"material":[232,234],"class_list":{"0":"post-9194","1":"product","2":"type-product","3":"status-publish","4":"has-post-thumbnail","6":"product_cat-comedor","7":"product_cat-comedores","8":"product_cat-exterior","9":"product_cat-grosfillex","10":"product_cat-mesas","11":"product_cat-metal","12":"product_cat-muebles-de-exterior","13":"product_cat-resina","14":"coleccion-lousiana","15":"espacios-comedores","16":"marca-grosfillex","17":"material-aluminio","18":"material-resina","19":"sales-flash-overlay","20":"woocommerce-text-align-center","21":"woocommerce-image-align-center","22":"wc-has-gallery","24":"first","25":"instock","26":"shipping-taxable","27":"purchasable","28":"product-type-variable"},"_links":{"self":[{"href":"https:\/\/atmosferasmuebles.com\/tienda\/wp-json\/wp\/v2\/product\/9194","targetHints":{"allow":["GET"]}}],"collection":[{"href":"https:\/\/atmosferasmuebles.com\/tienda\/wp-json\/wp\/v2\/product"}],"about":[{"href":"https:\/\/atmosferasmuebles.com\/tienda\/wp-json\/wp\/v2\/types\/product"}],"replies":[{"embeddable":true,"href":"https:\/\/atmosferasmuebles.com\/tienda\/wp-json\/wp\/v2\/comments?post=9194"}],"version-history":[{"count":1,"href":"https:\/\/atmosferasmuebles.com\/tienda\/wp-json\/wp\/v2\/product\/9194\/revisions"}],"predecessor-version":[{"id":9199,"href":"https:\/\/atmosferasmuebles.com\/tienda\/wp-json\/wp\/v2\/product\/9194\/revisions\/9199"}],"wp:featuredmedia":[{"embeddable":true,"href":"https:\/\/atmosferasmuebles.com\/tienda\/wp-json\/wp\/v2\/media\/9196"}],"wp:attachment":[{"href":"https:\/\/atmosferasmuebles.com\/tienda\/wp-json\/wp\/v2\/media?parent=9194"}],"wp:term":[{"taxonomy":"product_brand","embeddable":true,"href":"https:\/\/atmosferasmuebles.com\/tienda\/wp-json\/wp\/v2\/product_brand?post=9194"},{"taxonomy":"product_cat","embeddable":true,"href":"https:\/\/atmosferasmuebles.com\/tienda\/wp-json\/wp\/v2\/product_cat?post=9194"},{"taxonomy":"product_tag","embeddable":true,"href":"https:\/\/atmosferasmuebles.com\/tienda\/wp-json\/wp\/v2\/product_tag?post=9194"},{"taxonomy":"accesorios","embeddable":true,"href":"https:\/\/atmosferasmuebles.com\/tienda\/wp-json\/wp\/v2\/accesorios?post=9194"},{"taxonomy":"coleccion","embeddable":true,"href":"https:\/\/atmosferasmuebles.com\/tienda\/wp-json\/wp\/v2\/coleccion?post=9194"},{"taxonomy":"espacios","embeddable":true,"href":"https:\/\/atmosferasmuebles.com\/tienda\/wp-json\/wp\/v2\/espacios?post=9194"},{"taxonomy":"marca","embeddable":true,"href":"https:\/\/atmosferasmuebles.com\/tienda\/wp-json\/wp\/v2\/marca?post=9194"},{"taxonomy":"material","embeddable":true,"href":"https:\/\/atmosferasmuebles.com\/tienda\/wp-json\/wp\/v2\/material?post=9194"}],"curies":[{"name":"wp","href":"https:\/\/api.w.org\/{rel}","templated":true}]}}