{"id":83,"date":"2021-04-03T06:31:52","date_gmt":"2021-04-03T06:31:52","guid":{"rendered":"http:\/\/atmosferasmuebles.com\/tienda\/?post_type=product&#038;p=83"},"modified":"2026-02-12T00:49:16","modified_gmt":"2026-02-12T00:49:16","slug":"sombrilla-parasol-flexo-sunbrella","status":"publish","type":"product","link":"https:\/\/atmosferasmuebles.com\/tienda\/producto\/sombrilla-parasol-flexo-sunbrella\/","title":{"rendered":"Sombrilla parasol Flexo Sunbrella\u00ae"},"content":{"rendered":"<p>La Sombrilla Parasol FLEXO Sunbrella\u00ae le dar\u00e1 vida a tu jard\u00edn con su dise\u00f1o elegante, funcional y de alta resistencia. Cuenta con un m\u00e1stil lateral inclinable, un sistema de rotaci\u00f3n de 360\u00ba y un sistema nuevo de estabilizaci\u00f3n que mejora su desempe\u00f1o en exteriores exigentes.<br \/>La cubierta cuadrada de 3 metros de di\u00e1metro est\u00e1 fabricada con fibra Sunbrella\u00ae, la marca l\u00edder mundial en telas para exterior, con m\u00e1s de 50 a\u00f1os de experiencia. Su composici\u00f3n 100% acr\u00edlica garantiza que el color se mantenga intacto por al menos 5 a\u00f1os, incluso bajo exposici\u00f3n intensa al sol, lluvia o lavadas frecuentes.<br \/>Sunbrella\u00ae compara sus telas con una zanahoria: el color est\u00e1 presente tanto por fuera como por dentro, a diferencia de otros tejidos que solo est\u00e1n te\u00f1idos en la superficie. Es adem\u00e1s muy f\u00e1cil de limpiar y resistente a manchas dif\u00edciles como cloro, vino, excremento de aves o sangre.<br \/>La estructura puede elegirse en color blanco o antracita, mientras que la cubierta est\u00e1 disponible en cuatro tonos distintos para combinar con tu ambiente.<\/p>\n<p>Cuenta con 2 a\u00f1os de garant\u00eda.<\/p>\n<p>\u26a0\ufe0f No incluye base. Complementa tu sombrilla con una base compatible, disponible en nuestra tienda.<\/p>\n","protected":false},"excerpt":{"rendered":"<p>Sombrilla FLEXO con tela Sunbrella\u00ae, m\u00e1stil lateral inclinable, rotaci\u00f3n 360\u00b0, y m\u00e1xima resistencia al sol y manchas. No incluye base.<\/p>\n","protected":false},"featured_media":26430,"comment_status":"closed","ping_status":"closed","template":"","meta":{"_joinchat":[]},"product_brand":[],"product_cat":[19,16,23,17,27],"product_tag":[136,137],"accesorios":[],"coleccion":[],"espacios":[213,212],"marca":[214],"material":[232],"class_list":{"0":"post-83","1":"product","2":"type-product","3":"status-publish","4":"has-post-thumbnail","6":"product_cat-cinta-o-tela-para-exterior","7":"product_cat-ezpeleta","8":"product_cat-metal","9":"product_cat-muebles-de-exterior","10":"product_cat-sombrillas","11":"product_tag-aluminio","12":"product_tag-textil-o-cinta","13":"espacios-alberca","14":"espacios-jardin","15":"marca-ezpeleta","16":"material-aluminio","17":"sales-flash-overlay","18":"woocommerce-text-align-center","19":"woocommerce-image-align-center","20":"wc-has-gallery","22":"first","23":"instock","24":"shipping-taxable","25":"purchasable","26":"product-type-variable"},"_links":{"self":[{"href":"https:\/\/atmosferasmuebles.com\/tienda\/wp-json\/wp\/v2\/product\/83","targetHints":{"allow":["GET"]}}],"collection":[{"href":"https:\/\/atmosferasmuebles.com\/tienda\/wp-json\/wp\/v2\/product"}],"about":[{"href":"https:\/\/atmosferasmuebles.com\/tienda\/wp-json\/wp\/v2\/types\/product"}],"replies":[{"embeddable":true,"href":"https:\/\/atmosferasmuebles.com\/tienda\/wp-json\/wp\/v2\/comments?post=83"}],"version-history":[{"count":2,"href":"https:\/\/atmosferasmuebles.com\/tienda\/wp-json\/wp\/v2\/product\/83\/revisions"}],"predecessor-version":[{"id":18175,"href":"https:\/\/atmosferasmuebles.com\/tienda\/wp-json\/wp\/v2\/product\/83\/revisions\/18175"}],"wp:featuredmedia":[{"embeddable":true,"href":"https:\/\/atmosferasmuebles.com\/tienda\/wp-json\/wp\/v2\/media\/26430"}],"wp:attachment":[{"href":"https:\/\/atmosferasmuebles.com\/tienda\/wp-json\/wp\/v2\/media?parent=83"}],"wp:term":[{"taxonomy":"product_brand","embeddable":true,"href":"https:\/\/atmosferasmuebles.com\/tienda\/wp-json\/wp\/v2\/product_brand?post=83"},{"taxonomy":"product_cat","embeddable":true,"href":"https:\/\/atmosferasmuebles.com\/tienda\/wp-json\/wp\/v2\/product_cat?post=83"},{"taxonomy":"product_tag","embeddable":true,"href":"https:\/\/atmosferasmuebles.com\/tienda\/wp-json\/wp\/v2\/product_tag?post=83"},{"taxonomy":"accesorios","embeddable":true,"href":"https:\/\/atmosferasmuebles.com\/tienda\/wp-json\/wp\/v2\/accesorios?post=83"},{"taxonomy":"coleccion","embeddable":true,"href":"https:\/\/atmosferasmuebles.com\/tienda\/wp-json\/wp\/v2\/coleccion?post=83"},{"taxonomy":"espacios","embeddable":true,"href":"https:\/\/atmosferasmuebles.com\/tienda\/wp-json\/wp\/v2\/espacios?post=83"},{"taxonomy":"marca","embeddable":true,"href":"https:\/\/atmosferasmuebles.com\/tienda\/wp-json\/wp\/v2\/marca?post=83"},{"taxonomy":"material","embeddable":true,"href":"https:\/\/atmosferasmuebles.com\/tienda\/wp-json\/wp\/v2\/material?post=83"}],"curies":[{"name":"wp","href":"https:\/\/api.w.org\/{rel}","templated":true}]}}