{"id":6145,"date":"2022-01-26T18:54:39","date_gmt":"2022-01-26T18:54:39","guid":{"rendered":"https:\/\/atmosferasmuebles.com\/tienda\/?post_type=product&#038;p=6145"},"modified":"2026-04-29T08:17:21","modified_gmt":"2026-04-29T08:17:21","slug":"silla-colgante-loop","status":"publish","type":"product","link":"https:\/\/atmosferasmuebles.com\/tienda\/producto\/silla-colgante-loop\/","title":{"rendered":"Silla Colgante Loop"},"content":{"rendered":"<p>Silla Colgante Loop, su forma cl\u00e1sica y comodidad es lo que caracteriza a esta colecci\u00f3n.<\/p>\n<p>Un toque bello a tu jard\u00edn, puedes colgarlo de un \u00e1rbol o colocar el soporte de la silla para que puedas moverlo a donde t\u00fa quieras.<\/p>\n<p>Fabricado en marco de aluminio, cuerda de PVC con tratamiento UV y tejido Sumbrella en cojines.<\/p>\n","protected":false},"excerpt":{"rendered":"<p>Silla Colgante Loop aunque es una colecci\u00f3n contempor\u00e1nea, se integra f\u00e1cilmente en cualquier ambiente.<\/p>\n<p>Detalles del producto:<br \/>\nMarco de aluminio soldado de grado contractual<br \/>\nMarco de recubrimiento en polvo de la marca Tiger<br \/>\nCuerda de PVC para exteriores con tratamiento UV con n\u00facleo de caucho;<br \/>\nTejido Sunbrella duradero para exteriores<\/p>\n","protected":false},"featured_media":6146,"comment_status":"open","ping_status":"closed","template":"","meta":{"_joinchat":[]},"product_brand":[],"product_cat":[1149,2238,19,388,351,2237,17,60,69],"product_tag":[],"accesorios":[],"coleccion":[389],"espacios":[213,212,209],"marca":[353],"material":[232,233],"class_list":{"0":"post-6145","1":"product","2":"type-product","3":"status-publish","4":"has-post-thumbnail","6":"product_cat-aluminio","7":"product_cat-bases-de-sombrilla","8":"product_cat-cinta-o-tela-para-exterior","9":"product_cat-coleccion-loop","10":"product_cat-couture","11":"product_cat-jardin","12":"product_cat-muebles-de-exterior","13":"product_cat-sillas","14":"product_cat-tela-para-exterior","15":"coleccion-loop","16":"espacios-alberca","17":"espacios-jardin","18":"espacios-salas","19":"marca-couture","20":"material-aluminio","21":"material-textil","22":"sales-flash-overlay","23":"woocommerce-text-align-center","24":"woocommerce-image-align-center","25":"wc-has-gallery","27":"first","28":"instock","29":"shipping-taxable","30":"purchasable","31":"product-type-simple"},"_links":{"self":[{"href":"https:\/\/atmosferasmuebles.com\/tienda\/wp-json\/wp\/v2\/product\/6145","targetHints":{"allow":["GET"]}}],"collection":[{"href":"https:\/\/atmosferasmuebles.com\/tienda\/wp-json\/wp\/v2\/product"}],"about":[{"href":"https:\/\/atmosferasmuebles.com\/tienda\/wp-json\/wp\/v2\/types\/product"}],"replies":[{"embeddable":true,"href":"https:\/\/atmosferasmuebles.com\/tienda\/wp-json\/wp\/v2\/comments?post=6145"}],"version-history":[{"count":1,"href":"https:\/\/atmosferasmuebles.com\/tienda\/wp-json\/wp\/v2\/product\/6145\/revisions"}],"predecessor-version":[{"id":6147,"href":"https:\/\/atmosferasmuebles.com\/tienda\/wp-json\/wp\/v2\/product\/6145\/revisions\/6147"}],"wp:featuredmedia":[{"embeddable":true,"href":"https:\/\/atmosferasmuebles.com\/tienda\/wp-json\/wp\/v2\/media\/6146"}],"wp:attachment":[{"href":"https:\/\/atmosferasmuebles.com\/tienda\/wp-json\/wp\/v2\/media?parent=6145"}],"wp:term":[{"taxonomy":"product_brand","embeddable":true,"href":"https:\/\/atmosferasmuebles.com\/tienda\/wp-json\/wp\/v2\/product_brand?post=6145"},{"taxonomy":"product_cat","embeddable":true,"href":"https:\/\/atmosferasmuebles.com\/tienda\/wp-json\/wp\/v2\/product_cat?post=6145"},{"taxonomy":"product_tag","embeddable":true,"href":"https:\/\/atmosferasmuebles.com\/tienda\/wp-json\/wp\/v2\/product_tag?post=6145"},{"taxonomy":"accesorios","embeddable":true,"href":"https:\/\/atmosferasmuebles.com\/tienda\/wp-json\/wp\/v2\/accesorios?post=6145"},{"taxonomy":"coleccion","embeddable":true,"href":"https:\/\/atmosferasmuebles.com\/tienda\/wp-json\/wp\/v2\/coleccion?post=6145"},{"taxonomy":"espacios","embeddable":true,"href":"https:\/\/atmosferasmuebles.com\/tienda\/wp-json\/wp\/v2\/espacios?post=6145"},{"taxonomy":"marca","embeddable":true,"href":"https:\/\/atmosferasmuebles.com\/tienda\/wp-json\/wp\/v2\/marca?post=6145"},{"taxonomy":"material","embeddable":true,"href":"https:\/\/atmosferasmuebles.com\/tienda\/wp-json\/wp\/v2\/material?post=6145"}],"curies":[{"name":"wp","href":"https:\/\/api.w.org\/{rel}","templated":true}]}}

<p>Silla Colgante Loop, su forma clásica y comodidad es lo que caracteriza a esta colección.</p>
<p>Un toque bello a tu jardín, puedes colgarlo de un árbol o colocar el soporte de la silla para que puedas moverlo a donde tú quieras.</p>
<p>Fabricado en marco de aluminio, cuerda de PVC con tratamiento UV y tejido Sumbrella en cojines.</p>

<p>Silla Colgante Loop aunque es una colección contemporánea, se integra fácilmente en cualquier ambiente.</p>
<p>Detalles del producto:<br />
Marco de aluminio soldado de grado contractual<br />
Marco de recubrimiento en polvo de la marca Tiger<br />
Cuerda de PVC para exteriores con tratamiento UV con núcleo de caucho;<br />
Tejido Sunbrella duradero para exteriores</p>
