{"id":6127,"date":"2022-01-26T17:48:00","date_gmt":"2022-01-26T17:48:00","guid":{"rendered":"https:\/\/atmosferasmuebles.com\/tienda\/?post_type=product&#038;p=6127"},"modified":"2026-03-03T23:59:46","modified_gmt":"2026-03-03T23:59:46","slug":"ottoman-loop","status":"publish","type":"product","link":"https:\/\/atmosferasmuebles.com\/tienda\/producto\/ottoman-loop\/","title":{"rendered":"Ottoman Loop"},"content":{"rendered":"<p>Ottoman Loop de forma cl\u00e1sica vestido con lujosas fibras tejidas, no solo se ve acogedor, la comodidad es la regla de la colecci\u00f3n.<\/p>\n<p>Usado de forma individual como asiento extra o en conjunto para configurar una sala \u00fanica adaptable a tu espacio al exterior.<\/p>\n<p>Fabricado en marco de aluminio, cuerda de PVC con tratamiento UV y tejido Sumbrella en cojines.<\/p>\n","protected":false},"excerpt":{"rendered":"<p>Ottoman Loop aunque es una colecci\u00f3n contempor\u00e1nea, se integra f\u00e1cilmente en cualquier ambiente.<\/p>\n<p>Detalles del producto:<br \/>\nMarco de aluminio soldado de grado contractual<br \/>\nMarco de recubrimiento en polvo de la marca Tiger<br \/>\nCuerda de PVC para exteriores con tratamiento UV con n\u00facleo de caucho;<br \/>\nTejido Sunbrella duradero para exteriores<\/p>\n","protected":false},"featured_media":6128,"comment_status":"open","ping_status":"closed","template":"","meta":{"_joinchat":[]},"product_brand":[],"product_cat":[19,388,351,17,1625,98,22,69],"product_tag":[],"accesorios":[],"coleccion":[389],"espacios":[1466,211,1672,209,1224],"marca":[353],"material":[232,233],"class_list":{"0":"post-6127","1":"product","2":"type-product","3":"status-publish","4":"has-post-thumbnail","6":"product_cat-cinta-o-tela-para-exterior","7":"product_cat-coleccion-loop","8":"product_cat-couture","9":"product_cat-muebles-de-exterior","10":"product_cat-ottoman","11":"product_cat-salas","12":"product_cat-sillones","13":"product_cat-tela-para-exterior","14":"coleccion-loop","15":"espacios-estancia","16":"espacios-recamaras","17":"espacios-residencial","18":"espacios-salas","19":"espacios-terraza","20":"marca-couture","21":"material-aluminio","22":"material-textil","23":"sales-flash-overlay","24":"woocommerce-text-align-center","25":"woocommerce-image-align-center","27":"first","28":"instock","29":"shipping-taxable","30":"purchasable","31":"product-type-simple"},"_links":{"self":[{"href":"https:\/\/atmosferasmuebles.com\/tienda\/wp-json\/wp\/v2\/product\/6127","targetHints":{"allow":["GET"]}}],"collection":[{"href":"https:\/\/atmosferasmuebles.com\/tienda\/wp-json\/wp\/v2\/product"}],"about":[{"href":"https:\/\/atmosferasmuebles.com\/tienda\/wp-json\/wp\/v2\/types\/product"}],"replies":[{"embeddable":true,"href":"https:\/\/atmosferasmuebles.com\/tienda\/wp-json\/wp\/v2\/comments?post=6127"}],"version-history":[{"count":1,"href":"https:\/\/atmosferasmuebles.com\/tienda\/wp-json\/wp\/v2\/product\/6127\/revisions"}],"predecessor-version":[{"id":6129,"href":"https:\/\/atmosferasmuebles.com\/tienda\/wp-json\/wp\/v2\/product\/6127\/revisions\/6129"}],"wp:featuredmedia":[{"embeddable":true,"href":"https:\/\/atmosferasmuebles.com\/tienda\/wp-json\/wp\/v2\/media\/6128"}],"wp:attachment":[{"href":"https:\/\/atmosferasmuebles.com\/tienda\/wp-json\/wp\/v2\/media?parent=6127"}],"wp:term":[{"taxonomy":"product_brand","embeddable":true,"href":"https:\/\/atmosferasmuebles.com\/tienda\/wp-json\/wp\/v2\/product_brand?post=6127"},{"taxonomy":"product_cat","embeddable":true,"href":"https:\/\/atmosferasmuebles.com\/tienda\/wp-json\/wp\/v2\/product_cat?post=6127"},{"taxonomy":"product_tag","embeddable":true,"href":"https:\/\/atmosferasmuebles.com\/tienda\/wp-json\/wp\/v2\/product_tag?post=6127"},{"taxonomy":"accesorios","embeddable":true,"href":"https:\/\/atmosferasmuebles.com\/tienda\/wp-json\/wp\/v2\/accesorios?post=6127"},{"taxonomy":"coleccion","embeddable":true,"href":"https:\/\/atmosferasmuebles.com\/tienda\/wp-json\/wp\/v2\/coleccion?post=6127"},{"taxonomy":"espacios","embeddable":true,"href":"https:\/\/atmosferasmuebles.com\/tienda\/wp-json\/wp\/v2\/espacios?post=6127"},{"taxonomy":"marca","embeddable":true,"href":"https:\/\/atmosferasmuebles.com\/tienda\/wp-json\/wp\/v2\/marca?post=6127"},{"taxonomy":"material","embeddable":true,"href":"https:\/\/atmosferasmuebles.com\/tienda\/wp-json\/wp\/v2\/material?post=6127"}],"curies":[{"name":"wp","href":"https:\/\/api.w.org\/{rel}","templated":true}]}}