{"id":5859,"date":"2022-01-05T05:14:04","date_gmt":"2022-01-05T05:14:04","guid":{"rendered":"https:\/\/atmosferasmuebles.com\/tienda\/?post_type=product&#038;p=5859"},"modified":"2026-04-29T08:27:00","modified_gmt":"2026-04-29T08:27:00","slug":"loveseat-welcome","status":"publish","type":"product","link":"https:\/\/atmosferasmuebles.com\/tienda\/producto\/loveseat-welcome\/","title":{"rendered":"Loveseat Welcome"},"content":{"rendered":"<p>Love Seat Welcome, solo o en conjunto para formar la sala Welcome<\/p>\n<p>Detalles del producto:.<br \/>\nMarco de aluminio soldado de grado contract.<br \/>\nMarco con recubrimiento en polvo de la marca Tiger.<br \/>\nMalla gris claro con tratamiento UV para reposabrazos \/ respaldo<br \/>\nTejido Sunbrella duradero para exteriores.<\/p>\n","protected":false},"excerpt":{"rendered":"<p>Love Seat Welcome moderno y a la vez elegante, m\u00f3dulo de la sala Welcome o tambi\u00e9n puede ser acompa\u00f1ado de una mesa para formar un espacio de relajaci\u00f3n para tu terraza.<\/p>\n<p>Fabricado con un marco de aluminio, malla gris claro con tratamiento UV para reposabrazos y en respaldo y asiento tejido en Snbrella, duradero para exteriores.<\/p>\n<p>Disponible en 2 colores.<\/p>\n","protected":false},"featured_media":5863,"comment_status":"open","ping_status":"closed","template":"","meta":{"_joinchat":[]},"product_brand":[],"product_cat":[1149,19,370,351,17,98,22,69,2236],"product_tag":[],"accesorios":[],"coleccion":[373],"espacios":[1466,1672,209,1224],"marca":[353],"material":[228,233],"class_list":{"0":"post-5859","1":"product","2":"type-product","3":"status-publish","4":"has-post-thumbnail","6":"product_cat-aluminio","7":"product_cat-cinta-o-tela-para-exterior","8":"product_cat-coleccion-welcome","9":"product_cat-couture","10":"product_cat-muebles-de-exterior","11":"product_cat-salas","12":"product_cat-sillones","13":"product_cat-tela-para-exterior","14":"product_cat-terraza","15":"coleccion-welcome","16":"espacios-estancia","17":"espacios-residencial","18":"espacios-salas","19":"espacios-terraza","20":"marca-couture","21":"material-madera","22":"material-textil","23":"sales-flash-overlay","24":"woocommerce-text-align-center","25":"woocommerce-image-align-center","26":"wc-has-gallery","28":"first","29":"instock","30":"shipping-taxable","31":"purchasable","32":"product-type-variable"},"_links":{"self":[{"href":"https:\/\/atmosferasmuebles.com\/tienda\/wp-json\/wp\/v2\/product\/5859","targetHints":{"allow":["GET"]}}],"collection":[{"href":"https:\/\/atmosferasmuebles.com\/tienda\/wp-json\/wp\/v2\/product"}],"about":[{"href":"https:\/\/atmosferasmuebles.com\/tienda\/wp-json\/wp\/v2\/types\/product"}],"replies":[{"embeddable":true,"href":"https:\/\/atmosferasmuebles.com\/tienda\/wp-json\/wp\/v2\/comments?post=5859"}],"version-history":[{"count":1,"href":"https:\/\/atmosferasmuebles.com\/tienda\/wp-json\/wp\/v2\/product\/5859\/revisions"}],"predecessor-version":[{"id":5864,"href":"https:\/\/atmosferasmuebles.com\/tienda\/wp-json\/wp\/v2\/product\/5859\/revisions\/5864"}],"wp:featuredmedia":[{"embeddable":true,"href":"https:\/\/atmosferasmuebles.com\/tienda\/wp-json\/wp\/v2\/media\/5863"}],"wp:attachment":[{"href":"https:\/\/atmosferasmuebles.com\/tienda\/wp-json\/wp\/v2\/media?parent=5859"}],"wp:term":[{"taxonomy":"product_brand","embeddable":true,"href":"https:\/\/atmosferasmuebles.com\/tienda\/wp-json\/wp\/v2\/product_brand?post=5859"},{"taxonomy":"product_cat","embeddable":true,"href":"https:\/\/atmosferasmuebles.com\/tienda\/wp-json\/wp\/v2\/product_cat?post=5859"},{"taxonomy":"product_tag","embeddable":true,"href":"https:\/\/atmosferasmuebles.com\/tienda\/wp-json\/wp\/v2\/product_tag?post=5859"},{"taxonomy":"accesorios","embeddable":true,"href":"https:\/\/atmosferasmuebles.com\/tienda\/wp-json\/wp\/v2\/accesorios?post=5859"},{"taxonomy":"coleccion","embeddable":true,"href":"https:\/\/atmosferasmuebles.com\/tienda\/wp-json\/wp\/v2\/coleccion?post=5859"},{"taxonomy":"espacios","embeddable":true,"href":"https:\/\/atmosferasmuebles.com\/tienda\/wp-json\/wp\/v2\/espacios?post=5859"},{"taxonomy":"marca","embeddable":true,"href":"https:\/\/atmosferasmuebles.com\/tienda\/wp-json\/wp\/v2\/marca?post=5859"},{"taxonomy":"material","embeddable":true,"href":"https:\/\/atmosferasmuebles.com\/tienda\/wp-json\/wp\/v2\/material?post=5859"}],"curies":[{"name":"wp","href":"https:\/\/api.w.org\/{rel}","templated":true}]}}