{"id":5197,"date":"2021-12-02T01:06:29","date_gmt":"2021-12-02T01:06:29","guid":{"rendered":"https:\/\/atmosferasmuebles.com\/tienda\/?post_type=product&#038;p=5197"},"modified":"2026-02-10T19:20:09","modified_gmt":"2026-02-10T19:20:09","slug":"sillon-triple-magnolia","status":"publish","type":"product","link":"https:\/\/atmosferasmuebles.com\/tienda\/producto\/sillon-triple-magnolia\/","title":{"rendered":"Sill\u00f3n Triple Magnolia"},"content":{"rendered":"<p data-start=\"476\" data-end=\"700\">El Sill\u00f3n Triple Magnolia est\u00e1 dise\u00f1ado para ofrecer la m\u00e1xima comodidad sin complicaciones. Fabricado en polipropileno de alta densidad, combina resistencia con un peso ligero que facilita su transporte y manipulaci\u00f3n.<\/p>\n<p data-start=\"702\" data-end=\"1018\">No solo es resistente a la intemperie, sino que tambi\u00e9n es f\u00e1cil de limpiar y mantener. Gracias a su estructura inyectada en moldes especializados, no se oxida ni se deshila. Su dise\u00f1o permite disfrutar de un mobiliario amplio y confortable, sin perder la funcionalidad y estilo caracter\u00edsticos de la serie Magnolia.<\/p>\n","protected":false},"excerpt":{"rendered":"<p>El sill\u00f3n triple Magnolia es una propuesta resistente, ligera y f\u00e1cil de mover, el sill\u00f3n triple Magnolia est\u00e1 hecho para disfrutar al aire libre sin complicaciones. Fabricado en polipropileno de alta calidad, es durable, c\u00f3modo y sencillo de limpiar. Incluye cojines en varios colores. Ideal para quienes buscan dise\u00f1o con practicidad.<\/p>\n<p>La serie de muebles Magnolia se vende en piezas por separado, as\u00ed podr\u00e1 armar tu propia sala y con las opciones en colores te permitir\u00e1 construir un espacio muy c\u00f3modo y visualmente precioso.<\/p>\n","protected":false},"featured_media":5159,"comment_status":"open","ping_status":"closed","template":"","meta":{"_joinchat":[]},"product_brand":[],"product_cat":[19,339,259,59,98,22,69],"product_tag":[],"accesorios":[],"coleccion":[343],"espacios":[212,209],"marca":[225],"material":[234,233],"class_list":{"0":"post-5197","1":"product","2":"type-product","3":"status-publish","4":"has-post-thumbnail","6":"product_cat-cinta-o-tela-para-exterior","7":"product_cat-coleccion-magnolia","8":"product_cat-lagoon","9":"product_cat-resina","10":"product_cat-salas","11":"product_cat-sillones","12":"product_cat-tela-para-exterior","13":"coleccion-magnolia","14":"espacios-jardin","15":"espacios-salas","16":"marca-lagoon","17":"material-resina","18":"material-textil","19":"sales-flash-overlay","20":"woocommerce-text-align-center","21":"woocommerce-image-align-center","22":"wc-has-gallery","24":"first","25":"instock","26":"shipping-taxable","27":"purchasable","28":"product-type-variable"},"_links":{"self":[{"href":"https:\/\/atmosferasmuebles.com\/tienda\/wp-json\/wp\/v2\/product\/5197","targetHints":{"allow":["GET"]}}],"collection":[{"href":"https:\/\/atmosferasmuebles.com\/tienda\/wp-json\/wp\/v2\/product"}],"about":[{"href":"https:\/\/atmosferasmuebles.com\/tienda\/wp-json\/wp\/v2\/types\/product"}],"replies":[{"embeddable":true,"href":"https:\/\/atmosferasmuebles.com\/tienda\/wp-json\/wp\/v2\/comments?post=5197"}],"version-history":[{"count":4,"href":"https:\/\/atmosferasmuebles.com\/tienda\/wp-json\/wp\/v2\/product\/5197\/revisions"}],"predecessor-version":[{"id":14957,"href":"https:\/\/atmosferasmuebles.com\/tienda\/wp-json\/wp\/v2\/product\/5197\/revisions\/14957"}],"wp:featuredmedia":[{"embeddable":true,"href":"https:\/\/atmosferasmuebles.com\/tienda\/wp-json\/wp\/v2\/media\/5159"}],"wp:attachment":[{"href":"https:\/\/atmosferasmuebles.com\/tienda\/wp-json\/wp\/v2\/media?parent=5197"}],"wp:term":[{"taxonomy":"product_brand","embeddable":true,"href":"https:\/\/atmosferasmuebles.com\/tienda\/wp-json\/wp\/v2\/product_brand?post=5197"},{"taxonomy":"product_cat","embeddable":true,"href":"https:\/\/atmosferasmuebles.com\/tienda\/wp-json\/wp\/v2\/product_cat?post=5197"},{"taxonomy":"product_tag","embeddable":true,"href":"https:\/\/atmosferasmuebles.com\/tienda\/wp-json\/wp\/v2\/product_tag?post=5197"},{"taxonomy":"accesorios","embeddable":true,"href":"https:\/\/atmosferasmuebles.com\/tienda\/wp-json\/wp\/v2\/accesorios?post=5197"},{"taxonomy":"coleccion","embeddable":true,"href":"https:\/\/atmosferasmuebles.com\/tienda\/wp-json\/wp\/v2\/coleccion?post=5197"},{"taxonomy":"espacios","embeddable":true,"href":"https:\/\/atmosferasmuebles.com\/tienda\/wp-json\/wp\/v2\/espacios?post=5197"},{"taxonomy":"marca","embeddable":true,"href":"https:\/\/atmosferasmuebles.com\/tienda\/wp-json\/wp\/v2\/marca?post=5197"},{"taxonomy":"material","embeddable":true,"href":"https:\/\/atmosferasmuebles.com\/tienda\/wp-json\/wp\/v2\/material?post=5197"}],"curies":[{"name":"wp","href":"https:\/\/api.w.org\/{rel}","templated":true}]}}