{"id":4941,"date":"2021-11-23T15:48:19","date_gmt":"2021-11-23T15:48:19","guid":{"rendered":"https:\/\/atmosferasmuebles.com\/tienda\/?post_type=product&#038;p=4941"},"modified":"2026-01-18T22:19:38","modified_gmt":"2026-01-18T22:19:38","slug":"mesa-pure","status":"publish","type":"product","link":"https:\/\/atmosferasmuebles.com\/tienda\/producto\/mesa-pure\/","title":{"rendered":"Mesa Pure"},"content":{"rendered":"<p>Mesa Pure de dise\u00f1o moderno y \u00fanico con gran resistencia a la luz, superficie resistente a los ara\u00f1azos y fabricada en materiales residentes que le dan larga vida \u00fatil con un m\u00ednimo mantenimiento y limpieza.<\/p>\n<p>Producto 100% natural, el tablero est\u00e1 disponible en cer\u00e1mica gris hormig\u00f3n, basalto, grafito o en versi\u00f3n baldosa en grafito jaspeado.<\/p>\n<p>La mesa puede combinarse con las sillas para exterior Cane Line y formar un bello comedor para el jard\u00edn.<\/p>\n","protected":false},"excerpt":{"rendered":"<p>Mesa Pure de dise\u00f1o minimalista y con su combinaci\u00f3n de materiales crea una forma ligera, casi flotante.<\/p>\n<p>El tablero est\u00e1 hecho de cer\u00e1mica en 6 colores a elegir y el marco simple y de l\u00edneas limpias en 3 colores disponibles es en aluminio con recubrimiento de polvo.<\/p>\n<p>La mesa es resistente a los rayos UV, lo que significa que puede permanecer al aire libre en todo tipo de clima.<\/p>\n","protected":false},"featured_media":4974,"comment_status":"open","ping_status":"closed","template":"","meta":{"_joinchat":[]},"product_brand":[],"product_cat":[278,61,1173,26,23,17],"product_tag":[],"accesorios":[],"coleccion":[],"espacios":[210],"marca":[219],"material":[232],"class_list":{"0":"post-4941","1":"product","2":"type-product","3":"status-publish","4":"has-post-thumbnail","6":"product_cat-cane-line","7":"product_cat-comedor","8":"product_cat-mesa-comedor","9":"product_cat-mesas","10":"product_cat-metal","11":"product_cat-muebles-de-exterior","12":"espacios-comedores","13":"marca-cane-line","14":"material-aluminio","15":"sales-flash-overlay","16":"woocommerce-text-align-center","17":"woocommerce-image-align-center","18":"wc-has-gallery","20":"first","21":"instock","22":"shipping-taxable","23":"purchasable","24":"product-type-variable"},"_links":{"self":[{"href":"https:\/\/atmosferasmuebles.com\/tienda\/wp-json\/wp\/v2\/product\/4941","targetHints":{"allow":["GET"]}}],"collection":[{"href":"https:\/\/atmosferasmuebles.com\/tienda\/wp-json\/wp\/v2\/product"}],"about":[{"href":"https:\/\/atmosferasmuebles.com\/tienda\/wp-json\/wp\/v2\/types\/product"}],"replies":[{"embeddable":true,"href":"https:\/\/atmosferasmuebles.com\/tienda\/wp-json\/wp\/v2\/comments?post=4941"}],"version-history":[{"count":1,"href":"https:\/\/atmosferasmuebles.com\/tienda\/wp-json\/wp\/v2\/product\/4941\/revisions"}],"predecessor-version":[{"id":4981,"href":"https:\/\/atmosferasmuebles.com\/tienda\/wp-json\/wp\/v2\/product\/4941\/revisions\/4981"}],"wp:featuredmedia":[{"embeddable":true,"href":"https:\/\/atmosferasmuebles.com\/tienda\/wp-json\/wp\/v2\/media\/4974"}],"wp:attachment":[{"href":"https:\/\/atmosferasmuebles.com\/tienda\/wp-json\/wp\/v2\/media?parent=4941"}],"wp:term":[{"taxonomy":"product_brand","embeddable":true,"href":"https:\/\/atmosferasmuebles.com\/tienda\/wp-json\/wp\/v2\/product_brand?post=4941"},{"taxonomy":"product_cat","embeddable":true,"href":"https:\/\/atmosferasmuebles.com\/tienda\/wp-json\/wp\/v2\/product_cat?post=4941"},{"taxonomy":"product_tag","embeddable":true,"href":"https:\/\/atmosferasmuebles.com\/tienda\/wp-json\/wp\/v2\/product_tag?post=4941"},{"taxonomy":"accesorios","embeddable":true,"href":"https:\/\/atmosferasmuebles.com\/tienda\/wp-json\/wp\/v2\/accesorios?post=4941"},{"taxonomy":"coleccion","embeddable":true,"href":"https:\/\/atmosferasmuebles.com\/tienda\/wp-json\/wp\/v2\/coleccion?post=4941"},{"taxonomy":"espacios","embeddable":true,"href":"https:\/\/atmosferasmuebles.com\/tienda\/wp-json\/wp\/v2\/espacios?post=4941"},{"taxonomy":"marca","embeddable":true,"href":"https:\/\/atmosferasmuebles.com\/tienda\/wp-json\/wp\/v2\/marca?post=4941"},{"taxonomy":"material","embeddable":true,"href":"https:\/\/atmosferasmuebles.com\/tienda\/wp-json\/wp\/v2\/material?post=4941"}],"curies":[{"name":"wp","href":"https:\/\/api.w.org\/{rel}","templated":true}]}}