{"id":4500,"date":"2021-11-17T02:20:19","date_gmt":"2021-11-17T02:20:19","guid":{"rendered":"https:\/\/atmosferasmuebles.com\/tienda\/?post_type=product&#038;p=4500"},"modified":"2026-04-29T08:21:35","modified_gmt":"2026-04-29T08:21:35","slug":"sofa-individual-ocean","status":"publish","type":"product","link":"https:\/\/atmosferasmuebles.com\/tienda\/producto\/sofa-individual-ocean\/","title":{"rendered":"Sof\u00e1 individual Ocean"},"content":{"rendered":"<p>Sof\u00e1 individual Ocean dise\u00f1ado por el equipo de dise\u00f1o de Cane-line.<br \/>\nFabricado con un marco de aluminio resistente y robusta cuerda suave que su tejido le da un aspecto extremadamente ligero al sof\u00e1.<\/p>\n<p>Los m\u00f3dulos de esta colecci\u00f3n son incre\u00edblemente f\u00e1ciles de mover para poder dar r\u00e1pidamente una nueva disposici\u00f3n a la sala de estar.<\/p>\n<p>Puede utilizarse sin coj\u00edn o con cojin.<\/p>\n","protected":false},"excerpt":{"rendered":"<p>Sof\u00e1 individual Ocean que combina maravillosamente el dise\u00f1o moderno y la artesan\u00eda tradicional.<br \/>\nSistema modular que permite flexibilidad al poder construir tu espacio adaptando la sala a las necesidades y preferencias personales.<\/p>\n<p>Fabricado con la robusta cuerda suave Cane-line sobre un marco de aluminio resistente y su coj\u00edn opcional, es incre\u00edblemente suave y c\u00f3modo.<\/p>\n","protected":false},"featured_media":4505,"comment_status":"open","ping_status":"closed","template":"","meta":{"_joinchat":[]},"product_brand":[],"product_cat":[1149,278,301,23,17,98,22,69],"product_tag":[],"accesorios":[],"coleccion":[302],"espacios":[209],"marca":[219],"material":[232,233],"class_list":{"0":"post-4500","1":"product","2":"type-product","3":"status-publish","4":"has-post-thumbnail","6":"product_cat-aluminio","7":"product_cat-cane-line","8":"product_cat-coleccion-ocean","9":"product_cat-metal","10":"product_cat-muebles-de-exterior","11":"product_cat-salas","12":"product_cat-sillones","13":"product_cat-tela-para-exterior","14":"coleccion-ocean","15":"espacios-salas","16":"marca-cane-line","17":"material-aluminio","18":"material-textil","19":"sales-flash-overlay","20":"woocommerce-text-align-center","21":"woocommerce-image-align-center","22":"wc-has-gallery","24":"first","25":"instock","26":"shipping-taxable","27":"purchasable","28":"product-type-variable"},"_links":{"self":[{"href":"https:\/\/atmosferasmuebles.com\/tienda\/wp-json\/wp\/v2\/product\/4500","targetHints":{"allow":["GET"]}}],"collection":[{"href":"https:\/\/atmosferasmuebles.com\/tienda\/wp-json\/wp\/v2\/product"}],"about":[{"href":"https:\/\/atmosferasmuebles.com\/tienda\/wp-json\/wp\/v2\/types\/product"}],"replies":[{"embeddable":true,"href":"https:\/\/atmosferasmuebles.com\/tienda\/wp-json\/wp\/v2\/comments?post=4500"}],"version-history":[{"count":1,"href":"https:\/\/atmosferasmuebles.com\/tienda\/wp-json\/wp\/v2\/product\/4500\/revisions"}],"predecessor-version":[{"id":4506,"href":"https:\/\/atmosferasmuebles.com\/tienda\/wp-json\/wp\/v2\/product\/4500\/revisions\/4506"}],"wp:featuredmedia":[{"embeddable":true,"href":"https:\/\/atmosferasmuebles.com\/tienda\/wp-json\/wp\/v2\/media\/4505"}],"wp:attachment":[{"href":"https:\/\/atmosferasmuebles.com\/tienda\/wp-json\/wp\/v2\/media?parent=4500"}],"wp:term":[{"taxonomy":"product_brand","embeddable":true,"href":"https:\/\/atmosferasmuebles.com\/tienda\/wp-json\/wp\/v2\/product_brand?post=4500"},{"taxonomy":"product_cat","embeddable":true,"href":"https:\/\/atmosferasmuebles.com\/tienda\/wp-json\/wp\/v2\/product_cat?post=4500"},{"taxonomy":"product_tag","embeddable":true,"href":"https:\/\/atmosferasmuebles.com\/tienda\/wp-json\/wp\/v2\/product_tag?post=4500"},{"taxonomy":"accesorios","embeddable":true,"href":"https:\/\/atmosferasmuebles.com\/tienda\/wp-json\/wp\/v2\/accesorios?post=4500"},{"taxonomy":"coleccion","embeddable":true,"href":"https:\/\/atmosferasmuebles.com\/tienda\/wp-json\/wp\/v2\/coleccion?post=4500"},{"taxonomy":"espacios","embeddable":true,"href":"https:\/\/atmosferasmuebles.com\/tienda\/wp-json\/wp\/v2\/espacios?post=4500"},{"taxonomy":"marca","embeddable":true,"href":"https:\/\/atmosferasmuebles.com\/tienda\/wp-json\/wp\/v2\/marca?post=4500"},{"taxonomy":"material","embeddable":true,"href":"https:\/\/atmosferasmuebles.com\/tienda\/wp-json\/wp\/v2\/material?post=4500"}],"curies":[{"name":"wp","href":"https:\/\/api.w.org\/{rel}","templated":true}]}}

Sofá individual Ocean

<p>Sofá individual Ocean diseñado por el equipo de diseño de Cane-line.<br />
Fabricado con un marco de aluminio resistente y robusta cuerda suave que su tejido le da un aspecto extremadamente ligero al sofá.</p>
<p>Los módulos de esta colección son increíblemente fáciles de mover para poder dar rápidamente una nueva disposición a la sala de estar.</p>
<p>Puede utilizarse sin cojín o con cojin.</p>

<p>Sofá individual Ocean que combina maravillosamente el diseño moderno y la artesanía tradicional.<br />
Sistema modular que permite flexibilidad al poder construir tu espacio adaptando la sala a las necesidades y preferencias personales.</p>
<p>Fabricado con la robusta cuerda suave Cane-line sobre un marco de aluminio resistente y su cojín opcional, es increíblemente suave y cómodo.</p>
