{"id":4390,"date":"2021-11-16T23:36:39","date_gmt":"2021-11-16T23:36:39","guid":{"rendered":"https:\/\/atmosferasmuebles.com\/tienda\/?post_type=product&#038;p=4390"},"modified":"2025-08-20T21:17:31","modified_gmt":"2025-08-20T21:17:31","slug":"mesa-auxiliar-breeze","status":"publish","type":"product","link":"https:\/\/atmosferasmuebles.com\/tienda\/producto\/mesa-auxiliar-breeze\/","title":{"rendered":"Mesa auxiliar Breeze"},"content":{"rendered":"<p>Mesa Auxiliar Breeze perfecta para disfrutar una tarde en el jard\u00edn con un t\u00e9.<br \/>\nFabricada con Cane-line Weave\u00ae, que requiere un m\u00ednimo de mantenimiento y limpieza adem\u00e1s de garantizar una larga vida \u00fatil.<\/p>\n<p>La peque\u00f1a mesa auxiliar Breeze encaja perfectamente tanto con el sill\u00f3n Breeze como con el sill\u00f3n Breeze con respaldo alto.<\/p>\n","protected":false},"excerpt":{"rendered":"<p>Mesa Auxiliar Breeze es perfecta para tomar una taza de t\u00e9 caliente mientras lee un buen libro.<\/p>\n<p>La mesa est\u00e1 fabricada en Cane-line Weave\u00ae, que requiere un m\u00ednimo de mantenimiento y limpieza. Est\u00e1 elaborado con la finalidad de poder permanecer en el exterior todo el a\u00f1o.<\/p>\n<p>La mesa auxiliar encaja perfectamente con cualquiera de los sillones Breeze.<\/p>\n","protected":false},"featured_media":4393,"comment_status":"open","ping_status":"closed","template":"","meta":{"_joinchat":[]},"product_brand":[],"product_cat":[278,290,23,63,17,98],"product_tag":[],"accesorios":[],"coleccion":[292],"espacios":[213,212,209],"marca":[219],"material":[231,230],"class_list":{"0":"post-4390","1":"product","2":"type-product","3":"status-publish","4":"has-post-thumbnail","6":"product_cat-cane-line","7":"product_cat-coleccion-breeze","8":"product_cat-metal","9":"product_cat-mimbre-intemperie","10":"product_cat-muebles-de-exterior","11":"product_cat-salas","12":"coleccion-breeze","13":"espacios-alberca","14":"espacios-jardin","15":"espacios-salas","16":"marca-cane-line","17":"material-acero","18":"material-mimbre","19":"sales-flash-overlay","20":"woocommerce-text-align-center","21":"woocommerce-image-align-center","22":"wc-has-gallery","24":"first","25":"instock","26":"shipping-taxable","27":"purchasable","28":"product-type-simple"},"_links":{"self":[{"href":"https:\/\/atmosferasmuebles.com\/tienda\/wp-json\/wp\/v2\/product\/4390","targetHints":{"allow":["GET"]}}],"collection":[{"href":"https:\/\/atmosferasmuebles.com\/tienda\/wp-json\/wp\/v2\/product"}],"about":[{"href":"https:\/\/atmosferasmuebles.com\/tienda\/wp-json\/wp\/v2\/types\/product"}],"replies":[{"embeddable":true,"href":"https:\/\/atmosferasmuebles.com\/tienda\/wp-json\/wp\/v2\/comments?post=4390"}],"version-history":[{"count":1,"href":"https:\/\/atmosferasmuebles.com\/tienda\/wp-json\/wp\/v2\/product\/4390\/revisions"}],"predecessor-version":[{"id":4394,"href":"https:\/\/atmosferasmuebles.com\/tienda\/wp-json\/wp\/v2\/product\/4390\/revisions\/4394"}],"wp:featuredmedia":[{"embeddable":true,"href":"https:\/\/atmosferasmuebles.com\/tienda\/wp-json\/wp\/v2\/media\/4393"}],"wp:attachment":[{"href":"https:\/\/atmosferasmuebles.com\/tienda\/wp-json\/wp\/v2\/media?parent=4390"}],"wp:term":[{"taxonomy":"product_brand","embeddable":true,"href":"https:\/\/atmosferasmuebles.com\/tienda\/wp-json\/wp\/v2\/product_brand?post=4390"},{"taxonomy":"product_cat","embeddable":true,"href":"https:\/\/atmosferasmuebles.com\/tienda\/wp-json\/wp\/v2\/product_cat?post=4390"},{"taxonomy":"product_tag","embeddable":true,"href":"https:\/\/atmosferasmuebles.com\/tienda\/wp-json\/wp\/v2\/product_tag?post=4390"},{"taxonomy":"accesorios","embeddable":true,"href":"https:\/\/atmosferasmuebles.com\/tienda\/wp-json\/wp\/v2\/accesorios?post=4390"},{"taxonomy":"coleccion","embeddable":true,"href":"https:\/\/atmosferasmuebles.com\/tienda\/wp-json\/wp\/v2\/coleccion?post=4390"},{"taxonomy":"espacios","embeddable":true,"href":"https:\/\/atmosferasmuebles.com\/tienda\/wp-json\/wp\/v2\/espacios?post=4390"},{"taxonomy":"marca","embeddable":true,"href":"https:\/\/atmosferasmuebles.com\/tienda\/wp-json\/wp\/v2\/marca?post=4390"},{"taxonomy":"material","embeddable":true,"href":"https:\/\/atmosferasmuebles.com\/tienda\/wp-json\/wp\/v2\/material?post=4390"}],"curies":[{"name":"wp","href":"https:\/\/api.w.org\/{rel}","templated":true}]}}