{"id":4220,"date":"2021-11-16T20:16:59","date_gmt":"2021-11-16T20:16:59","guid":{"rendered":"https:\/\/atmosferasmuebles.com\/tienda\/?post_type=product&#038;p=4220"},"modified":"2026-01-25T03:35:04","modified_gmt":"2026-01-25T03:35:04","slug":"camastro-amaze","status":"publish","type":"product","link":"https:\/\/atmosferasmuebles.com\/tienda\/producto\/camastro-amaze\/","title":{"rendered":"Camastro Amaze"},"content":{"rendered":"<p>Sof\u00e1 Amaze tiene un aspecto art\u00edstico cuando se coloca en una casa moderna y se complementa perfecto con los dem\u00e1s muebles de la l\u00ednea Amaze o puede utilizar con otros productos.<\/p>\n<p>Su mantenimiento es muy sencillo y si se desea preservar el color de la teca es necesario engrasar el sof\u00e1 al menos dos veces al a\u00f1o. La teca Cane-line est\u00e1 aprobada y cultivada de acuerdo con el sistema de certificaci\u00f3n SVLK.<\/p>\n","protected":false},"excerpt":{"rendered":"<p>Camastro Amaze tiene un dise\u00f1o elegante, lleno de comodidad y gran durabilidad. Se puede utilizar tanto como hamaca, banco e incluso como mesa de centro grande.<\/p>\n<p>La tumbona es ideal para relajarse en la terraza o en el jard\u00edn.<br \/>\nFabricada en teca de grado A, lo que le permitir\u00e1 conserva la tumbona sin trata obteniendo un bonito tono gris y o conservar su tono original engras\u00e1ndolo con productos especializados 3 veces al a\u00f1o.<\/p>\n<p>Complemente su espacio con los cojines y el Sillones Amaze.<\/p>\n","protected":false},"featured_media":4223,"comment_status":"open","ping_status":"closed","template":"","meta":{"_joinchat":[]},"product_brand":[],"product_cat":[278,287,40,17,18],"product_tag":[],"accesorios":[],"coleccion":[289],"espacios":[213,212],"marca":[219],"material":[228,233],"class_list":{"0":"post-4220","1":"product","2":"type-product","3":"status-publish","4":"has-post-thumbnail","6":"product_cat-cane-line","7":"product_cat-coleccion-amaze","8":"product_cat-madera","9":"product_cat-muebles-de-exterior","10":"product_cat-tumbonas-y-camastros","11":"coleccion-amaze","12":"espacios-alberca","13":"espacios-jardin","14":"marca-cane-line","15":"material-madera","16":"material-textil","17":"sales-flash-overlay","18":"woocommerce-text-align-center","19":"woocommerce-image-align-center","20":"wc-has-gallery","22":"first","23":"instock","24":"shipping-taxable","25":"purchasable","26":"product-type-variable"},"_links":{"self":[{"href":"https:\/\/atmosferasmuebles.com\/tienda\/wp-json\/wp\/v2\/product\/4220","targetHints":{"allow":["GET"]}}],"collection":[{"href":"https:\/\/atmosferasmuebles.com\/tienda\/wp-json\/wp\/v2\/product"}],"about":[{"href":"https:\/\/atmosferasmuebles.com\/tienda\/wp-json\/wp\/v2\/types\/product"}],"replies":[{"embeddable":true,"href":"https:\/\/atmosferasmuebles.com\/tienda\/wp-json\/wp\/v2\/comments?post=4220"}],"version-history":[{"count":1,"href":"https:\/\/atmosferasmuebles.com\/tienda\/wp-json\/wp\/v2\/product\/4220\/revisions"}],"predecessor-version":[{"id":4228,"href":"https:\/\/atmosferasmuebles.com\/tienda\/wp-json\/wp\/v2\/product\/4220\/revisions\/4228"}],"wp:featuredmedia":[{"embeddable":true,"href":"https:\/\/atmosferasmuebles.com\/tienda\/wp-json\/wp\/v2\/media\/4223"}],"wp:attachment":[{"href":"https:\/\/atmosferasmuebles.com\/tienda\/wp-json\/wp\/v2\/media?parent=4220"}],"wp:term":[{"taxonomy":"product_brand","embeddable":true,"href":"https:\/\/atmosferasmuebles.com\/tienda\/wp-json\/wp\/v2\/product_brand?post=4220"},{"taxonomy":"product_cat","embeddable":true,"href":"https:\/\/atmosferasmuebles.com\/tienda\/wp-json\/wp\/v2\/product_cat?post=4220"},{"taxonomy":"product_tag","embeddable":true,"href":"https:\/\/atmosferasmuebles.com\/tienda\/wp-json\/wp\/v2\/product_tag?post=4220"},{"taxonomy":"accesorios","embeddable":true,"href":"https:\/\/atmosferasmuebles.com\/tienda\/wp-json\/wp\/v2\/accesorios?post=4220"},{"taxonomy":"coleccion","embeddable":true,"href":"https:\/\/atmosferasmuebles.com\/tienda\/wp-json\/wp\/v2\/coleccion?post=4220"},{"taxonomy":"espacios","embeddable":true,"href":"https:\/\/atmosferasmuebles.com\/tienda\/wp-json\/wp\/v2\/espacios?post=4220"},{"taxonomy":"marca","embeddable":true,"href":"https:\/\/atmosferasmuebles.com\/tienda\/wp-json\/wp\/v2\/marca?post=4220"},{"taxonomy":"material","embeddable":true,"href":"https:\/\/atmosferasmuebles.com\/tienda\/wp-json\/wp\/v2\/material?post=4220"}],"curies":[{"name":"wp","href":"https:\/\/api.w.org\/{rel}","templated":true}]}}