{"id":395,"date":"2021-04-04T23:32:51","date_gmt":"2021-04-04T23:32:51","guid":{"rendered":"http:\/\/atmosferasmuebles.com\/tienda\/?post_type=product&#038;p=395"},"modified":"2026-04-29T08:21:56","modified_gmt":"2026-04-29T08:21:56","slug":"mesa-cuadrada-beechworth","status":"publish","type":"product","link":"https:\/\/atmosferasmuebles.com\/tienda\/producto\/mesa-cuadrada-beechworth\/","title":{"rendered":"Mesa Cuadrada Beechworth"},"content":{"rendered":"<p>Mesa Cuadrada Beechworth para exteriores con dise\u00f1o tradicional est\u00e1 fabricada de madera Ipe robusta.<\/p>\n<p>La madera Ipe es preciada por su belleza y durabilidad en cualquier entorno, adem\u00e1s de tener sorprendentemente y hermosos tonos marr\u00f3n chocolate que realzan cualquier decoraci\u00f3n con un estilo atemporal.<\/p>\n<p><strong>Encuentra las sillas perfectas de Ipe para completar tu comedor<\/strong><\/p>\n","protected":false},"excerpt":{"rendered":"<p>Mesa Cuadrada Beechworth para exteriores tiene capacidad para 8 personas c\u00f3modamente y es ideal para esos desayunos o comidas al exterior.<\/p>\n<p>Fabricada en madera duradera de Ipe una madera apreciada por su belleza y durabilidad en cualquier entorno.<\/p>\n<p>&nbsp;<\/p>\n<p><strong>Combina f\u00e1cilmente con cualquier tipo de silla o sill\u00f3n ya sea de madera Ipe o combinada con madera y tela.<\/strong><\/p>\n","protected":false},"featured_media":398,"comment_status":"closed","ping_status":"closed","template":"","meta":{"_joinchat":[]},"product_brand":[],"product_cat":[41,40,26,17,98],"product_tag":[],"accesorios":[],"coleccion":[],"espacios":[210,209],"marca":[216],"material":[228],"class_list":{"0":"post-395","1":"product","2":"type-product","3":"status-publish","4":"has-post-thumbnail","6":"product_cat-jensen-leisure","7":"product_cat-madera","8":"product_cat-mesas","9":"product_cat-muebles-de-exterior","10":"product_cat-salas","11":"espacios-comedores","12":"espacios-salas","13":"marca-jensen","14":"material-madera","15":"sales-flash-overlay","16":"woocommerce-text-align-center","17":"woocommerce-image-align-center","18":"wc-has-gallery","20":"first","21":"instock","22":"shipping-taxable","23":"purchasable","24":"product-type-simple"},"_links":{"self":[{"href":"https:\/\/atmosferasmuebles.com\/tienda\/wp-json\/wp\/v2\/product\/395","targetHints":{"allow":["GET"]}}],"collection":[{"href":"https:\/\/atmosferasmuebles.com\/tienda\/wp-json\/wp\/v2\/product"}],"about":[{"href":"https:\/\/atmosferasmuebles.com\/tienda\/wp-json\/wp\/v2\/types\/product"}],"replies":[{"embeddable":true,"href":"https:\/\/atmosferasmuebles.com\/tienda\/wp-json\/wp\/v2\/comments?post=395"}],"version-history":[{"count":1,"href":"https:\/\/atmosferasmuebles.com\/tienda\/wp-json\/wp\/v2\/product\/395\/revisions"}],"predecessor-version":[{"id":5513,"href":"https:\/\/atmosferasmuebles.com\/tienda\/wp-json\/wp\/v2\/product\/395\/revisions\/5513"}],"wp:featuredmedia":[{"embeddable":true,"href":"https:\/\/atmosferasmuebles.com\/tienda\/wp-json\/wp\/v2\/media\/398"}],"wp:attachment":[{"href":"https:\/\/atmosferasmuebles.com\/tienda\/wp-json\/wp\/v2\/media?parent=395"}],"wp:term":[{"taxonomy":"product_brand","embeddable":true,"href":"https:\/\/atmosferasmuebles.com\/tienda\/wp-json\/wp\/v2\/product_brand?post=395"},{"taxonomy":"product_cat","embeddable":true,"href":"https:\/\/atmosferasmuebles.com\/tienda\/wp-json\/wp\/v2\/product_cat?post=395"},{"taxonomy":"product_tag","embeddable":true,"href":"https:\/\/atmosferasmuebles.com\/tienda\/wp-json\/wp\/v2\/product_tag?post=395"},{"taxonomy":"accesorios","embeddable":true,"href":"https:\/\/atmosferasmuebles.com\/tienda\/wp-json\/wp\/v2\/accesorios?post=395"},{"taxonomy":"coleccion","embeddable":true,"href":"https:\/\/atmosferasmuebles.com\/tienda\/wp-json\/wp\/v2\/coleccion?post=395"},{"taxonomy":"espacios","embeddable":true,"href":"https:\/\/atmosferasmuebles.com\/tienda\/wp-json\/wp\/v2\/espacios?post=395"},{"taxonomy":"marca","embeddable":true,"href":"https:\/\/atmosferasmuebles.com\/tienda\/wp-json\/wp\/v2\/marca?post=395"},{"taxonomy":"material","embeddable":true,"href":"https:\/\/atmosferasmuebles.com\/tienda\/wp-json\/wp\/v2\/material?post=395"}],"curies":[{"name":"wp","href":"https:\/\/api.w.org\/{rel}","templated":true}]}}

<p>Mesa Cuadrada Beechworth para exteriores con diseño tradicional está fabricada de madera Ipe robusta.</p>
<p>La madera Ipe es preciada por su belleza y durabilidad en cualquier entorno, además de tener sorprendentemente y hermosos tonos marrón chocolate que realzan cualquier decoración con un estilo atemporal.</p>
<p><strong>Encuentra las sillas perfectas de Ipe para completar tu comedor</strong></p>

<p>Mesa Cuadrada Beechworth para exteriores tiene capacidad para 8 personas cómodamente y es ideal para esos desayunos o comidas al exterior.</p>
<p>Fabricada en madera duradera de Ipe una madera apreciada por su belleza y durabilidad en cualquier entorno.</p>
<p>&nbsp;</p>
<p><strong>Combina fácilmente con cualquier tipo de silla o sillón ya sea de madera Ipe o combinada con madera y tela.</strong></p>
