{"id":334,"date":"2021-04-03T22:28:59","date_gmt":"2021-04-03T22:28:59","guid":{"rendered":"http:\/\/atmosferasmuebles.com\/tienda\/?post_type=product&#038;p=334"},"modified":"2026-02-10T19:20:14","modified_gmt":"2026-02-10T19:20:14","slug":"silla-fado","status":"publish","type":"product","link":"https:\/\/atmosferasmuebles.com\/tienda\/producto\/silla-fado\/","title":{"rendered":"Silla Fado"},"content":{"rendered":"<p>La silla FADO es una opci\u00f3n resistente, pr\u00e1ctica y est\u00e9tica para espacios exteriores como terrazas, jardines, bares o restaurantes. Su estructura est\u00e1 fabricada en polipropileno inyectado por gas y reforzado con fibra de vidrio, lo que garantiza gran durabilidad sin sacrificar comodidad.<br \/>Su dise\u00f1o permite apilarla f\u00e1cilmente, lo que ayuda a optimizar el espacio cuando no est\u00e1 en uso. Adem\u00e1s, cuenta con tacos antideslizantes para mayor estabilidad y seguridad en superficies lisas.<br \/>Su mantenimiento es muy sencillo, ya que no requiere productos especiales para su limpieza, convirti\u00e9ndola en una excelente opci\u00f3n tanto para uso residencial como comercial.<\/p>\n<p>Medidas: Largo: 52 cm | Profundidad: 56 cm | Altura total: 76 cm | Altura al asiento: 46 cm<\/p>\n","protected":false},"excerpt":{"rendered":"<p>Silla FADO apilable para exteriores, hecha de polipropileno reforzado con fibra de vidrio. Resistente, c\u00f3moda y f\u00e1cil de limpiar. Ideal para terrazas, jardines o restaurantes.<\/p>\n","protected":false},"featured_media":612,"comment_status":"closed","ping_status":"closed","template":"","meta":{"_joinchat":[]},"product_brand":[],"product_cat":[61,16,17,59,60],"product_tag":[],"accesorios":[],"coleccion":[],"espacios":[210,212],"marca":[214,218],"material":[234],"class_list":{"0":"post-334","1":"product","2":"type-product","3":"status-publish","4":"has-post-thumbnail","6":"product_cat-comedor","7":"product_cat-ezpeleta","8":"product_cat-muebles-de-exterior","9":"product_cat-resina","10":"product_cat-sillas","11":"espacios-comedores","12":"espacios-jardin","13":"marca-ezpeleta","14":"marca-gloster","15":"material-resina","16":"sales-flash-overlay","17":"woocommerce-text-align-center","18":"woocommerce-image-align-center","19":"wc-has-gallery","21":"first","22":"instock","23":"shipping-taxable","24":"purchasable","25":"product-type-variable"},"_links":{"self":[{"href":"https:\/\/atmosferasmuebles.com\/tienda\/wp-json\/wp\/v2\/product\/334","targetHints":{"allow":["GET"]}}],"collection":[{"href":"https:\/\/atmosferasmuebles.com\/tienda\/wp-json\/wp\/v2\/product"}],"about":[{"href":"https:\/\/atmosferasmuebles.com\/tienda\/wp-json\/wp\/v2\/types\/product"}],"replies":[{"embeddable":true,"href":"https:\/\/atmosferasmuebles.com\/tienda\/wp-json\/wp\/v2\/comments?post=334"}],"version-history":[{"count":2,"href":"https:\/\/atmosferasmuebles.com\/tienda\/wp-json\/wp\/v2\/product\/334\/revisions"}],"predecessor-version":[{"id":18177,"href":"https:\/\/atmosferasmuebles.com\/tienda\/wp-json\/wp\/v2\/product\/334\/revisions\/18177"}],"wp:featuredmedia":[{"embeddable":true,"href":"https:\/\/atmosferasmuebles.com\/tienda\/wp-json\/wp\/v2\/media\/612"}],"wp:attachment":[{"href":"https:\/\/atmosferasmuebles.com\/tienda\/wp-json\/wp\/v2\/media?parent=334"}],"wp:term":[{"taxonomy":"product_brand","embeddable":true,"href":"https:\/\/atmosferasmuebles.com\/tienda\/wp-json\/wp\/v2\/product_brand?post=334"},{"taxonomy":"product_cat","embeddable":true,"href":"https:\/\/atmosferasmuebles.com\/tienda\/wp-json\/wp\/v2\/product_cat?post=334"},{"taxonomy":"product_tag","embeddable":true,"href":"https:\/\/atmosferasmuebles.com\/tienda\/wp-json\/wp\/v2\/product_tag?post=334"},{"taxonomy":"accesorios","embeddable":true,"href":"https:\/\/atmosferasmuebles.com\/tienda\/wp-json\/wp\/v2\/accesorios?post=334"},{"taxonomy":"coleccion","embeddable":true,"href":"https:\/\/atmosferasmuebles.com\/tienda\/wp-json\/wp\/v2\/coleccion?post=334"},{"taxonomy":"espacios","embeddable":true,"href":"https:\/\/atmosferasmuebles.com\/tienda\/wp-json\/wp\/v2\/espacios?post=334"},{"taxonomy":"marca","embeddable":true,"href":"https:\/\/atmosferasmuebles.com\/tienda\/wp-json\/wp\/v2\/marca?post=334"},{"taxonomy":"material","embeddable":true,"href":"https:\/\/atmosferasmuebles.com\/tienda\/wp-json\/wp\/v2\/material?post=334"}],"curies":[{"name":"wp","href":"https:\/\/api.w.org\/{rel}","templated":true}]}}