{"id":3253,"date":"2021-09-12T01:31:48","date_gmt":"2021-09-12T01:31:48","guid":{"rendered":"https:\/\/atmosferasmuebles.com\/tienda\/?post_type=product&#038;p=3253"},"modified":"2026-02-17T03:27:26","modified_gmt":"2026-02-17T03:27:26","slug":"silla-maja","status":"publish","type":"product","link":"https:\/\/atmosferasmuebles.com\/tienda\/producto\/silla-maja\/","title":{"rendered":"Silla Maja"},"content":{"rendered":"<p>Silla Maja fabricada con el proceso de inyecci\u00f3n por ca\u00f1\u00f3n doble que le permite a la pieza ser bicolor.<br \/>\nHecha de polipropileno, madera Tauari y el acero carbono con pintura electrost\u00e1tica.<br \/>\nNo es apilable<\/p>\n<p>Recomendaciones de uso:<br \/>\n&#8211; Prolongue la vida \u00fatil del producto manteni\u00e9ndolo almacenado cuando no est\u00e9 en uso.<br \/>\n&#8211; Las exposiciones prolongadas al sol pueden provocar manchas o decoloraci\u00f3n del producto.<br \/>\n&#8211; Lavar a mano con agua y jab\u00f3n suave.<br \/>\n&#8211; No utilice productos qu\u00edmicos y \/ o abrasivos.<br \/>\n&#8211; No utilice una m\u00e1quina de tipo &#8220;lavadora de chorro&#8221;.<br \/>\n&#8211; Para evitar manchas, seque con un pa\u00f1o suave y seco despu\u00e9s del lavado.<\/p>\n<p>Garant\u00eda: 1 a\u00f1o (90 d\u00edas de garant\u00eda legal m\u00e1s 9 meses de garant\u00eda contractual)<\/p>\n<p>&nbsp;<\/p>\n","protected":false},"excerpt":{"rendered":"<p>Silla Maja garantiza un estilo diferenciado y mucho m\u00e1s modernos ya sea en ambientes corporativos o en casa.<\/p>\n<p>Fabricada con un cuerpo de polipropileno en blanco y otro color con base conformada de acero y madera de Tauari que la hace poder soportar cargas de hasta 120 kilos.<\/p>\n<p>Disponible en 3 colores.<\/p>\n","protected":false},"featured_media":3273,"comment_status":"closed","ping_status":"closed","template":"","meta":{"_joinchat":[]},"product_brand":[],"product_cat":[61,59,271,241],"product_tag":[],"accesorios":[],"coleccion":[],"espacios":[210],"marca":[224],"material":[234],"class_list":{"0":"post-3253","1":"product","2":"type-product","3":"status-publish","4":"has-post-thumbnail","6":"product_cat-comedor","7":"product_cat-resina","8":"product_cat-sillas-interior","9":"product_cat-tramontina","10":"espacios-comedores","11":"marca-tramontina","12":"material-resina","13":"sales-flash-overlay","14":"woocommerce-text-align-center","15":"woocommerce-image-align-center","16":"wc-has-gallery","18":"first","19":"instock","20":"shipping-taxable","21":"purchasable","22":"product-type-variable"},"_links":{"self":[{"href":"https:\/\/atmosferasmuebles.com\/tienda\/wp-json\/wp\/v2\/product\/3253","targetHints":{"allow":["GET"]}}],"collection":[{"href":"https:\/\/atmosferasmuebles.com\/tienda\/wp-json\/wp\/v2\/product"}],"about":[{"href":"https:\/\/atmosferasmuebles.com\/tienda\/wp-json\/wp\/v2\/types\/product"}],"replies":[{"embeddable":true,"href":"https:\/\/atmosferasmuebles.com\/tienda\/wp-json\/wp\/v2\/comments?post=3253"}],"version-history":[{"count":1,"href":"https:\/\/atmosferasmuebles.com\/tienda\/wp-json\/wp\/v2\/product\/3253\/revisions"}],"predecessor-version":[{"id":3276,"href":"https:\/\/atmosferasmuebles.com\/tienda\/wp-json\/wp\/v2\/product\/3253\/revisions\/3276"}],"wp:featuredmedia":[{"embeddable":true,"href":"https:\/\/atmosferasmuebles.com\/tienda\/wp-json\/wp\/v2\/media\/3273"}],"wp:attachment":[{"href":"https:\/\/atmosferasmuebles.com\/tienda\/wp-json\/wp\/v2\/media?parent=3253"}],"wp:term":[{"taxonomy":"product_brand","embeddable":true,"href":"https:\/\/atmosferasmuebles.com\/tienda\/wp-json\/wp\/v2\/product_brand?post=3253"},{"taxonomy":"product_cat","embeddable":true,"href":"https:\/\/atmosferasmuebles.com\/tienda\/wp-json\/wp\/v2\/product_cat?post=3253"},{"taxonomy":"product_tag","embeddable":true,"href":"https:\/\/atmosferasmuebles.com\/tienda\/wp-json\/wp\/v2\/product_tag?post=3253"},{"taxonomy":"accesorios","embeddable":true,"href":"https:\/\/atmosferasmuebles.com\/tienda\/wp-json\/wp\/v2\/accesorios?post=3253"},{"taxonomy":"coleccion","embeddable":true,"href":"https:\/\/atmosferasmuebles.com\/tienda\/wp-json\/wp\/v2\/coleccion?post=3253"},{"taxonomy":"espacios","embeddable":true,"href":"https:\/\/atmosferasmuebles.com\/tienda\/wp-json\/wp\/v2\/espacios?post=3253"},{"taxonomy":"marca","embeddable":true,"href":"https:\/\/atmosferasmuebles.com\/tienda\/wp-json\/wp\/v2\/marca?post=3253"},{"taxonomy":"material","embeddable":true,"href":"https:\/\/atmosferasmuebles.com\/tienda\/wp-json\/wp\/v2\/material?post=3253"}],"curies":[{"name":"wp","href":"https:\/\/api.w.org\/{rel}","templated":true}]}}