{"id":3042,"date":"2021-09-10T23:49:37","date_gmt":"2021-09-10T23:49:37","guid":{"rendered":"https:\/\/atmosferasmuebles.com\/tienda\/?post_type=product&#038;p=3042"},"modified":"2026-03-09T23:12:29","modified_gmt":"2026-03-09T23:12:29","slug":"sillon-individual-varanda-jatoba","status":"publish","type":"product","link":"https:\/\/atmosferasmuebles.com\/tienda\/producto\/sillon-individual-varanda-jatoba\/","title":{"rendered":"Sill\u00f3n Individual Varanda Jatoba"},"content":{"rendered":"<p>Sill\u00f3n individual con mucha sofisticaci\u00f3n y comodidad.<br \/>\nFabricado en madera de jatob\u00e1, madera rojiza con acabado natural.<\/p>\n<p>Recomendaciones de uso:<br \/>\n&#8211; Recomendamos el uso en \u00e1reas cubiertas o semiprotegidas de la intemperie.<br \/>\n&#8211; Recomendamos la limpieza frecuente de los muebles, con detergente neutro y abundante agua.<br \/>\n&#8211; Evite el uso de productos qu\u00edmicos agresivos y materiales abrasivos.<br \/>\n&#8211; Dado que la madera es un elemento natural, cuando se expone a los elementos puede cambiar su apariencia. Para mantener su producto como nuevo por m\u00e1s tiempo, se recomienda recolectar el producto despu\u00e9s de su uso y almacenarlo en un ambiente cubierto.<\/p>\n<p>Este producto est\u00e1 hecho de madera FSC. Al elegir este producto, ayudas a cuidar los bosques del mundo. Obtenga m\u00e1s informaci\u00f3n: www.fsc.org. FSC &#8211; C003079<\/p>\n<p>Garant\u00eda: 1 a\u00f1o (90 d\u00edas de garant\u00eda legal m\u00e1s 9 meses de garant\u00eda contractual)<\/p>\n","protected":false},"excerpt":{"rendered":"<p>Sill\u00f3n individual Varanda es sumamente c\u00f3modo y elegante, te enamorar\u00e1s de \u00e9l.<\/p>\n<p>Fabricado en madera Jatob\u00e1 con acabado natural material que garantiza su alta calidad.<\/p>\n<p>Este producto est\u00e1 hecho bajo la certificaci\u00f3nFSC. Al elegir este producto, ayudas a cuidar los bosques del mundo.<\/p>\n","protected":false},"featured_media":3030,"comment_status":"closed","ping_status":"closed","template":"","meta":{"_joinchat":[]},"product_brand":[],"product_cat":[248,40,17,877,98,241],"product_tag":[],"accesorios":[],"coleccion":[249],"espacios":[212,209],"marca":[224],"material":[228],"class_list":{"0":"post-3042","1":"product","2":"type-product","3":"status-publish","4":"has-post-thumbnail","6":"product_cat-coleccion-varanda","7":"product_cat-madera","8":"product_cat-muebles-de-exterior","9":"product_cat-outlet","10":"product_cat-salas","11":"product_cat-tramontina","12":"coleccion-varanda","13":"espacios-jardin","14":"espacios-salas","15":"marca-tramontina","16":"material-madera","17":"sales-flash-overlay","18":"woocommerce-text-align-center","19":"woocommerce-image-align-center","20":"wc-has-gallery","22":"first","23":"instock","24":"sale","25":"shipping-taxable","26":"purchasable","27":"product-type-simple"},"_links":{"self":[{"href":"https:\/\/atmosferasmuebles.com\/tienda\/wp-json\/wp\/v2\/product\/3042","targetHints":{"allow":["GET"]}}],"collection":[{"href":"https:\/\/atmosferasmuebles.com\/tienda\/wp-json\/wp\/v2\/product"}],"about":[{"href":"https:\/\/atmosferasmuebles.com\/tienda\/wp-json\/wp\/v2\/types\/product"}],"replies":[{"embeddable":true,"href":"https:\/\/atmosferasmuebles.com\/tienda\/wp-json\/wp\/v2\/comments?post=3042"}],"version-history":[{"count":4,"href":"https:\/\/atmosferasmuebles.com\/tienda\/wp-json\/wp\/v2\/product\/3042\/revisions"}],"predecessor-version":[{"id":5123,"href":"https:\/\/atmosferasmuebles.com\/tienda\/wp-json\/wp\/v2\/product\/3042\/revisions\/5123"}],"wp:featuredmedia":[{"embeddable":true,"href":"https:\/\/atmosferasmuebles.com\/tienda\/wp-json\/wp\/v2\/media\/3030"}],"wp:attachment":[{"href":"https:\/\/atmosferasmuebles.com\/tienda\/wp-json\/wp\/v2\/media?parent=3042"}],"wp:term":[{"taxonomy":"product_brand","embeddable":true,"href":"https:\/\/atmosferasmuebles.com\/tienda\/wp-json\/wp\/v2\/product_brand?post=3042"},{"taxonomy":"product_cat","embeddable":true,"href":"https:\/\/atmosferasmuebles.com\/tienda\/wp-json\/wp\/v2\/product_cat?post=3042"},{"taxonomy":"product_tag","embeddable":true,"href":"https:\/\/atmosferasmuebles.com\/tienda\/wp-json\/wp\/v2\/product_tag?post=3042"},{"taxonomy":"accesorios","embeddable":true,"href":"https:\/\/atmosferasmuebles.com\/tienda\/wp-json\/wp\/v2\/accesorios?post=3042"},{"taxonomy":"coleccion","embeddable":true,"href":"https:\/\/atmosferasmuebles.com\/tienda\/wp-json\/wp\/v2\/coleccion?post=3042"},{"taxonomy":"espacios","embeddable":true,"href":"https:\/\/atmosferasmuebles.com\/tienda\/wp-json\/wp\/v2\/espacios?post=3042"},{"taxonomy":"marca","embeddable":true,"href":"https:\/\/atmosferasmuebles.com\/tienda\/wp-json\/wp\/v2\/marca?post=3042"},{"taxonomy":"material","embeddable":true,"href":"https:\/\/atmosferasmuebles.com\/tienda\/wp-json\/wp\/v2\/material?post=3042"}],"curies":[{"name":"wp","href":"https:\/\/api.w.org\/{rel}","templated":true}]}}