{"id":29245,"date":"2026-04-14T06:10:25","date_gmt":"2026-04-14T06:10:25","guid":{"rendered":"https:\/\/atmosferasmuebles.com\/tienda\/?post_type=product&#038;p=29245"},"modified":"2026-04-16T00:13:11","modified_gmt":"2026-04-16T00:13:11","slug":"sky-dining-arm-chair","status":"publish","type":"product","link":"https:\/\/atmosferasmuebles.com\/tienda\/producto\/sky-dining-arm-chair\/","title":{"rendered":"Sky Dining Arm Chair"},"content":{"rendered":"<p>La silla de comedor Sky de Jensen Outdoor combina confort, dise\u00f1o de transici\u00f3n y artesan\u00eda premium, creando una pieza ideal para disfrutar de reuniones al aire libre con estilo y comodidad.<\/p>\n<p>Dise\u00f1ada para largas sobremesas, cuenta con un respaldo ligeramente inclinado y un asiento flexible, que brindan soporte ergon\u00f3mico y permiten disfrutar de horas de confort. Su dise\u00f1o se complementa con brazos cincelados, patas inclinadas y detalles cuidadosamente trabajados, que aportan car\u00e1cter y sofisticaci\u00f3n.<\/p>\n<p>La estructura est\u00e1 elaborada con listones individuales de madera maciza de Ipe, lo que garantiza una construcci\u00f3n s\u00f3lida, duradera y visualmente elegante. Esta combinaci\u00f3n de formas suaves y l\u00edneas estructuradas define su estilo de transici\u00f3n, perfecto para espacios que buscan equilibrio entre lo cl\u00e1sico y lo contempor\u00e1neo.<\/p>\n<p>Forma parte de la colecci\u00f3n Sky, donde la maestr\u00eda artesanal y el dise\u00f1o refinado se unen con materiales sostenibles. Est\u00e1 fabricada en madera de Ipe 100% certificada FSC\u00ae, proveniente de bosques tropicales de Bolivia, lo que asegura una resistencia excepcional frente a la intemperie, la humedad y el uso continuo.<\/p>\n<p>Su tono marr\u00f3n chocolate profundo puede mantenerse con cuidados b\u00e1sicos o evolucionar con el tiempo hacia una sofisticada p\u00e1tina plateada, aportando car\u00e1cter natural al espacio.<\/p>\n<p>Para mayor confort, puede complementarse con un coj\u00edn opcional en telas Sunbrella\u00ae, resistentes a la decoloraci\u00f3n y dise\u00f1adas para exteriores.<\/p>\n<p>Gracias a su dise\u00f1o, materiales y ergonom\u00eda, la silla Sky es ideal para crear comedores exteriores elegantes, c\u00f3modos y duraderos, perfectos para reuniones sociales o momentos cotidianos al aire libre.<\/p>\n","protected":false},"excerpt":{"rendered":"<p>Silla de comedor en madera de Ipe FSC\u00ae con dise\u00f1o ergon\u00f3mico y estilo de transici\u00f3n. Elegante, resistente y perfecta para exteriores.<\/p>\n","protected":false},"featured_media":29279,"comment_status":"closed","ping_status":"closed","template":"","meta":{"_joinchat":[]},"product_brand":[],"product_cat":[396,706,2062,41,40,1773],"product_tag":[],"accesorios":[],"coleccion":[],"espacios":[],"marca":[],"material":[],"class_list":{"0":"post-29245","1":"product","2":"type-product","3":"status-publish","4":"has-post-thumbnail","6":"product_cat-coleccion-sky","7":"product_cat-exterior","8":"product_cat-jensen","9":"product_cat-jensen-leisure","10":"product_cat-madera","11":"product_cat-silla","12":"sales-flash-overlay","13":"woocommerce-text-align-center","14":"woocommerce-image-align-center","15":"wc-has-gallery","17":"first","18":"instock","19":"shipping-taxable","20":"product-type-variable"},"_links":{"self":[{"href":"https:\/\/atmosferasmuebles.com\/tienda\/wp-json\/wp\/v2\/product\/29245","targetHints":{"allow":["GET"]}}],"collection":[{"href":"https:\/\/atmosferasmuebles.com\/tienda\/wp-json\/wp\/v2\/product"}],"about":[{"href":"https:\/\/atmosferasmuebles.com\/tienda\/wp-json\/wp\/v2\/types\/product"}],"replies":[{"embeddable":true,"href":"https:\/\/atmosferasmuebles.com\/tienda\/wp-json\/wp\/v2\/comments?post=29245"}],"version-history":[{"count":1,"href":"https:\/\/atmosferasmuebles.com\/tienda\/wp-json\/wp\/v2\/product\/29245\/revisions"}],"predecessor-version":[{"id":29280,"href":"https:\/\/atmosferasmuebles.com\/tienda\/wp-json\/wp\/v2\/product\/29245\/revisions\/29280"}],"wp:featuredmedia":[{"embeddable":true,"href":"https:\/\/atmosferasmuebles.com\/tienda\/wp-json\/wp\/v2\/media\/29279"}],"wp:attachment":[{"href":"https:\/\/atmosferasmuebles.com\/tienda\/wp-json\/wp\/v2\/media?parent=29245"}],"wp:term":[{"taxonomy":"product_brand","embeddable":true,"href":"https:\/\/atmosferasmuebles.com\/tienda\/wp-json\/wp\/v2\/product_brand?post=29245"},{"taxonomy":"product_cat","embeddable":true,"href":"https:\/\/atmosferasmuebles.com\/tienda\/wp-json\/wp\/v2\/product_cat?post=29245"},{"taxonomy":"product_tag","embeddable":true,"href":"https:\/\/atmosferasmuebles.com\/tienda\/wp-json\/wp\/v2\/product_tag?post=29245"},{"taxonomy":"accesorios","embeddable":true,"href":"https:\/\/atmosferasmuebles.com\/tienda\/wp-json\/wp\/v2\/accesorios?post=29245"},{"taxonomy":"coleccion","embeddable":true,"href":"https:\/\/atmosferasmuebles.com\/tienda\/wp-json\/wp\/v2\/coleccion?post=29245"},{"taxonomy":"espacios","embeddable":true,"href":"https:\/\/atmosferasmuebles.com\/tienda\/wp-json\/wp\/v2\/espacios?post=29245"},{"taxonomy":"marca","embeddable":true,"href":"https:\/\/atmosferasmuebles.com\/tienda\/wp-json\/wp\/v2\/marca?post=29245"},{"taxonomy":"material","embeddable":true,"href":"https:\/\/atmosferasmuebles.com\/tienda\/wp-json\/wp\/v2\/material?post=29245"}],"curies":[{"name":"wp","href":"https:\/\/api.w.org\/{rel}","templated":true}]}}