{"id":2906,"date":"2021-09-08T14:52:48","date_gmt":"2021-09-08T14:52:48","guid":{"rendered":"https:\/\/atmosferasmuebles.com\/tienda\/?post_type=product&#038;p=2906"},"modified":"2026-01-26T06:07:34","modified_gmt":"2026-01-26T06:07:34","slug":"banco-alto-london","status":"publish","type":"product","link":"https:\/\/atmosferasmuebles.com\/tienda\/producto\/banco-alto-london\/","title":{"rendered":"Banco Alto London"},"content":{"rendered":"<p>Banco alto London cuenta con todas las caracter\u00edsticas que buscabas para hacer que tu ambiente sea un espacio m\u00e1s sofisticado y placentero para est\u00e1r.<\/p>\n<p>Fabricado totalmente con madera tauar\u00ed y con acabado almendra, es altamente resistente, con dimensiones c\u00f3modas y forma anat\u00f3mica. El banco alto es acogedor e invitador a est\u00e1r mucho tiempo en \u00e9l.<\/p>\n","protected":false},"excerpt":{"rendered":"<p>Banco alto London cuenta con todas las caracter\u00edsticas que buscabas para hacer que tu ambiente sea un espacio m\u00e1s sofisticado y placentero para est\u00e1r.<\/p>\n<p>Fabricado totalmente con madera tauar\u00ed y con acabado almendra, es altamente resistente, con dimensiones c\u00f3modas y forma anat\u00f3mica. El banco alto es acogedor e invitador a est\u00e1r mucho tiempo en \u00e9l.<\/p>\n","protected":false},"featured_media":2909,"comment_status":"open","ping_status":"closed","template":"","meta":{"_joinchat":[]},"product_brand":[],"product_cat":[62,240,61,99,1844,241],"product_tag":[],"accesorios":[],"coleccion":[242],"espacios":[210],"marca":[224],"material":[228],"class_list":{"0":"post-2906","1":"product","2":"type-product","3":"status-publish","4":"has-post-thumbnail","6":"product_cat-bancos","7":"product_cat-coleccion-london","8":"product_cat-comedor","9":"product_cat-comedores","10":"product_cat-madera-interior","11":"product_cat-tramontina","12":"coleccion-london","13":"espacios-comedores","14":"marca-tramontina","15":"material-madera","16":"sales-flash-overlay","17":"woocommerce-text-align-center","18":"woocommerce-image-align-center","19":"wc-has-gallery","21":"first","22":"instock","23":"shipping-taxable","24":"purchasable","25":"product-type-simple"},"_links":{"self":[{"href":"https:\/\/atmosferasmuebles.com\/tienda\/wp-json\/wp\/v2\/product\/2906","targetHints":{"allow":["GET"]}}],"collection":[{"href":"https:\/\/atmosferasmuebles.com\/tienda\/wp-json\/wp\/v2\/product"}],"about":[{"href":"https:\/\/atmosferasmuebles.com\/tienda\/wp-json\/wp\/v2\/types\/product"}],"replies":[{"embeddable":true,"href":"https:\/\/atmosferasmuebles.com\/tienda\/wp-json\/wp\/v2\/comments?post=2906"}],"version-history":[{"count":2,"href":"https:\/\/atmosferasmuebles.com\/tienda\/wp-json\/wp\/v2\/product\/2906\/revisions"}],"predecessor-version":[{"id":10626,"href":"https:\/\/atmosferasmuebles.com\/tienda\/wp-json\/wp\/v2\/product\/2906\/revisions\/10626"}],"wp:featuredmedia":[{"embeddable":true,"href":"https:\/\/atmosferasmuebles.com\/tienda\/wp-json\/wp\/v2\/media\/2909"}],"wp:attachment":[{"href":"https:\/\/atmosferasmuebles.com\/tienda\/wp-json\/wp\/v2\/media?parent=2906"}],"wp:term":[{"taxonomy":"product_brand","embeddable":true,"href":"https:\/\/atmosferasmuebles.com\/tienda\/wp-json\/wp\/v2\/product_brand?post=2906"},{"taxonomy":"product_cat","embeddable":true,"href":"https:\/\/atmosferasmuebles.com\/tienda\/wp-json\/wp\/v2\/product_cat?post=2906"},{"taxonomy":"product_tag","embeddable":true,"href":"https:\/\/atmosferasmuebles.com\/tienda\/wp-json\/wp\/v2\/product_tag?post=2906"},{"taxonomy":"accesorios","embeddable":true,"href":"https:\/\/atmosferasmuebles.com\/tienda\/wp-json\/wp\/v2\/accesorios?post=2906"},{"taxonomy":"coleccion","embeddable":true,"href":"https:\/\/atmosferasmuebles.com\/tienda\/wp-json\/wp\/v2\/coleccion?post=2906"},{"taxonomy":"espacios","embeddable":true,"href":"https:\/\/atmosferasmuebles.com\/tienda\/wp-json\/wp\/v2\/espacios?post=2906"},{"taxonomy":"marca","embeddable":true,"href":"https:\/\/atmosferasmuebles.com\/tienda\/wp-json\/wp\/v2\/marca?post=2906"},{"taxonomy":"material","embeddable":true,"href":"https:\/\/atmosferasmuebles.com\/tienda\/wp-json\/wp\/v2\/material?post=2906"}],"curies":[{"name":"wp","href":"https:\/\/api.w.org\/{rel}","templated":true}]}}