{"id":19198,"date":"2025-10-16T16:29:12","date_gmt":"2025-10-16T16:29:12","guid":{"rendered":"https:\/\/atmosferasmuebles.com\/tienda\/?post_type=product&#038;p=19198"},"modified":"2025-12-17T07:19:53","modified_gmt":"2025-12-17T07:19:53","slug":"1730-loveseat-c-cojnes","status":"publish","type":"product","link":"https:\/\/atmosferasmuebles.com\/tienda\/producto\/1730-loveseat-c-cojnes\/","title":{"rendered":"1730 Loveseat C\/Coj\u00ednes"},"content":{"rendered":"<p data-start=\"498\" data-end=\"908\">La <strong data-start=\"501\" data-end=\"515\">silla 1730<\/strong> es una reinterpretaci\u00f3n contempor\u00e1nea de un verdadero cl\u00e1sico del mobiliario: la <strong data-start=\"597\" data-end=\"614\">silla Windsor<\/strong>, s\u00edmbolo del dise\u00f1o americano del siglo XVIII. Su nombre hace referencia al a\u00f1o <strong data-start=\"695\" data-end=\"703\">1730<\/strong>, fecha en la que se document\u00f3 la producci\u00f3n de la primera silla Windsor en suelo estadounidense. Este modelo rinde homenaje a esa herencia hist\u00f3rica, pero lo hace a trav\u00e9s de una fusi\u00f3n \u00fanica de culturas.<\/p>\n<p data-start=\"910\" data-end=\"1313\">Concebida bajo una visi\u00f3n de dise\u00f1o espa\u00f1ol, fabricada con la <strong data-start=\"972\" data-end=\"1017\">dedicaci\u00f3n del trabajo artesanal mexicano<\/strong> y cargada de <strong data-start=\"1031\" data-end=\"1064\">inspiraci\u00f3n cl\u00e1sica americana<\/strong>, la 1730 se presenta como una pieza de fuerte identidad est\u00e9tica y cultural. Su estructura refleja l\u00edneas elegantes y atemporales que la hacen ideal para espacios tanto residenciales como comerciales, aportando <strong data-start=\"1276\" data-end=\"1312\">historia, calidez y autenticidad<\/strong>.<\/p>\n<p data-start=\"1315\" data-end=\"1490\">La silla 1730 no es solo mobiliario: es un <strong data-start=\"1358\" data-end=\"1382\">objeto con narrativa<\/strong>, que transforma cualquier ambiente a trav\u00e9s del valor del dise\u00f1o bien pensado y la artesan\u00eda con prop\u00f3sito.<\/p>\n","protected":false},"excerpt":{"rendered":"<p data-start=\"245\" data-end=\"445\">La silla 1730 rinde homenaje a la ic\u00f3nica silla Windsor, fusionando el dise\u00f1o cl\u00e1sico americano con lo artesanal mexicano y la visi\u00f3n del dise\u00f1o espa\u00f1ol. Un cl\u00e1sico reinventado con car\u00e1cter atemporal.<\/p>\n","protected":false},"featured_media":24191,"comment_status":"closed","ping_status":"closed","template":"","meta":{"_joinchat":[]},"product_brand":[],"product_cat":[1312,1310,1200,1311,98],"product_tag":[],"accesorios":[],"coleccion":[1704],"espacios":[1466,1469,1672,209,1224],"marca":[1687],"material":[231,1114],"class_list":{"0":"post-19198","1":"product","2":"type-product","3":"status-publish","4":"has-post-thumbnail","6":"product_cat-acero","7":"product_cat-coleccion-mexa","8":"product_cat-loveseat","9":"product_cat-mexa","10":"product_cat-salas","11":"coleccion-1704","12":"espacios-estancia","13":"espacios-lobby","14":"espacios-residencial","15":"espacios-salas","16":"espacios-terraza","17":"marca-mexa","18":"material-acero","19":"material-metal","20":"sales-flash-overlay","21":"woocommerce-text-align-center","22":"woocommerce-image-align-center","23":"wc-has-gallery","25":"first","26":"instock","27":"shipping-taxable","28":"purchasable","29":"product-type-variable"},"_links":{"self":[{"href":"https:\/\/atmosferasmuebles.com\/tienda\/wp-json\/wp\/v2\/product\/19198","targetHints":{"allow":["GET"]}}],"collection":[{"href":"https:\/\/atmosferasmuebles.com\/tienda\/wp-json\/wp\/v2\/product"}],"about":[{"href":"https:\/\/atmosferasmuebles.com\/tienda\/wp-json\/wp\/v2\/types\/product"}],"replies":[{"embeddable":true,"href":"https:\/\/atmosferasmuebles.com\/tienda\/wp-json\/wp\/v2\/comments?post=19198"}],"version-history":[{"count":5,"href":"https:\/\/atmosferasmuebles.com\/tienda\/wp-json\/wp\/v2\/product\/19198\/revisions"}],"predecessor-version":[{"id":24195,"href":"https:\/\/atmosferasmuebles.com\/tienda\/wp-json\/wp\/v2\/product\/19198\/revisions\/24195"}],"wp:featuredmedia":[{"embeddable":true,"href":"https:\/\/atmosferasmuebles.com\/tienda\/wp-json\/wp\/v2\/media\/24191"}],"wp:attachment":[{"href":"https:\/\/atmosferasmuebles.com\/tienda\/wp-json\/wp\/v2\/media?parent=19198"}],"wp:term":[{"taxonomy":"product_brand","embeddable":true,"href":"https:\/\/atmosferasmuebles.com\/tienda\/wp-json\/wp\/v2\/product_brand?post=19198"},{"taxonomy":"product_cat","embeddable":true,"href":"https:\/\/atmosferasmuebles.com\/tienda\/wp-json\/wp\/v2\/product_cat?post=19198"},{"taxonomy":"product_tag","embeddable":true,"href":"https:\/\/atmosferasmuebles.com\/tienda\/wp-json\/wp\/v2\/product_tag?post=19198"},{"taxonomy":"accesorios","embeddable":true,"href":"https:\/\/atmosferasmuebles.com\/tienda\/wp-json\/wp\/v2\/accesorios?post=19198"},{"taxonomy":"coleccion","embeddable":true,"href":"https:\/\/atmosferasmuebles.com\/tienda\/wp-json\/wp\/v2\/coleccion?post=19198"},{"taxonomy":"espacios","embeddable":true,"href":"https:\/\/atmosferasmuebles.com\/tienda\/wp-json\/wp\/v2\/espacios?post=19198"},{"taxonomy":"marca","embeddable":true,"href":"https:\/\/atmosferasmuebles.com\/tienda\/wp-json\/wp\/v2\/marca?post=19198"},{"taxonomy":"material","embeddable":true,"href":"https:\/\/atmosferasmuebles.com\/tienda\/wp-json\/wp\/v2\/material?post=19198"}],"curies":[{"name":"wp","href":"https:\/\/api.w.org\/{rel}","templated":true}]}}