{"id":18262,"date":"2025-10-16T16:27:05","date_gmt":"2025-10-16T16:27:05","guid":{"rendered":"https:\/\/atmosferasmuebles.com\/tienda\/?post_type=product&#038;p=18262"},"modified":"2026-02-03T04:41:10","modified_gmt":"2026-02-03T04:41:10","slug":"todos-santos-lounge-chair","status":"publish","type":"product","link":"https:\/\/atmosferasmuebles.com\/tienda\/producto\/todos-santos-lounge-chair\/","title":{"rendered":"Todos Santos Lounge Chair"},"content":{"rendered":"<p>Inspirada en la forma org\u00e1nica de un nido, Todos Santos se teje cuidadosamente en fibra de palma natural o en fibra sint\u00e9tica, combinando dise\u00f1o artesanal y versatilidad. Sus materiales aportan calidez, textura y una sensaci\u00f3n acogedora, creando una atm\u00f3sfera relajada y natural que se integra f\u00e1cilmente en distintos estilos de espacio. Ideal para interiores o exteriores techados, esta pieza transmite equilibrio, confort y una conexi\u00f3n sutil con la naturaleza.<\/p>\n","protected":false},"excerpt":{"rendered":"<p>Inspirada en la forma de un nido, Todos Santos est\u00e1 tejida en fibra de palma natural o fibra sint\u00e9tica, aportando calidez y una vibra relajada al ambiente.<\/p>\n","protected":false},"featured_media":24282,"comment_status":"closed","ping_status":"closed","template":"","meta":{"_joinchat":[]},"product_brand":[],"product_cat":[1312,1310,1311,98,1313],"product_tag":[],"accesorios":[],"coleccion":[1689],"espacios":[213,1466,212,1648,1224],"marca":[1687],"material":[],"class_list":{"0":"post-18262","1":"product","2":"type-product","3":"status-publish","4":"has-post-thumbnail","6":"product_cat-acero","7":"product_cat-coleccion-mexa","8":"product_cat-mexa","9":"product_cat-salas","10":"product_cat-sillon-individual","11":"coleccion-todos-santos","12":"espacios-alberca","13":"espacios-estancia","14":"espacios-jardin","15":"espacios-patio","16":"espacios-terraza","17":"marca-mexa","18":"sales-flash-overlay","19":"woocommerce-text-align-center","20":"woocommerce-image-align-center","21":"wc-has-gallery","23":"first","24":"instock","25":"shipping-taxable","26":"purchasable","27":"product-type-variable"},"_links":{"self":[{"href":"https:\/\/atmosferasmuebles.com\/tienda\/wp-json\/wp\/v2\/product\/18262","targetHints":{"allow":["GET"]}}],"collection":[{"href":"https:\/\/atmosferasmuebles.com\/tienda\/wp-json\/wp\/v2\/product"}],"about":[{"href":"https:\/\/atmosferasmuebles.com\/tienda\/wp-json\/wp\/v2\/types\/product"}],"replies":[{"embeddable":true,"href":"https:\/\/atmosferasmuebles.com\/tienda\/wp-json\/wp\/v2\/comments?post=18262"}],"version-history":[{"count":4,"href":"https:\/\/atmosferasmuebles.com\/tienda\/wp-json\/wp\/v2\/product\/18262\/revisions"}],"predecessor-version":[{"id":24291,"href":"https:\/\/atmosferasmuebles.com\/tienda\/wp-json\/wp\/v2\/product\/18262\/revisions\/24291"}],"wp:featuredmedia":[{"embeddable":true,"href":"https:\/\/atmosferasmuebles.com\/tienda\/wp-json\/wp\/v2\/media\/24282"}],"wp:attachment":[{"href":"https:\/\/atmosferasmuebles.com\/tienda\/wp-json\/wp\/v2\/media?parent=18262"}],"wp:term":[{"taxonomy":"product_brand","embeddable":true,"href":"https:\/\/atmosferasmuebles.com\/tienda\/wp-json\/wp\/v2\/product_brand?post=18262"},{"taxonomy":"product_cat","embeddable":true,"href":"https:\/\/atmosferasmuebles.com\/tienda\/wp-json\/wp\/v2\/product_cat?post=18262"},{"taxonomy":"product_tag","embeddable":true,"href":"https:\/\/atmosferasmuebles.com\/tienda\/wp-json\/wp\/v2\/product_tag?post=18262"},{"taxonomy":"accesorios","embeddable":true,"href":"https:\/\/atmosferasmuebles.com\/tienda\/wp-json\/wp\/v2\/accesorios?post=18262"},{"taxonomy":"coleccion","embeddable":true,"href":"https:\/\/atmosferasmuebles.com\/tienda\/wp-json\/wp\/v2\/coleccion?post=18262"},{"taxonomy":"espacios","embeddable":true,"href":"https:\/\/atmosferasmuebles.com\/tienda\/wp-json\/wp\/v2\/espacios?post=18262"},{"taxonomy":"marca","embeddable":true,"href":"https:\/\/atmosferasmuebles.com\/tienda\/wp-json\/wp\/v2\/marca?post=18262"},{"taxonomy":"material","embeddable":true,"href":"https:\/\/atmosferasmuebles.com\/tienda\/wp-json\/wp\/v2\/material?post=18262"}],"curies":[{"name":"wp","href":"https:\/\/api.w.org\/{rel}","templated":true}]}}