{"id":12361,"date":"2025-04-25T16:27:03","date_gmt":"2025-04-25T16:27:03","guid":{"rendered":"https:\/\/atmosferasmuebles.com\/tienda\/producto\/carrito-apoyo-tramontina\/"},"modified":"2025-08-25T04:17:30","modified_gmt":"2025-08-25T04:17:30","slug":"carrito-apoyo-tramontina","status":"publish","type":"product","link":"https:\/\/atmosferasmuebles.com\/tienda\/producto\/carrito-apoyo-tramontina\/","title":{"rendered":"Carrito apoyo tramontina"},"content":{"rendered":"<p>Funcionalidad, elegancia y calidad en un complemento indispensable.<\/p>\n<p>El Carrito de Apoyo Tramontina en madera FSC Muiracatiara es la soluci\u00f3n perfecta para facilitar el servicio en reuniones sociales, comidas o como mueble auxiliar en cocinas y terrazas. Su dise\u00f1o combina sofisticaci\u00f3n y practicidad, adapt\u00e1ndose a diversos estilos de decoraci\u00f3n.<\/p>\n<p>El acabado en aceite mineral no solo realza la veta natural de la madera, sino que tambi\u00e9n protege la superficie, manteniendo su belleza y durabilidad con el uso diario. Equipado con estantes y ruedas para f\u00e1cil movilidad, este carrito aporta comodidad y un toque de modernidad a cualquier espacio.<\/p>\n<p>Caracter\u00edsticas:<br \/>\nMaterial: Madera FSC Muiracatiara.<\/p>\n<p>Acabado: Aceite mineral que protege y resalta la madera.<\/p>\n<p>Dise\u00f1o: Pr\u00e1ctico, elegante y funcional.<\/p>\n<p>Movilidad: Con ruedas para f\u00e1cil desplazamiento.<\/p>\n<p>Aplicaciones: Cocina, terrazas, \u00e1reas de servicio, reuniones sociales.<\/p>\n<p>Sostenibilidad: Fabricado con madera de origen responsable.<\/p>\n<p>El Carrito de Apoyo Tramontina es un mueble vers\u00e1til que combina est\u00e9tica natural y funcionalidad, ideal para complementar espacios de uso diario con un toque sofisticado.<\/p>\n","protected":false},"excerpt":{"rendered":"<p>Carro de soporte fabricado en madera FSC Muiracatiara con acabado en aceite mineral. Elegante, pr\u00e1ctico y funcional para cocina, terrazas o \u00e1reas sociales.<\/p>\n","protected":false},"featured_media":12360,"comment_status":"open","ping_status":"closed","template":"","meta":{"_joinchat":[]},"product_brand":[],"product_cat":[948,241],"product_tag":[],"accesorios":[],"coleccion":[],"espacios":[210],"marca":[224],"material":[228],"class_list":{"0":"post-12361","1":"product","2":"type-product","3":"status-publish","4":"has-post-thumbnail","6":"product_cat-accesorios-comedor-2","7":"product_cat-tramontina","8":"espacios-comedores","9":"marca-tramontina","10":"material-madera","11":"sales-flash-overlay","12":"woocommerce-text-align-center","13":"woocommerce-image-align-center","14":"wc-has-gallery","16":"first","17":"instock","18":"shipping-taxable","19":"purchasable","20":"product-type-simple"},"_links":{"self":[{"href":"https:\/\/atmosferasmuebles.com\/tienda\/wp-json\/wp\/v2\/product\/12361","targetHints":{"allow":["GET"]}}],"collection":[{"href":"https:\/\/atmosferasmuebles.com\/tienda\/wp-json\/wp\/v2\/product"}],"about":[{"href":"https:\/\/atmosferasmuebles.com\/tienda\/wp-json\/wp\/v2\/types\/product"}],"replies":[{"embeddable":true,"href":"https:\/\/atmosferasmuebles.com\/tienda\/wp-json\/wp\/v2\/comments?post=12361"}],"version-history":[{"count":2,"href":"https:\/\/atmosferasmuebles.com\/tienda\/wp-json\/wp\/v2\/product\/12361\/revisions"}],"predecessor-version":[{"id":13712,"href":"https:\/\/atmosferasmuebles.com\/tienda\/wp-json\/wp\/v2\/product\/12361\/revisions\/13712"}],"wp:featuredmedia":[{"embeddable":true,"href":"https:\/\/atmosferasmuebles.com\/tienda\/wp-json\/wp\/v2\/media\/12360"}],"wp:attachment":[{"href":"https:\/\/atmosferasmuebles.com\/tienda\/wp-json\/wp\/v2\/media?parent=12361"}],"wp:term":[{"taxonomy":"product_brand","embeddable":true,"href":"https:\/\/atmosferasmuebles.com\/tienda\/wp-json\/wp\/v2\/product_brand?post=12361"},{"taxonomy":"product_cat","embeddable":true,"href":"https:\/\/atmosferasmuebles.com\/tienda\/wp-json\/wp\/v2\/product_cat?post=12361"},{"taxonomy":"product_tag","embeddable":true,"href":"https:\/\/atmosferasmuebles.com\/tienda\/wp-json\/wp\/v2\/product_tag?post=12361"},{"taxonomy":"accesorios","embeddable":true,"href":"https:\/\/atmosferasmuebles.com\/tienda\/wp-json\/wp\/v2\/accesorios?post=12361"},{"taxonomy":"coleccion","embeddable":true,"href":"https:\/\/atmosferasmuebles.com\/tienda\/wp-json\/wp\/v2\/coleccion?post=12361"},{"taxonomy":"espacios","embeddable":true,"href":"https:\/\/atmosferasmuebles.com\/tienda\/wp-json\/wp\/v2\/espacios?post=12361"},{"taxonomy":"marca","embeddable":true,"href":"https:\/\/atmosferasmuebles.com\/tienda\/wp-json\/wp\/v2\/marca?post=12361"},{"taxonomy":"material","embeddable":true,"href":"https:\/\/atmosferasmuebles.com\/tienda\/wp-json\/wp\/v2\/material?post=12361"}],"curies":[{"name":"wp","href":"https:\/\/api.w.org\/{rel}","templated":true}]}}