{"id":12332,"date":"2025-04-25T16:26:17","date_gmt":"2025-04-25T16:26:17","guid":{"rendered":"https:\/\/atmosferasmuebles.com\/tienda\/producto\/silla-lanati-respaldo-de-madera\/"},"modified":"2026-04-29T08:37:33","modified_gmt":"2026-04-29T08:37:33","slug":"silla-lanati-respaldo-de-madera","status":"publish","type":"product","link":"https:\/\/atmosferasmuebles.com\/tienda\/producto\/silla-lanati-respaldo-de-madera\/","title":{"rendered":"Silla Lanati Respaldo de Madera"},"content":{"rendered":"<p>Resistencia, elegancia y compromiso con la naturaleza en una sola pieza.<\/p>\n<p>La Silla Lanati con Respaldo de Madera es una expresi\u00f3n de belleza atemporal y solidez estructural. Fabricada en madera Jatob\u00e1 certificada FSC, garantiza durabilidad y un impacto ambiental responsable, fusionando dise\u00f1o y conciencia ecol\u00f3gica.<\/p>\n<p>Su respaldo de madera maciza proporciona soporte ergon\u00f3mico y comodidad, mientras que su dise\u00f1o c\u00e1lido y sofisticado la hace perfecta para comedores elegantes, terrazas, restaurantes o \u00e1reas sociales donde el estilo natural es protagonista.<\/p>\n<p>Caracter\u00edsticas:<br \/>\nMaterial: Madera Jatob\u00e1 certificada FSC.<\/p>\n<p>Dise\u00f1o: Respaldo de madera, estructura robusta y est\u00e9tica c\u00e1lida.<\/p>\n<p>Aplicaciones: Comedores, terrazas, patios, espacios de hospitalidad.<\/p>\n<p>Estilo: Natural, sofisticado y atemporal.<\/p>\n<p>Sostenibilidad: Producto de origen responsable.<\/p>\n<p>La Silla Lanati combina calidad, confort y elegancia, siendo la elecci\u00f3n perfecta para ambientes que buscan dise\u00f1o duradero y con car\u00e1cter.<\/p>\n","protected":false},"excerpt":{"rendered":"<p>Silla de madera Jatob\u00e1 FSC con respaldo s\u00f3lido, robusta y elegante. Ideal para comedores, terrazas y espacios sociales de estilo natural y sofisticado.<\/p>\n","protected":false},"featured_media":12750,"comment_status":"open","ping_status":"closed","template":"","meta":{"_joinchat":[]},"product_brand":[],"product_cat":[99,40,877,2243,60,2236,241],"product_tag":[],"accesorios":[],"coleccion":[1020],"espacios":[210,212,1648,209,1224],"marca":[224],"material":[228],"class_list":{"0":"post-12332","1":"product","2":"type-product","3":"status-publish","4":"has-post-thumbnail","6":"product_cat-comedores","7":"product_cat-madera","8":"product_cat-outlet","9":"product_cat-patio","10":"product_cat-sillas","11":"product_cat-terraza","12":"product_cat-tramontina","13":"coleccion-lanati","14":"espacios-comedores","15":"espacios-jardin","16":"espacios-patio","17":"espacios-salas","18":"espacios-terraza","19":"marca-tramontina","20":"material-madera","21":"sales-flash-overlay","22":"woocommerce-text-align-center","23":"woocommerce-image-align-center","24":"wc-has-gallery","26":"first","27":"instock","28":"sale","29":"shipping-taxable","30":"purchasable","31":"product-type-simple"},"_links":{"self":[{"href":"https:\/\/atmosferasmuebles.com\/tienda\/wp-json\/wp\/v2\/product\/12332","targetHints":{"allow":["GET"]}}],"collection":[{"href":"https:\/\/atmosferasmuebles.com\/tienda\/wp-json\/wp\/v2\/product"}],"about":[{"href":"https:\/\/atmosferasmuebles.com\/tienda\/wp-json\/wp\/v2\/types\/product"}],"replies":[{"embeddable":true,"href":"https:\/\/atmosferasmuebles.com\/tienda\/wp-json\/wp\/v2\/comments?post=12332"}],"version-history":[{"count":2,"href":"https:\/\/atmosferasmuebles.com\/tienda\/wp-json\/wp\/v2\/product\/12332\/revisions"}],"predecessor-version":[{"id":13708,"href":"https:\/\/atmosferasmuebles.com\/tienda\/wp-json\/wp\/v2\/product\/12332\/revisions\/13708"}],"wp:featuredmedia":[{"embeddable":true,"href":"https:\/\/atmosferasmuebles.com\/tienda\/wp-json\/wp\/v2\/media\/12750"}],"wp:attachment":[{"href":"https:\/\/atmosferasmuebles.com\/tienda\/wp-json\/wp\/v2\/media?parent=12332"}],"wp:term":[{"taxonomy":"product_brand","embeddable":true,"href":"https:\/\/atmosferasmuebles.com\/tienda\/wp-json\/wp\/v2\/product_brand?post=12332"},{"taxonomy":"product_cat","embeddable":true,"href":"https:\/\/atmosferasmuebles.com\/tienda\/wp-json\/wp\/v2\/product_cat?post=12332"},{"taxonomy":"product_tag","embeddable":true,"href":"https:\/\/atmosferasmuebles.com\/tienda\/wp-json\/wp\/v2\/product_tag?post=12332"},{"taxonomy":"accesorios","embeddable":true,"href":"https:\/\/atmosferasmuebles.com\/tienda\/wp-json\/wp\/v2\/accesorios?post=12332"},{"taxonomy":"coleccion","embeddable":true,"href":"https:\/\/atmosferasmuebles.com\/tienda\/wp-json\/wp\/v2\/coleccion?post=12332"},{"taxonomy":"espacios","embeddable":true,"href":"https:\/\/atmosferasmuebles.com\/tienda\/wp-json\/wp\/v2\/espacios?post=12332"},{"taxonomy":"marca","embeddable":true,"href":"https:\/\/atmosferasmuebles.com\/tienda\/wp-json\/wp\/v2\/marca?post=12332"},{"taxonomy":"material","embeddable":true,"href":"https:\/\/atmosferasmuebles.com\/tienda\/wp-json\/wp\/v2\/material?post=12332"}],"curies":[{"name":"wp","href":"https:\/\/api.w.org\/{rel}","templated":true}]}}

<p>Resistencia, elegancia y compromiso con la naturaleza en una sola pieza.</p>
<p>La Silla Lanati con Respaldo de Madera es una expresión de belleza atemporal y solidez estructural. Fabricada en madera Jatobá certificada FSC, garantiza durabilidad y un impacto ambiental responsable, fusionando diseño y conciencia ecológica.</p>
<p>Su respaldo de madera maciza proporciona soporte ergonómico y comodidad, mientras que su diseño cálido y sofisticado la hace perfecta para comedores elegantes, terrazas, restaurantes o áreas sociales donde el estilo natural es protagonista.</p>
<p>Características:<br />
Material: Madera Jatobá certificada FSC.</p>
<p>Diseño: Respaldo de madera, estructura robusta y estética cálida.</p>
<p>Aplicaciones: Comedores, terrazas, patios, espacios de hospitalidad.</p>
<p>Estilo: Natural, sofisticado y atemporal.</p>
<p>Sostenibilidad: Producto de origen responsable.</p>
<p>La Silla Lanati combina calidad, confort y elegancia, siendo la elección perfecta para ambientes que buscan diseño duradero y con carácter.</p>

<p>Silla de madera Jatobá FSC con respaldo sólido, robusta y elegante. Ideal para comedores, terrazas y espacios sociales de estilo natural y sofisticado.</p>
