{"id":12282,"date":"2025-04-25T16:24:22","date_gmt":"2025-04-25T16:24:22","guid":{"rendered":"https:\/\/atmosferasmuebles.com\/tienda\/producto\/sofa-verona\/"},"modified":"2026-04-29T08:28:48","modified_gmt":"2026-04-29T08:28:48","slug":"sofa-verona","status":"publish","type":"product","link":"https:\/\/atmosferasmuebles.com\/tienda\/producto\/sofa-verona\/","title":{"rendered":"Sof\u00e1 Verona"},"content":{"rendered":"<p>Simplicidad, elegancia y durabilidad para disfrutar al aire libre.<\/p>\n<p>El Sof\u00e1 Verona es la elecci\u00f3n ideal para quienes buscan mobiliario de exterior con car\u00e1cter y resistencia. Fabricado en madera de teca, reconocida por su excelente desempe\u00f1o frente a la intemperie, este sof\u00e1 destaca por su acabado en barniz transparente, que protege y realza la belleza natural de la madera.<\/p>\n<p>Su dise\u00f1o sencillo pero robusto lo hace perfecto para balcones, terrazas y jardines, adapt\u00e1ndose a diferentes estilos de decoraci\u00f3n exterior. Adem\u00e1s, ofrece comodidad y presencia est\u00e9tica, convirti\u00e9ndose en una pieza funcional y decorativa para cualquier reuni\u00f3n al aire libre.<\/p>\n<p>Caracter\u00edsticas:<br \/>\nMaterial: Madera de teca.<\/p>\n<p>Acabado: Barniz transparente que resalta las vetas naturales.<\/p>\n<p>Dise\u00f1o: Sencillo, robusto y elegante.<\/p>\n<p>Aplicaciones: Uso exterior \u2013 balcones, terrazas, jardines.<\/p>\n<p>Resistencia: Apto para intemperie, ideal para climas h\u00famedos y soleados.<\/p>\n<p>El Sof\u00e1 Verona aporta sofisticaci\u00f3n, confort y durabilidad a tus espacios exteriores, siendo una inversi\u00f3n en dise\u00f1o y calidad.<\/p>\n","protected":false},"excerpt":{"rendered":"<p>Sof\u00e1 de teca con acabado en barniz transparente. Resistente, elegante y perfecto para balcones, jardines y terrazas.<\/p>\n","protected":false},"featured_media":12281,"comment_status":"open","ping_status":"closed","template":"","meta":{"_joinchat":[]},"product_brand":[],"product_cat":[2239,2237,40,98,22,2236,241],"product_tag":[],"accesorios":[],"coleccion":[871],"espacios":[1611,212,209,1224],"marca":[224],"material":[228],"class_list":{"0":"post-12282","1":"product","2":"type-product","3":"status-publish","4":"has-post-thumbnail","6":"product_cat-bar","7":"product_cat-jardin","8":"product_cat-madera","9":"product_cat-salas","10":"product_cat-sillones","11":"product_cat-terraza","12":"product_cat-tramontina","13":"coleccion-verona","14":"espacios-bar","15":"espacios-jardin","16":"espacios-salas","17":"espacios-terraza","18":"marca-tramontina","19":"material-madera","20":"sales-flash-overlay","21":"woocommerce-text-align-center","22":"woocommerce-image-align-center","23":"wc-has-gallery","25":"first","26":"instock","27":"shipping-taxable","28":"purchasable","29":"product-type-simple"},"_links":{"self":[{"href":"https:\/\/atmosferasmuebles.com\/tienda\/wp-json\/wp\/v2\/product\/12282","targetHints":{"allow":["GET"]}}],"collection":[{"href":"https:\/\/atmosferasmuebles.com\/tienda\/wp-json\/wp\/v2\/product"}],"about":[{"href":"https:\/\/atmosferasmuebles.com\/tienda\/wp-json\/wp\/v2\/types\/product"}],"replies":[{"embeddable":true,"href":"https:\/\/atmosferasmuebles.com\/tienda\/wp-json\/wp\/v2\/comments?post=12282"}],"version-history":[{"count":2,"href":"https:\/\/atmosferasmuebles.com\/tienda\/wp-json\/wp\/v2\/product\/12282\/revisions"}],"predecessor-version":[{"id":13701,"href":"https:\/\/atmosferasmuebles.com\/tienda\/wp-json\/wp\/v2\/product\/12282\/revisions\/13701"}],"wp:featuredmedia":[{"embeddable":true,"href":"https:\/\/atmosferasmuebles.com\/tienda\/wp-json\/wp\/v2\/media\/12281"}],"wp:attachment":[{"href":"https:\/\/atmosferasmuebles.com\/tienda\/wp-json\/wp\/v2\/media?parent=12282"}],"wp:term":[{"taxonomy":"product_brand","embeddable":true,"href":"https:\/\/atmosferasmuebles.com\/tienda\/wp-json\/wp\/v2\/product_brand?post=12282"},{"taxonomy":"product_cat","embeddable":true,"href":"https:\/\/atmosferasmuebles.com\/tienda\/wp-json\/wp\/v2\/product_cat?post=12282"},{"taxonomy":"product_tag","embeddable":true,"href":"https:\/\/atmosferasmuebles.com\/tienda\/wp-json\/wp\/v2\/product_tag?post=12282"},{"taxonomy":"accesorios","embeddable":true,"href":"https:\/\/atmosferasmuebles.com\/tienda\/wp-json\/wp\/v2\/accesorios?post=12282"},{"taxonomy":"coleccion","embeddable":true,"href":"https:\/\/atmosferasmuebles.com\/tienda\/wp-json\/wp\/v2\/coleccion?post=12282"},{"taxonomy":"espacios","embeddable":true,"href":"https:\/\/atmosferasmuebles.com\/tienda\/wp-json\/wp\/v2\/espacios?post=12282"},{"taxonomy":"marca","embeddable":true,"href":"https:\/\/atmosferasmuebles.com\/tienda\/wp-json\/wp\/v2\/marca?post=12282"},{"taxonomy":"material","embeddable":true,"href":"https:\/\/atmosferasmuebles.com\/tienda\/wp-json\/wp\/v2\/material?post=12282"}],"curies":[{"name":"wp","href":"https:\/\/api.w.org\/{rel}","templated":true}]}}

Sofá Verona

<p>Simplicidad, elegancia y durabilidad para disfrutar al aire libre.</p>
<p>El Sofá Verona es la elección ideal para quienes buscan mobiliario de exterior con carácter y resistencia. Fabricado en madera de teca, reconocida por su excelente desempeño frente a la intemperie, este sofá destaca por su acabado en barniz transparente, que protege y realza la belleza natural de la madera.</p>
<p>Su diseño sencillo pero robusto lo hace perfecto para balcones, terrazas y jardines, adaptándose a diferentes estilos de decoración exterior. Además, ofrece comodidad y presencia estética, convirtiéndose en una pieza funcional y decorativa para cualquier reunión al aire libre.</p>
<p>Características:<br />
Material: Madera de teca.</p>
<p>Acabado: Barniz transparente que resalta las vetas naturales.</p>
<p>Diseño: Sencillo, robusto y elegante.</p>
<p>Aplicaciones: Uso exterior – balcones, terrazas, jardines.</p>
<p>Resistencia: Apto para intemperie, ideal para climas húmedos y soleados.</p>
<p>El Sofá Verona aporta sofisticación, confort y durabilidad a tus espacios exteriores, siendo una inversión en diseño y calidad.</p>

<p>Sofá de teca con acabado en barniz transparente. Resistente, elegante y perfecto para balcones, jardines y terrazas.</p>
