{"id":12280,"date":"2025-04-25T16:24:17","date_gmt":"2025-04-25T16:24:17","guid":{"rendered":"https:\/\/atmosferasmuebles.com\/tienda\/producto\/silla-lanati\/"},"modified":"2026-04-29T08:41:27","modified_gmt":"2026-04-29T08:41:27","slug":"silla-lanati","status":"publish","type":"product","link":"https:\/\/atmosferasmuebles.com\/tienda\/producto\/silla-lanati\/","title":{"rendered":"Sofa Lanati"},"content":{"rendered":"<p>Solidez, elegancia y artesan\u00eda en una pieza atemporal.<\/p>\n<p>El sofaldos Lanati se distingue por su estructura robusta en madera Jatob\u00e1 certificada FSC, un material noble reconocido por su resistencia y belleza natural. Su dise\u00f1o fuerte y elegante la convierte en una opci\u00f3n vers\u00e1til para espacios formales e informales, adapt\u00e1ndose perfectamente desde comedores contempor\u00e1neos hasta patios y terrazas con estilo.<\/p>\n<p>Cada silla es fabricada de manera artesanal, lo que resalta las vetas \u00fanicas de la madera, aportando calidez, exclusividad y una est\u00e9tica atemporal a cualquier ambiente. Su calidad de construcci\u00f3n y acabados la posicionan como una pieza ideal para quienes valoran el dise\u00f1o duradero, sofisticado y respetuoso con el medio ambiente.<\/p>\n<p>Caracter\u00edsticas:<br \/>\nMaterial: Madera Jatob\u00e1 certificada FSC.<\/p>\n<p>Dise\u00f1o: Robusto, elegante y natural.<\/p>\n<p>Aplicaciones: Comedores, terrazas, patios, espacios residenciales y comerciales.<\/p>\n<p>Estilo: Atemporal, ideal para proyectos de interiorismo sofisticados.<\/p>\n<p>Fabricaci\u00f3n: Artesanal, resaltando las vetas naturales de la madera.<\/p>\n<p>La Silla Lanati es la elecci\u00f3n perfecta para quienes buscan mobiliario de alta calidad con un dise\u00f1o aut\u00e9ntico y duradero.<\/p>\n","protected":false},"excerpt":{"rendered":"<p>Silla robusta fabricada en madera Jatob\u00e1 FSC. Perfecta para comedores elegantes, terrazas sofisticadas y espacios con estilo natural.<\/p>\n","protected":false},"featured_media":12895,"comment_status":"open","ping_status":"closed","template":"","meta":{"_joinchat":[]},"product_brand":[],"product_cat":[99,40,877,2243,1652,22,2236,241],"product_tag":[],"accesorios":[],"coleccion":[1020],"espacios":[210,1648,1672,209,1224],"marca":[224],"material":[228],"class_list":{"0":"post-12280","1":"product","2":"type-product","3":"status-publish","4":"has-post-thumbnail","6":"product_cat-comedores","7":"product_cat-madera","8":"product_cat-outlet","9":"product_cat-patio","10":"product_cat-residencial","11":"product_cat-sillones","12":"product_cat-terraza","13":"product_cat-tramontina","14":"coleccion-lanati","15":"espacios-comedores","16":"espacios-patio","17":"espacios-residencial","18":"espacios-salas","19":"espacios-terraza","20":"marca-tramontina","21":"material-madera","22":"sales-flash-overlay","23":"woocommerce-text-align-center","24":"woocommerce-image-align-center","25":"wc-has-gallery","27":"first","28":"instock","29":"sale","30":"shipping-taxable","31":"purchasable","32":"product-type-simple"},"_links":{"self":[{"href":"https:\/\/atmosferasmuebles.com\/tienda\/wp-json\/wp\/v2\/product\/12280","targetHints":{"allow":["GET"]}}],"collection":[{"href":"https:\/\/atmosferasmuebles.com\/tienda\/wp-json\/wp\/v2\/product"}],"about":[{"href":"https:\/\/atmosferasmuebles.com\/tienda\/wp-json\/wp\/v2\/types\/product"}],"replies":[{"embeddable":true,"href":"https:\/\/atmosferasmuebles.com\/tienda\/wp-json\/wp\/v2\/comments?post=12280"}],"version-history":[{"count":6,"href":"https:\/\/atmosferasmuebles.com\/tienda\/wp-json\/wp\/v2\/product\/12280\/revisions"}],"predecessor-version":[{"id":13840,"href":"https:\/\/atmosferasmuebles.com\/tienda\/wp-json\/wp\/v2\/product\/12280\/revisions\/13840"}],"wp:featuredmedia":[{"embeddable":true,"href":"https:\/\/atmosferasmuebles.com\/tienda\/wp-json\/wp\/v2\/media\/12895"}],"wp:attachment":[{"href":"https:\/\/atmosferasmuebles.com\/tienda\/wp-json\/wp\/v2\/media?parent=12280"}],"wp:term":[{"taxonomy":"product_brand","embeddable":true,"href":"https:\/\/atmosferasmuebles.com\/tienda\/wp-json\/wp\/v2\/product_brand?post=12280"},{"taxonomy":"product_cat","embeddable":true,"href":"https:\/\/atmosferasmuebles.com\/tienda\/wp-json\/wp\/v2\/product_cat?post=12280"},{"taxonomy":"product_tag","embeddable":true,"href":"https:\/\/atmosferasmuebles.com\/tienda\/wp-json\/wp\/v2\/product_tag?post=12280"},{"taxonomy":"accesorios","embeddable":true,"href":"https:\/\/atmosferasmuebles.com\/tienda\/wp-json\/wp\/v2\/accesorios?post=12280"},{"taxonomy":"coleccion","embeddable":true,"href":"https:\/\/atmosferasmuebles.com\/tienda\/wp-json\/wp\/v2\/coleccion?post=12280"},{"taxonomy":"espacios","embeddable":true,"href":"https:\/\/atmosferasmuebles.com\/tienda\/wp-json\/wp\/v2\/espacios?post=12280"},{"taxonomy":"marca","embeddable":true,"href":"https:\/\/atmosferasmuebles.com\/tienda\/wp-json\/wp\/v2\/marca?post=12280"},{"taxonomy":"material","embeddable":true,"href":"https:\/\/atmosferasmuebles.com\/tienda\/wp-json\/wp\/v2\/material?post=12280"}],"curies":[{"name":"wp","href":"https:\/\/api.w.org\/{rel}","templated":true}]}}

<p>Solidez, elegancia y artesanía en una pieza atemporal.</p>
<p>El sofaldos Lanati se distingue por su estructura robusta en madera Jatobá certificada FSC, un material noble reconocido por su resistencia y belleza natural. Su diseño fuerte y elegante la convierte en una opción versátil para espacios formales e informales, adaptándose perfectamente desde comedores contemporáneos hasta patios y terrazas con estilo.</p>
<p>Cada silla es fabricada de manera artesanal, lo que resalta las vetas únicas de la madera, aportando calidez, exclusividad y una estética atemporal a cualquier ambiente. Su calidad de construcción y acabados la posicionan como una pieza ideal para quienes valoran el diseño duradero, sofisticado y respetuoso con el medio ambiente.</p>
<p>Características:<br />
Material: Madera Jatobá certificada FSC.</p>
<p>Diseño: Robusto, elegante y natural.</p>
<p>Aplicaciones: Comedores, terrazas, patios, espacios residenciales y comerciales.</p>
<p>Estilo: Atemporal, ideal para proyectos de interiorismo sofisticados.</p>
<p>Fabricación: Artesanal, resaltando las vetas naturales de la madera.</p>
<p>La Silla Lanati es la elección perfecta para quienes buscan mobiliario de alta calidad con un diseño auténtico y duradero.</p>

<p>Silla robusta fabricada en madera Jatobá FSC. Perfecta para comedores elegantes, terrazas sofisticadas y espacios con estilo natural.</p>
