{"id":12265,"date":"2025-04-25T16:23:59","date_gmt":"2025-04-25T16:23:59","guid":{"rendered":"https:\/\/atmosferasmuebles.com\/tienda\/producto\/banco-pet\/"},"modified":"2026-04-29T08:37:34","modified_gmt":"2026-04-29T08:37:34","slug":"banco-pet","status":"publish","type":"product","link":"https:\/\/atmosferasmuebles.com\/tienda\/producto\/banco-pet\/","title":{"rendered":"Banco Pet"},"content":{"rendered":"<p>Tradici\u00f3n y modernidad en una pieza \u00fanica para tu mascota.<\/p>\n<p>El Banco Pet en Jatob\u00e1 FSC con Cuerda N\u00e1utica es una soluci\u00f3n funcional y est\u00e9tica que fusiona la calidez de la madera tropical con la resistencia de materiales modernos. Su estructura est\u00e1 fabricada en madera Jatob\u00e1 certificada FSC, aportando durabilidad y un compromiso con la sostenibilidad.<\/p>\n<p>El asiento, tejido en cuerda n\u00e1utica de alta resistencia, garantiza flexibilidad, comodidad y una excelente respuesta ante las condiciones exteriores, como humedad, sol o cambios de temperatura.<\/p>\n<p>Perfecto para interiores sofisticados o espacios exteriores expuestos a la intemperie, este banco destaca por su dise\u00f1o artesanal que se integra arm\u00f3nicamente en terrazas, patios, recibidores o habitaciones, ofreciendo un balance ideal entre comodidad, estilo y respeto por la naturaleza.<\/p>\n<p>Caracter\u00edsticas:<br \/>\nEstructura: Madera Jatob\u00e1 certificada FSC.<\/p>\n<p>Asiento: Cuerda n\u00e1utica resistente y flexible.<\/p>\n<p>Dise\u00f1o: Artesanal, elegante y robusto.<\/p>\n<p>Aplicaciones: Interior y exterior \u2013 terrazas, patios, recibidores, habitaciones.<\/p>\n<p>Ideal para: Uso decorativo, funcional y como cama o asiento para mascotas.<\/p>\n<p>Un banco vers\u00e1til, pensado para convivir con tu estilo de vida y brindar a tus mascotas un espacio c\u00f3modo con el dise\u00f1o que define a Atmosferas.<\/p>\n","protected":false},"excerpt":{"rendered":"<p>Banco para mascotas en madera Jatob\u00e1 FSC con asiento de cuerda n\u00e1utica. Dise\u00f1o artesanal, resistente y elegante, ideal para interiores y exteriores.<\/p>\n","protected":false},"featured_media":12264,"comment_status":"open","ping_status":"closed","template":"","meta":{"_joinchat":[]},"product_brand":[],"product_cat":[40,877,2243,2236,241],"product_tag":[],"accesorios":[],"coleccion":[],"espacios":[1648,1224],"marca":[],"material":[],"class_list":{"0":"post-12265","1":"product","2":"type-product","3":"status-publish","4":"has-post-thumbnail","6":"product_cat-madera","7":"product_cat-outlet","8":"product_cat-patio","9":"product_cat-terraza","10":"product_cat-tramontina","11":"espacios-patio","12":"espacios-terraza","13":"sales-flash-overlay","14":"woocommerce-text-align-center","15":"woocommerce-image-align-center","16":"wc-has-gallery","18":"first","19":"instock","20":"sale","21":"shipping-taxable","22":"purchasable","23":"product-type-simple"},"_links":{"self":[{"href":"https:\/\/atmosferasmuebles.com\/tienda\/wp-json\/wp\/v2\/product\/12265","targetHints":{"allow":["GET"]}}],"collection":[{"href":"https:\/\/atmosferasmuebles.com\/tienda\/wp-json\/wp\/v2\/product"}],"about":[{"href":"https:\/\/atmosferasmuebles.com\/tienda\/wp-json\/wp\/v2\/types\/product"}],"replies":[{"embeddable":true,"href":"https:\/\/atmosferasmuebles.com\/tienda\/wp-json\/wp\/v2\/comments?post=12265"}],"version-history":[{"count":2,"href":"https:\/\/atmosferasmuebles.com\/tienda\/wp-json\/wp\/v2\/product\/12265\/revisions"}],"predecessor-version":[{"id":13698,"href":"https:\/\/atmosferasmuebles.com\/tienda\/wp-json\/wp\/v2\/product\/12265\/revisions\/13698"}],"wp:featuredmedia":[{"embeddable":true,"href":"https:\/\/atmosferasmuebles.com\/tienda\/wp-json\/wp\/v2\/media\/12264"}],"wp:attachment":[{"href":"https:\/\/atmosferasmuebles.com\/tienda\/wp-json\/wp\/v2\/media?parent=12265"}],"wp:term":[{"taxonomy":"product_brand","embeddable":true,"href":"https:\/\/atmosferasmuebles.com\/tienda\/wp-json\/wp\/v2\/product_brand?post=12265"},{"taxonomy":"product_cat","embeddable":true,"href":"https:\/\/atmosferasmuebles.com\/tienda\/wp-json\/wp\/v2\/product_cat?post=12265"},{"taxonomy":"product_tag","embeddable":true,"href":"https:\/\/atmosferasmuebles.com\/tienda\/wp-json\/wp\/v2\/product_tag?post=12265"},{"taxonomy":"accesorios","embeddable":true,"href":"https:\/\/atmosferasmuebles.com\/tienda\/wp-json\/wp\/v2\/accesorios?post=12265"},{"taxonomy":"coleccion","embeddable":true,"href":"https:\/\/atmosferasmuebles.com\/tienda\/wp-json\/wp\/v2\/coleccion?post=12265"},{"taxonomy":"espacios","embeddable":true,"href":"https:\/\/atmosferasmuebles.com\/tienda\/wp-json\/wp\/v2\/espacios?post=12265"},{"taxonomy":"marca","embeddable":true,"href":"https:\/\/atmosferasmuebles.com\/tienda\/wp-json\/wp\/v2\/marca?post=12265"},{"taxonomy":"material","embeddable":true,"href":"https:\/\/atmosferasmuebles.com\/tienda\/wp-json\/wp\/v2\/material?post=12265"}],"curies":[{"name":"wp","href":"https:\/\/api.w.org\/{rel}","templated":true}]}}

<p>Tradición y modernidad en una pieza única para tu mascota.</p>
<p>El Banco Pet en Jatobá FSC con Cuerda Náutica es una solución funcional y estética que fusiona la calidez de la madera tropical con la resistencia de materiales modernos. Su estructura está fabricada en madera Jatobá certificada FSC, aportando durabilidad y un compromiso con la sostenibilidad.</p>
<p>El asiento, tejido en cuerda náutica de alta resistencia, garantiza flexibilidad, comodidad y una excelente respuesta ante las condiciones exteriores, como humedad, sol o cambios de temperatura.</p>
<p>Perfecto para interiores sofisticados o espacios exteriores expuestos a la intemperie, este banco destaca por su diseño artesanal que se integra armónicamente en terrazas, patios, recibidores o habitaciones, ofreciendo un balance ideal entre comodidad, estilo y respeto por la naturaleza.</p>
<p>Características:<br />
Estructura: Madera Jatobá certificada FSC.</p>
<p>Asiento: Cuerda náutica resistente y flexible.</p>
<p>Diseño: Artesanal, elegante y robusto.</p>
<p>Aplicaciones: Interior y exterior – terrazas, patios, recibidores, habitaciones.</p>
<p>Ideal para: Uso decorativo, funcional y como cama o asiento para mascotas.</p>
<p>Un banco versátil, pensado para convivir con tu estilo de vida y brindar a tus mascotas un espacio cómodo con el diseño que define a Atmosferas.</p>

<p>Banco para mascotas en madera Jatobá FSC con asiento de cuerda náutica. Diseño artesanal, resistente y elegante, ideal para interiores y exteriores.</p>
