{"id":122,"date":"2021-04-03T07:02:30","date_gmt":"2021-04-03T07:02:30","guid":{"rendered":"http:\/\/atmosferasmuebles.com\/tienda\/?post_type=product&#038;p=122"},"modified":"2026-01-25T03:35:22","modified_gmt":"2026-01-25T03:35:22","slug":"sofa-opal","status":"publish","type":"product","link":"https:\/\/atmosferasmuebles.com\/tienda\/producto\/sofa-opal\/","title":{"rendered":"Sof\u00e1 Opal"},"content":{"rendered":"<p>Sof\u00e1 Opal para exteriores esta inspirado en el famoso edificio Hancock de Chicago.<\/p>\n<p>Fabricado en madera de IPE, la joya de la corona de las maderas es apreciada por su belleza y durabilidad en cualquier entorno.<\/p>\n<p>El coj\u00edn confeccionado en tela Sunbrella\u00ae l\u00edder a nivel mundial en telas de exterior y pioneros en la creaci\u00f3n de telas resistentes al agua, sol y lluvia. Su composici\u00f3n es 100% acr\u00edlica resistente al cambio de color y manchas.<\/p>\n<p><strong>Encuentra los dem\u00e1s m\u00f3dulos de la colecci\u00f3n para completar el dise\u00f1o de tu espacio.<\/strong><\/p>\n","protected":false},"excerpt":{"rendered":"<p>Sof\u00e1 Opal para exteriores esta hecho de madera Ipe una madera apreciada por su belleza y durabilidad en cualquier entorno.<\/p>\n<p>Se entrega con cojines de respaldo altos perfectos para combinar con su estatura, el coj\u00edn esta confeccionado en tela Sunbrella\u00ae l\u00edder a nivel mundial en telas de exterior y pioneros en la creaci\u00f3n de telas resistentes al agua, sol y lluvia. Su composici\u00f3n es 100% acr\u00edlica resistente al cambio de color y manchas.<\/p>\n<p>Incluye los cojines y estos pueden seleccionarse entre una variedad de telas de la marca Sunbrella\u00ae l\u00edder en telas de exterior.<\/p>\n","protected":false},"featured_media":123,"comment_status":"closed","ping_status":"closed","template":"","meta":{"_joinchat":[]},"product_brand":[],"product_cat":[19,88,41,40,17,22],"product_tag":[],"accesorios":[],"coleccion":[197],"espacios":[209],"marca":[216],"material":[228,233],"class_list":{"0":"post-122","1":"product","2":"type-product","3":"status-publish","4":"has-post-thumbnail","6":"product_cat-cinta-o-tela-para-exterior","7":"product_cat-coleccion-opal","8":"product_cat-jensen-leisure","9":"product_cat-madera","10":"product_cat-muebles-de-exterior","11":"product_cat-sillones","12":"coleccion-opal","13":"espacios-salas","14":"marca-jensen","15":"material-madera","16":"material-textil","17":"sales-flash-overlay","18":"woocommerce-text-align-center","19":"woocommerce-image-align-center","20":"wc-has-gallery","22":"first","23":"instock","24":"shipping-taxable","25":"purchasable","26":"product-type-simple"},"_links":{"self":[{"href":"https:\/\/atmosferasmuebles.com\/tienda\/wp-json\/wp\/v2\/product\/122","targetHints":{"allow":["GET"]}}],"collection":[{"href":"https:\/\/atmosferasmuebles.com\/tienda\/wp-json\/wp\/v2\/product"}],"about":[{"href":"https:\/\/atmosferasmuebles.com\/tienda\/wp-json\/wp\/v2\/types\/product"}],"replies":[{"embeddable":true,"href":"https:\/\/atmosferasmuebles.com\/tienda\/wp-json\/wp\/v2\/comments?post=122"}],"version-history":[{"count":1,"href":"https:\/\/atmosferasmuebles.com\/tienda\/wp-json\/wp\/v2\/product\/122\/revisions"}],"predecessor-version":[{"id":2878,"href":"https:\/\/atmosferasmuebles.com\/tienda\/wp-json\/wp\/v2\/product\/122\/revisions\/2878"}],"wp:featuredmedia":[{"embeddable":true,"href":"https:\/\/atmosferasmuebles.com\/tienda\/wp-json\/wp\/v2\/media\/123"}],"wp:attachment":[{"href":"https:\/\/atmosferasmuebles.com\/tienda\/wp-json\/wp\/v2\/media?parent=122"}],"wp:term":[{"taxonomy":"product_brand","embeddable":true,"href":"https:\/\/atmosferasmuebles.com\/tienda\/wp-json\/wp\/v2\/product_brand?post=122"},{"taxonomy":"product_cat","embeddable":true,"href":"https:\/\/atmosferasmuebles.com\/tienda\/wp-json\/wp\/v2\/product_cat?post=122"},{"taxonomy":"product_tag","embeddable":true,"href":"https:\/\/atmosferasmuebles.com\/tienda\/wp-json\/wp\/v2\/product_tag?post=122"},{"taxonomy":"accesorios","embeddable":true,"href":"https:\/\/atmosferasmuebles.com\/tienda\/wp-json\/wp\/v2\/accesorios?post=122"},{"taxonomy":"coleccion","embeddable":true,"href":"https:\/\/atmosferasmuebles.com\/tienda\/wp-json\/wp\/v2\/coleccion?post=122"},{"taxonomy":"espacios","embeddable":true,"href":"https:\/\/atmosferasmuebles.com\/tienda\/wp-json\/wp\/v2\/espacios?post=122"},{"taxonomy":"marca","embeddable":true,"href":"https:\/\/atmosferasmuebles.com\/tienda\/wp-json\/wp\/v2\/marca?post=122"},{"taxonomy":"material","embeddable":true,"href":"https:\/\/atmosferasmuebles.com\/tienda\/wp-json\/wp\/v2\/material?post=122"}],"curies":[{"name":"wp","href":"https:\/\/api.w.org\/{rel}","templated":true}]}}