{"id":1166,"date":"2021-04-07T04:31:42","date_gmt":"2021-04-07T04:31:42","guid":{"rendered":"http:\/\/atmosferasmuebles.com\/tienda\/?post_type=product&#038;p=1166"},"modified":"2026-01-25T03:35:16","modified_gmt":"2026-01-25T03:35:16","slug":"silla-para-comedor-con-brazos-opal","status":"publish","type":"product","link":"https:\/\/atmosferasmuebles.com\/tienda\/producto\/silla-para-comedor-con-brazos-opal\/","title":{"rendered":"Silla para comedor con brazos Opal"},"content":{"rendered":"<p>Silla para comedor con brazos Opal para exteriores fabricada en madera de IPE, la joya de la corona de las maderas es apreciada por su belleza y durabilidad en cualquier entorno.<\/p>\n<p>El coj\u00edn confeccionado en tela Sunbrella\u00ae l\u00edder a nivel mundial en telas de exterior y pioneros en la creaci\u00f3n de telas resistentes al agua, sol y lluvia. Su composici\u00f3n es 100% acr\u00edlica resistente al cambio de color y manchas.<\/p>\n<p><strong>Encuentra los dem\u00e1s m\u00f3dulos de la colecci\u00f3n para completar el dise\u00f1o de tu espacio.<\/strong><\/p>\n","protected":false},"excerpt":{"rendered":"<p>Silla para comedor con brazos Opal de exteriores esta echo de madera Ipe una madera apreciada por su belleza y durabilidad en cualquier entorno.<\/p>\n<p>La silla est\u00e1 compuesta con un marco de robusta madera y listones finos de Ipe en el asiento y respaldo haci\u00e9ndolo un bello mueble de madera noble que iluminar\u00e1 su exterior en los pr\u00f3ximos a\u00f1os.<\/p>\n<p>Puede pedirse con o sin coj\u00edn y contamos con distintas opciones de telas.<\/p>\n","protected":false},"featured_media":1170,"comment_status":"open","ping_status":"closed","template":"","meta":{"_joinchat":[]},"product_brand":[],"product_cat":[88,61,41,40,17,60],"product_tag":[],"accesorios":[],"coleccion":[197],"espacios":[210],"marca":[216],"material":[228],"class_list":{"0":"post-1166","1":"product","2":"type-product","3":"status-publish","4":"has-post-thumbnail","6":"product_cat-coleccion-opal","7":"product_cat-comedor","8":"product_cat-jensen-leisure","9":"product_cat-madera","10":"product_cat-muebles-de-exterior","11":"product_cat-sillas","12":"coleccion-opal","13":"espacios-comedores","14":"marca-jensen","15":"material-madera","16":"sales-flash-overlay","17":"woocommerce-text-align-center","18":"woocommerce-image-align-center","19":"wc-has-gallery","21":"first","22":"instock","23":"shipping-taxable","24":"purchasable","25":"product-type-variable"},"_links":{"self":[{"href":"https:\/\/atmosferasmuebles.com\/tienda\/wp-json\/wp\/v2\/product\/1166","targetHints":{"allow":["GET"]}}],"collection":[{"href":"https:\/\/atmosferasmuebles.com\/tienda\/wp-json\/wp\/v2\/product"}],"about":[{"href":"https:\/\/atmosferasmuebles.com\/tienda\/wp-json\/wp\/v2\/types\/product"}],"replies":[{"embeddable":true,"href":"https:\/\/atmosferasmuebles.com\/tienda\/wp-json\/wp\/v2\/comments?post=1166"}],"version-history":[{"count":1,"href":"https:\/\/atmosferasmuebles.com\/tienda\/wp-json\/wp\/v2\/product\/1166\/revisions"}],"predecessor-version":[{"id":25224,"href":"https:\/\/atmosferasmuebles.com\/tienda\/wp-json\/wp\/v2\/product\/1166\/revisions\/25224"}],"wp:featuredmedia":[{"embeddable":true,"href":"https:\/\/atmosferasmuebles.com\/tienda\/wp-json\/wp\/v2\/media\/1170"}],"wp:attachment":[{"href":"https:\/\/atmosferasmuebles.com\/tienda\/wp-json\/wp\/v2\/media?parent=1166"}],"wp:term":[{"taxonomy":"product_brand","embeddable":true,"href":"https:\/\/atmosferasmuebles.com\/tienda\/wp-json\/wp\/v2\/product_brand?post=1166"},{"taxonomy":"product_cat","embeddable":true,"href":"https:\/\/atmosferasmuebles.com\/tienda\/wp-json\/wp\/v2\/product_cat?post=1166"},{"taxonomy":"product_tag","embeddable":true,"href":"https:\/\/atmosferasmuebles.com\/tienda\/wp-json\/wp\/v2\/product_tag?post=1166"},{"taxonomy":"accesorios","embeddable":true,"href":"https:\/\/atmosferasmuebles.com\/tienda\/wp-json\/wp\/v2\/accesorios?post=1166"},{"taxonomy":"coleccion","embeddable":true,"href":"https:\/\/atmosferasmuebles.com\/tienda\/wp-json\/wp\/v2\/coleccion?post=1166"},{"taxonomy":"espacios","embeddable":true,"href":"https:\/\/atmosferasmuebles.com\/tienda\/wp-json\/wp\/v2\/espacios?post=1166"},{"taxonomy":"marca","embeddable":true,"href":"https:\/\/atmosferasmuebles.com\/tienda\/wp-json\/wp\/v2\/marca?post=1166"},{"taxonomy":"material","embeddable":true,"href":"https:\/\/atmosferasmuebles.com\/tienda\/wp-json\/wp\/v2\/material?post=1166"}],"curies":[{"name":"wp","href":"https:\/\/api.w.org\/{rel}","templated":true}]}}