{"id":11262,"date":"2025-04-07T04:56:18","date_gmt":"2025-04-07T04:56:18","guid":{"rendered":"https:\/\/atmosferasmuebles.com\/tienda\/producto\/saru\/"},"modified":"2026-04-29T08:25:58","modified_gmt":"2026-04-29T08:25:58","slug":"saru","status":"publish","type":"product","link":"https:\/\/atmosferasmuebles.com\/tienda\/producto\/saru\/","title":{"rendered":"Saru"},"content":{"rendered":"<p>Color: Tortora. Saru es una pieza multifuncional que puede usarse como taburete, mesa auxiliar o elemento decorativo. Con acabado en color t\u00f3rtora y formas geom\u00e9tricas suaves, esta escultura funcional aporta versatilidad a cualquier espacio moderno. Fabricado en polietileno, es resistente a la intemperie y f\u00e1cil de mantener. Su est\u00e9tica discreta pero distintiva lo convierte en una excelente adici\u00f3n a terrazas, salas de espera o interiores contempor\u00e1neos donde se valoren las formas limpias y minimalistas<\/p>\n<p>Consulta el <span style=\"color: #ff9900\"><strong><a style=\"color: #ff9900\" href=\"https:\/\/atmosferasmuebles.com\/\/public_html\/wp-content\/uploads\/sites\/vondom\/Colors-vondom.pdf\" target=\"_blank\" rel=\"noopener\">Cat\u00e1logo de Acabados y Colores Vondom<\/a><\/strong><\/span>\u00a0<span class=\"_fadeIn_m1hgl_8\">para <\/span><span class=\"_fadeIn_m1hgl_8\">conocer <\/span><span class=\"_fadeIn_m1hgl_8\">la <\/span><span class=\"_fadeIn_m1hgl_8\">variedad <\/span><span class=\"_fadeIn_m1hgl_8\">de <\/span><span class=\"_fadeIn_m1hgl_8\">acabados <\/span><span class=\"_fadeIn_m1hgl_8\">y <\/span><span class=\"_fadeIn_m1hgl_8\">tonalidades <\/span><span class=\"_fadeIn_m1hgl_8\">disponibles.<\/span><\/p>\n<p data-start=\"721\" data-end=\"871\"><em data-start=\"721\" data-end=\"869\"><span class=\"_fadeIn_m1hgl_8\">La <\/span><span class=\"_fadeIn_m1hgl_8\">selecci\u00f3n <\/span><span class=\"_fadeIn_m1hgl_8\">de <\/span><span class=\"_fadeIn_m1hgl_8\">colores <\/span><span class=\"_fadeIn_m1hgl_8\">y <\/span><span class=\"_fadeIn_m1hgl_8\">texturas <\/span><span class=\"_fadeIn_m1hgl_8\">permite <\/span><span class=\"_fadeIn_m1hgl_8\">personalizar <\/span><span class=\"_fadeIn_m1hgl_8\">tu <\/span><span class=\"_fadeIn_m1hgl_8\">mueble <\/span><span class=\"_fadeIn_m1hgl_8\">con <\/span><span class=\"_fadeIn_m1hgl_8\">un <\/span><span class=\"_fadeIn_m1hgl_8\">estilo <\/span><span class=\"_fadeIn_m1hgl_8\">\u00fanico <\/span><span class=\"_fadeIn_m1hgl_8\">y <\/span><span class=\"_fadeIn_m1hgl_8\">adaptado <\/span><span class=\"_fadeIn_m1hgl_8\">a <\/span><span class=\"_fadeIn_m1hgl_8\">cualquier <\/span><span class=\"_fadeIn_m1hgl_8\">ambiente, <\/span><span class=\"_fadeIn_m1hgl_8\">ya <\/span><span class=\"_fadeIn_m1hgl_8\">sea <\/span><span class=\"_fadeIn_m1hgl_8\">interior <\/span><span class=\"_fadeIn_m1hgl_8\">o <\/span><span class=\"_fadeIn_m1hgl_8\">exterior.<\/span><\/em><\/p>\n<p>Todos los productos de vondom est\u00e1n disponibles para su venta sobre pedido con un tiempo de entrega de 90 a 120 d\u00edas. Algunos productos se encuentran disponibles para su entrega inmediata, favor de validar con nuestros agentes de Ventas o por WhatsApp.<\/p>\n","protected":false},"excerpt":{"rendered":"<p>Tortora<\/p>\n","protected":false},"featured_media":11430,"comment_status":"closed","ping_status":"closed","template":"","meta":{"_joinchat":[]},"product_brand":[],"product_cat":[1072,98,2236,2235,140],"product_tag":[],"accesorios":[],"coleccion":[1071],"espacios":[213,812,212,209,1224],"marca":[215],"material":[],"class_list":{"0":"post-11262","1":"product","2":"type-product","3":"status-publish","4":"has-post-thumbnail","6":"product_cat-coleccion-origami","7":"product_cat-salas","8":"product_cat-terraza","9":"product_cat-textil","10":"product_cat-vondom","11":"coleccion-origami","12":"espacios-alberca","13":"espacios-chapala","14":"espacios-jardin","15":"espacios-salas","16":"espacios-terraza","17":"marca-vondom","18":"sales-flash-overlay","19":"woocommerce-text-align-center","20":"woocommerce-image-align-center","21":"wc-has-gallery","23":"first","24":"instock","25":"shipping-taxable","26":"purchasable","27":"product-type-simple"},"_links":{"self":[{"href":"https:\/\/atmosferasmuebles.com\/tienda\/wp-json\/wp\/v2\/product\/11262","targetHints":{"allow":["GET"]}}],"collection":[{"href":"https:\/\/atmosferasmuebles.com\/tienda\/wp-json\/wp\/v2\/product"}],"about":[{"href":"https:\/\/atmosferasmuebles.com\/tienda\/wp-json\/wp\/v2\/types\/product"}],"replies":[{"embeddable":true,"href":"https:\/\/atmosferasmuebles.com\/tienda\/wp-json\/wp\/v2\/comments?post=11262"}],"version-history":[{"count":5,"href":"https:\/\/atmosferasmuebles.com\/tienda\/wp-json\/wp\/v2\/product\/11262\/revisions"}],"predecessor-version":[{"id":13993,"href":"https:\/\/atmosferasmuebles.com\/tienda\/wp-json\/wp\/v2\/product\/11262\/revisions\/13993"}],"wp:featuredmedia":[{"embeddable":true,"href":"https:\/\/atmosferasmuebles.com\/tienda\/wp-json\/wp\/v2\/media\/11430"}],"wp:attachment":[{"href":"https:\/\/atmosferasmuebles.com\/tienda\/wp-json\/wp\/v2\/media?parent=11262"}],"wp:term":[{"taxonomy":"product_brand","embeddable":true,"href":"https:\/\/atmosferasmuebles.com\/tienda\/wp-json\/wp\/v2\/product_brand?post=11262"},{"taxonomy":"product_cat","embeddable":true,"href":"https:\/\/atmosferasmuebles.com\/tienda\/wp-json\/wp\/v2\/product_cat?post=11262"},{"taxonomy":"product_tag","embeddable":true,"href":"https:\/\/atmosferasmuebles.com\/tienda\/wp-json\/wp\/v2\/product_tag?post=11262"},{"taxonomy":"accesorios","embeddable":true,"href":"https:\/\/atmosferasmuebles.com\/tienda\/wp-json\/wp\/v2\/accesorios?post=11262"},{"taxonomy":"coleccion","embeddable":true,"href":"https:\/\/atmosferasmuebles.com\/tienda\/wp-json\/wp\/v2\/coleccion?post=11262"},{"taxonomy":"espacios","embeddable":true,"href":"https:\/\/atmosferasmuebles.com\/tienda\/wp-json\/wp\/v2\/espacios?post=11262"},{"taxonomy":"marca","embeddable":true,"href":"https:\/\/atmosferasmuebles.com\/tienda\/wp-json\/wp\/v2\/marca?post=11262"},{"taxonomy":"material","embeddable":true,"href":"https:\/\/atmosferasmuebles.com\/tienda\/wp-json\/wp\/v2\/material?post=11262"}],"curies":[{"name":"wp","href":"https:\/\/api.w.org\/{rel}","templated":true}]}}

<p>Color: Tortora. Saru es una pieza multifuncional que puede usarse como taburete, mesa auxiliar o elemento decorativo. Con acabado en color tórtora y formas geométricas suaves, esta escultura funcional aporta versatilidad a cualquier espacio moderno. Fabricado en polietileno, es resistente a la intemperie y fácil de mantener. Su estética discreta pero distintiva lo convierte en una excelente adición a terrazas, salas de espera o interiores contemporáneos donde se valoren las formas limpias y minimalistas</p>
<p>Consulta el <span style="color: #ff9900"><strong><a style="color: #ff9900" href="https://atmosferasmuebles.com//public_html/wp-content/uploads/sites/vondom/Colors-vondom.pdf" target="_blank" rel="noopener">Catálogo de Acabados y Colores Vondom</a></strong></span> <span class="_fadeIn_m1hgl_8">para </span><span class="_fadeIn_m1hgl_8">conocer </span><span class="_fadeIn_m1hgl_8">la </span><span class="_fadeIn_m1hgl_8">variedad </span><span class="_fadeIn_m1hgl_8">de </span><span class="_fadeIn_m1hgl_8">acabados </span><span class="_fadeIn_m1hgl_8">y </span><span class="_fadeIn_m1hgl_8">tonalidades </span><span class="_fadeIn_m1hgl_8">disponibles.</span></p>
<p data-start="721" data-end="871"><em data-start="721" data-end="869"><span class="_fadeIn_m1hgl_8">La </span><span class="_fadeIn_m1hgl_8">selección </span><span class="_fadeIn_m1hgl_8">de </span><span class="_fadeIn_m1hgl_8">colores </span><span class="_fadeIn_m1hgl_8">y </span><span class="_fadeIn_m1hgl_8">texturas </span><span class="_fadeIn_m1hgl_8">permite </span><span class="_fadeIn_m1hgl_8">personalizar </span><span class="_fadeIn_m1hgl_8">tu </span><span class="_fadeIn_m1hgl_8">mueble </span><span class="_fadeIn_m1hgl_8">con </span><span class="_fadeIn_m1hgl_8">un </span><span class="_fadeIn_m1hgl_8">estilo </span><span class="_fadeIn_m1hgl_8">único </span><span class="_fadeIn_m1hgl_8">y </span><span class="_fadeIn_m1hgl_8">adaptado </span><span class="_fadeIn_m1hgl_8">a </span><span class="_fadeIn_m1hgl_8">cualquier </span><span class="_fadeIn_m1hgl_8">ambiente, </span><span class="_fadeIn_m1hgl_8">ya </span><span class="_fadeIn_m1hgl_8">sea </span><span class="_fadeIn_m1hgl_8">interior </span><span class="_fadeIn_m1hgl_8">o </span><span class="_fadeIn_m1hgl_8">exterior.</span></em></p>
<p>Todos los productos de vondom están disponibles para su venta sobre pedido con un tiempo de entrega de 90 a 120 días. Algunos productos se encuentran disponibles para su entrega inmediata, favor de validar con nuestros agentes de Ventas o por WhatsApp.</p>
