{"id":11260,"date":"2025-04-07T04:56:18","date_gmt":"2025-04-07T04:56:18","guid":{"rendered":"https:\/\/atmosferasmuebles.com\/tienda\/producto\/roulette\/"},"modified":"2026-04-29T08:25:58","modified_gmt":"2026-04-29T08:25:58","slug":"roulette","status":"publish","type":"product","link":"https:\/\/atmosferasmuebles.com\/tienda\/producto\/roulette\/","title":{"rendered":"Roulette"},"content":{"rendered":"<p>Color: Rojo. El sill\u00f3n Roulette, dise\u00f1ado por Eero Aarnio, ofrece una experiencia divertida e innovadora gracias a su dise\u00f1o circular que permite balancearse y girar. En un vibrante color rojo, esta pieza capta la atenci\u00f3n y a\u00f1ade un toque l\u00fadico a cualquier entorno, sin perder funcionalidad. Fabricado en polietileno mediante rotomoldeo, es resistente a impactos, rayos UV y condiciones exteriores exigentes. Ideal para zonas lounge, espacios infantiles, terrazas creativas o \u00e1reas de descanso poco convencionales. Es ligero, resistente, y su forma ergon\u00f3mica lo convierte en una opci\u00f3n c\u00f3moda y original para ambientes modernos.<\/p>\n<p>Consulta el <span style=\"color: #ff9900\"><strong><a style=\"color: #ff9900\" href=\"https:\/\/atmosferasmuebles.com\/\/public_html\/wp-content\/uploads\/sites\/vondom\/Colors-vondom.pdf\" target=\"_blank\" rel=\"noopener\">Cat\u00e1logo de Acabados y Colores Vondom<\/a><\/strong><\/span>\u00a0<span class=\"_fadeIn_m1hgl_8\">para <\/span><span class=\"_fadeIn_m1hgl_8\">conocer <\/span><span class=\"_fadeIn_m1hgl_8\">la <\/span><span class=\"_fadeIn_m1hgl_8\">variedad <\/span><span class=\"_fadeIn_m1hgl_8\">de <\/span><span class=\"_fadeIn_m1hgl_8\">acabados <\/span><span class=\"_fadeIn_m1hgl_8\">y <\/span><span class=\"_fadeIn_m1hgl_8\">tonalidades <\/span><span class=\"_fadeIn_m1hgl_8\">disponibles.<\/span><\/p>\n<p data-start=\"721\" data-end=\"871\"><em data-start=\"721\" data-end=\"869\"><span class=\"_fadeIn_m1hgl_8\">La <\/span><span class=\"_fadeIn_m1hgl_8\">selecci\u00f3n <\/span><span class=\"_fadeIn_m1hgl_8\">de <\/span><span class=\"_fadeIn_m1hgl_8\">colores <\/span><span class=\"_fadeIn_m1hgl_8\">y <\/span><span class=\"_fadeIn_m1hgl_8\">texturas <\/span><span class=\"_fadeIn_m1hgl_8\">permite <\/span><span class=\"_fadeIn_m1hgl_8\">personalizar <\/span><span class=\"_fadeIn_m1hgl_8\">tu <\/span><span class=\"_fadeIn_m1hgl_8\">mueble <\/span><span class=\"_fadeIn_m1hgl_8\">con <\/span><span class=\"_fadeIn_m1hgl_8\">un <\/span><span class=\"_fadeIn_m1hgl_8\">estilo <\/span><span class=\"_fadeIn_m1hgl_8\">\u00fanico <\/span><span class=\"_fadeIn_m1hgl_8\">y <\/span><span class=\"_fadeIn_m1hgl_8\">adaptado <\/span><span class=\"_fadeIn_m1hgl_8\">a <\/span><span class=\"_fadeIn_m1hgl_8\">cualquier <\/span><span class=\"_fadeIn_m1hgl_8\">ambiente, <\/span><span class=\"_fadeIn_m1hgl_8\">ya <\/span><span class=\"_fadeIn_m1hgl_8\">sea <\/span><span class=\"_fadeIn_m1hgl_8\">interior <\/span><span class=\"_fadeIn_m1hgl_8\">o <\/span><span class=\"_fadeIn_m1hgl_8\">exterior.<\/span><\/em><\/p>\n<p>Todos los productos de vondom est\u00e1n disponibles para su venta sobre pedido con un tiempo de entrega de 90 a 120 d\u00edas. Algunos productos se encuentran disponibles para su entrega inmediata, favor de validar con nuestros agentes de Ventas o por WhatsApp.<\/p>\n","protected":false},"excerpt":{"rendered":"<p>Rojo<\/p>\n","protected":false},"featured_media":11409,"comment_status":"closed","ping_status":"closed","template":"","meta":{"_joinchat":[]},"product_brand":[],"product_cat":[2236,2235,1871,140],"product_tag":[],"accesorios":[],"coleccion":[],"espacios":[213,212,209,1224],"marca":[215],"material":[],"class_list":{"0":"post-11260","1":"product","2":"type-product","3":"status-publish","4":"has-post-thumbnail","6":"product_cat-terraza","7":"product_cat-textil","8":"product_cat-ventiladores","9":"product_cat-vondom","10":"espacios-alberca","11":"espacios-jardin","12":"espacios-salas","13":"espacios-terraza","14":"marca-vondom","15":"sales-flash-overlay","16":"woocommerce-text-align-center","17":"woocommerce-image-align-center","18":"wc-has-gallery","20":"first","21":"instock","22":"shipping-taxable","23":"purchasable","24":"product-type-simple"},"_links":{"self":[{"href":"https:\/\/atmosferasmuebles.com\/tienda\/wp-json\/wp\/v2\/product\/11260","targetHints":{"allow":["GET"]}}],"collection":[{"href":"https:\/\/atmosferasmuebles.com\/tienda\/wp-json\/wp\/v2\/product"}],"about":[{"href":"https:\/\/atmosferasmuebles.com\/tienda\/wp-json\/wp\/v2\/types\/product"}],"replies":[{"embeddable":true,"href":"https:\/\/atmosferasmuebles.com\/tienda\/wp-json\/wp\/v2\/comments?post=11260"}],"version-history":[{"count":5,"href":"https:\/\/atmosferasmuebles.com\/tienda\/wp-json\/wp\/v2\/product\/11260\/revisions"}],"predecessor-version":[{"id":13991,"href":"https:\/\/atmosferasmuebles.com\/tienda\/wp-json\/wp\/v2\/product\/11260\/revisions\/13991"}],"wp:featuredmedia":[{"embeddable":true,"href":"https:\/\/atmosferasmuebles.com\/tienda\/wp-json\/wp\/v2\/media\/11409"}],"wp:attachment":[{"href":"https:\/\/atmosferasmuebles.com\/tienda\/wp-json\/wp\/v2\/media?parent=11260"}],"wp:term":[{"taxonomy":"product_brand","embeddable":true,"href":"https:\/\/atmosferasmuebles.com\/tienda\/wp-json\/wp\/v2\/product_brand?post=11260"},{"taxonomy":"product_cat","embeddable":true,"href":"https:\/\/atmosferasmuebles.com\/tienda\/wp-json\/wp\/v2\/product_cat?post=11260"},{"taxonomy":"product_tag","embeddable":true,"href":"https:\/\/atmosferasmuebles.com\/tienda\/wp-json\/wp\/v2\/product_tag?post=11260"},{"taxonomy":"accesorios","embeddable":true,"href":"https:\/\/atmosferasmuebles.com\/tienda\/wp-json\/wp\/v2\/accesorios?post=11260"},{"taxonomy":"coleccion","embeddable":true,"href":"https:\/\/atmosferasmuebles.com\/tienda\/wp-json\/wp\/v2\/coleccion?post=11260"},{"taxonomy":"espacios","embeddable":true,"href":"https:\/\/atmosferasmuebles.com\/tienda\/wp-json\/wp\/v2\/espacios?post=11260"},{"taxonomy":"marca","embeddable":true,"href":"https:\/\/atmosferasmuebles.com\/tienda\/wp-json\/wp\/v2\/marca?post=11260"},{"taxonomy":"material","embeddable":true,"href":"https:\/\/atmosferasmuebles.com\/tienda\/wp-json\/wp\/v2\/material?post=11260"}],"curies":[{"name":"wp","href":"https:\/\/api.w.org\/{rel}","templated":true}]}}

<p>Color: Rojo. El sillón Roulette, diseñado por Eero Aarnio, ofrece una experiencia divertida e innovadora gracias a su diseño circular que permite balancearse y girar. En un vibrante color rojo, esta pieza capta la atención y añade un toque lúdico a cualquier entorno, sin perder funcionalidad. Fabricado en polietileno mediante rotomoldeo, es resistente a impactos, rayos UV y condiciones exteriores exigentes. Ideal para zonas lounge, espacios infantiles, terrazas creativas o áreas de descanso poco convencionales. Es ligero, resistente, y su forma ergonómica lo convierte en una opción cómoda y original para ambientes modernos.</p>
<p>Consulta el <span style="color: #ff9900"><strong><a style="color: #ff9900" href="https://atmosferasmuebles.com//public_html/wp-content/uploads/sites/vondom/Colors-vondom.pdf" target="_blank" rel="noopener">Catálogo de Acabados y Colores Vondom</a></strong></span> <span class="_fadeIn_m1hgl_8">para </span><span class="_fadeIn_m1hgl_8">conocer </span><span class="_fadeIn_m1hgl_8">la </span><span class="_fadeIn_m1hgl_8">variedad </span><span class="_fadeIn_m1hgl_8">de </span><span class="_fadeIn_m1hgl_8">acabados </span><span class="_fadeIn_m1hgl_8">y </span><span class="_fadeIn_m1hgl_8">tonalidades </span><span class="_fadeIn_m1hgl_8">disponibles.</span></p>
<p data-start="721" data-end="871"><em data-start="721" data-end="869"><span class="_fadeIn_m1hgl_8">La </span><span class="_fadeIn_m1hgl_8">selección </span><span class="_fadeIn_m1hgl_8">de </span><span class="_fadeIn_m1hgl_8">colores </span><span class="_fadeIn_m1hgl_8">y </span><span class="_fadeIn_m1hgl_8">texturas </span><span class="_fadeIn_m1hgl_8">permite </span><span class="_fadeIn_m1hgl_8">personalizar </span><span class="_fadeIn_m1hgl_8">tu </span><span class="_fadeIn_m1hgl_8">mueble </span><span class="_fadeIn_m1hgl_8">con </span><span class="_fadeIn_m1hgl_8">un </span><span class="_fadeIn_m1hgl_8">estilo </span><span class="_fadeIn_m1hgl_8">único </span><span class="_fadeIn_m1hgl_8">y </span><span class="_fadeIn_m1hgl_8">adaptado </span><span class="_fadeIn_m1hgl_8">a </span><span class="_fadeIn_m1hgl_8">cualquier </span><span class="_fadeIn_m1hgl_8">ambiente, </span><span class="_fadeIn_m1hgl_8">ya </span><span class="_fadeIn_m1hgl_8">sea </span><span class="_fadeIn_m1hgl_8">interior </span><span class="_fadeIn_m1hgl_8">o </span><span class="_fadeIn_m1hgl_8">exterior.</span></em></p>
<p>Todos los productos de vondom están disponibles para su venta sobre pedido con un tiempo de entrega de 90 a 120 días. Algunos productos se encuentran disponibles para su entrega inmediata, favor de validar con nuestros agentes de Ventas o por WhatsApp.</p>
