{"id":11253,"date":"2025-04-07T04:56:17","date_gmt":"2025-04-07T04:56:17","guid":{"rendered":"https:\/\/atmosferasmuebles.com\/tienda\/producto\/love-silla\/"},"modified":"2026-04-29T08:25:58","modified_gmt":"2026-04-29T08:25:58","slug":"love-silla","status":"publish","type":"product","link":"https:\/\/atmosferasmuebles.com\/tienda\/producto\/love-silla\/","title":{"rendered":"Silla Love"},"content":{"rendered":"<p>La Silla Love destaca por su dise\u00f1o moderno y vers\u00e1til, ideal para adaptarse a diferentes ambientes, ya sean interiores elegantes o espacios exteriores funcionales. Est\u00e1 fabricada en polipropileno mediante inyecci\u00f3n con gas y reforzada con fibra de vidrio, lo que garantiza una alta resistencia, ligereza y durabilidad.<br data-start=\"760\" data-end=\"763\" \/>Su condici\u00f3n apilable facilita el almacenaje y la organizaci\u00f3n, convirti\u00e9ndola en una opci\u00f3n pr\u00e1ctica tanto en hogares como en proyectos contract.<br data-start=\"913\" data-end=\"916\" \/>Disponible en varios colores, ofrece m\u00faltiples posibilidades para personalizar y crear ambientes \u00fanicos. Adem\u00e1s, cuenta con la opci\u00f3n del acabado Vondom Revolution, una l\u00ednea comprometida con el medio ambiente, que utiliza pl\u00e1stico reciclado del Mediterr\u00e1neo para fomentar la sostenibilidad sin renunciar a la est\u00e9tica ni a la calidad.<br data-start=\"1263\" data-end=\"1266\" \/>Una pieza que une dise\u00f1o, funcionalidad y responsabilidad ecol\u00f3gica.<\/p>\n","protected":false},"excerpt":{"rendered":"<p data-start=\"63\" data-end=\"402\">La Silla Love combina dise\u00f1o, resistencia y sostenibilidad. Fabricada en polipropileno inyectado con gas y reforzada con fibra de vidrio, es apilable, apta para interior y exterior, disponible en varios colores y tambi\u00e9n en acabado sostenible <strong data-start=\"331\" data-end=\"352\">Vondom Revolution<\/strong>, hecho con pl\u00e1stico reciclado del Mediterr\u00e1neo.<\/p>\n<p data-start=\"404\" data-end=\"1340\">\n","protected":false},"featured_media":11450,"comment_status":"closed","ping_status":"closed","template":"","meta":{"_joinchat":[]},"product_brand":[],"product_cat":[2240,60,2236,140],"product_tag":[],"accesorios":[],"coleccion":[1255],"espacios":[210,211,209,1224],"marca":[215],"material":[989,234],"class_list":{"0":"post-11253","1":"product","2":"type-product","3":"status-publish","4":"has-post-thumbnail","6":"product_cat-fibra-de-vidrio","7":"product_cat-sillas","8":"product_cat-terraza","9":"product_cat-vondom","10":"coleccion-love","11":"espacios-comedores","12":"espacios-recamaras","13":"espacios-salas","14":"espacios-terraza","15":"marca-vondom","16":"material-fibra-de-vidrio","17":"material-resina","18":"sales-flash-overlay","19":"woocommerce-text-align-center","20":"woocommerce-image-align-center","21":"wc-has-gallery","23":"first","24":"instock","25":"shipping-taxable","26":"purchasable","27":"product-type-variable"},"_links":{"self":[{"href":"https:\/\/atmosferasmuebles.com\/tienda\/wp-json\/wp\/v2\/product\/11253","targetHints":{"allow":["GET"]}}],"collection":[{"href":"https:\/\/atmosferasmuebles.com\/tienda\/wp-json\/wp\/v2\/product"}],"about":[{"href":"https:\/\/atmosferasmuebles.com\/tienda\/wp-json\/wp\/v2\/types\/product"}],"replies":[{"embeddable":true,"href":"https:\/\/atmosferasmuebles.com\/tienda\/wp-json\/wp\/v2\/comments?post=11253"}],"version-history":[{"count":8,"href":"https:\/\/atmosferasmuebles.com\/tienda\/wp-json\/wp\/v2\/product\/11253\/revisions"}],"predecessor-version":[{"id":17631,"href":"https:\/\/atmosferasmuebles.com\/tienda\/wp-json\/wp\/v2\/product\/11253\/revisions\/17631"}],"wp:featuredmedia":[{"embeddable":true,"href":"https:\/\/atmosferasmuebles.com\/tienda\/wp-json\/wp\/v2\/media\/11450"}],"wp:attachment":[{"href":"https:\/\/atmosferasmuebles.com\/tienda\/wp-json\/wp\/v2\/media?parent=11253"}],"wp:term":[{"taxonomy":"product_brand","embeddable":true,"href":"https:\/\/atmosferasmuebles.com\/tienda\/wp-json\/wp\/v2\/product_brand?post=11253"},{"taxonomy":"product_cat","embeddable":true,"href":"https:\/\/atmosferasmuebles.com\/tienda\/wp-json\/wp\/v2\/product_cat?post=11253"},{"taxonomy":"product_tag","embeddable":true,"href":"https:\/\/atmosferasmuebles.com\/tienda\/wp-json\/wp\/v2\/product_tag?post=11253"},{"taxonomy":"accesorios","embeddable":true,"href":"https:\/\/atmosferasmuebles.com\/tienda\/wp-json\/wp\/v2\/accesorios?post=11253"},{"taxonomy":"coleccion","embeddable":true,"href":"https:\/\/atmosferasmuebles.com\/tienda\/wp-json\/wp\/v2\/coleccion?post=11253"},{"taxonomy":"espacios","embeddable":true,"href":"https:\/\/atmosferasmuebles.com\/tienda\/wp-json\/wp\/v2\/espacios?post=11253"},{"taxonomy":"marca","embeddable":true,"href":"https:\/\/atmosferasmuebles.com\/tienda\/wp-json\/wp\/v2\/marca?post=11253"},{"taxonomy":"material","embeddable":true,"href":"https:\/\/atmosferasmuebles.com\/tienda\/wp-json\/wp\/v2\/material?post=11253"}],"curies":[{"name":"wp","href":"https:\/\/api.w.org\/{rel}","templated":true}]}}

<p>La Silla Love destaca por su diseño moderno y versátil, ideal para adaptarse a diferentes ambientes, ya sean interiores elegantes o espacios exteriores funcionales. Está fabricada en polipropileno mediante inyección con gas y reforzada con fibra de vidrio, lo que garantiza una alta resistencia, ligereza y durabilidad.<br data-start="760" data-end="763" />Su condición apilable facilita el almacenaje y la organización, convirtiéndola en una opción práctica tanto en hogares como en proyectos contract.<br data-start="913" data-end="916" />Disponible en varios colores, ofrece múltiples posibilidades para personalizar y crear ambientes únicos. Además, cuenta con la opción del acabado Vondom Revolution, una línea comprometida con el medio ambiente, que utiliza plástico reciclado del Mediterráneo para fomentar la sostenibilidad sin renunciar a la estética ni a la calidad.<br data-start="1263" data-end="1266" />Una pieza que une diseño, funcionalidad y responsabilidad ecológica.</p>

<p data-start="63" data-end="402">La Silla Love combina diseño, resistencia y sostenibilidad. Fabricada en polipropileno inyectado con gas y reforzada con fibra de vidrio, es apilable, apta para interior y exterior, disponible en varios colores y también en acabado sostenible <strong data-start="331" data-end="352">Vondom Revolution</strong>, hecho con plástico reciclado del Mediterráneo.</p>
<p data-start="404" data-end="1340">
