{"id":11251,"date":"2025-04-07T04:56:17","date_gmt":"2025-04-07T04:56:17","guid":{"rendered":"https:\/\/atmosferasmuebles.com\/tienda\/producto\/kimono-silla\/"},"modified":"2026-04-29T08:25:58","modified_gmt":"2026-04-29T08:25:58","slug":"kimono-silla","status":"publish","type":"product","link":"https:\/\/atmosferasmuebles.com\/tienda\/producto\/kimono-silla\/","title":{"rendered":"Kimono Silla"},"content":{"rendered":"<p>Color: Blanco. La silla Kimono, con su elegante dise\u00f1o de l\u00edneas envolventes, est\u00e1 inspirada en la vestimenta tradicional japonesa. Su forma abierta favorece la libertad de movimiento, y su estructura de polietileno blanco la hace resistente, ligera y apta tanto para interiores como para exteriores. Esta pieza dise\u00f1ada por Ram\u00f3n Esteve aporta un toque escultural a cualquier entorno, siendo ideal para terrazas, hoteles o espacios interiores contempor\u00e1neos que buscan sofisticaci\u00f3n y originalidad.<\/p>\n<p>Consulta el <span style=\"color: #ff9900\"><strong><a style=\"color: #ff9900\" href=\"https:\/\/atmosferasmuebles.com\/\/public_html\/wp-content\/uploads\/sites\/vondom\/Colors-vondom.pdf\" target=\"_blank\" rel=\"noopener\">Cat\u00e1logo de Acabados y Colores Vondom<\/a><\/strong><\/span>\u00a0<span class=\"_fadeIn_m1hgl_8\">para <\/span><span class=\"_fadeIn_m1hgl_8\">conocer <\/span><span class=\"_fadeIn_m1hgl_8\">la <\/span><span class=\"_fadeIn_m1hgl_8\">variedad <\/span><span class=\"_fadeIn_m1hgl_8\">de <\/span><span class=\"_fadeIn_m1hgl_8\">acabados <\/span><span class=\"_fadeIn_m1hgl_8\">y <\/span><span class=\"_fadeIn_m1hgl_8\">tonalidades <\/span><span class=\"_fadeIn_m1hgl_8\">disponibles.<\/span><\/p>\n<p data-start=\"721\" data-end=\"871\"><em data-start=\"721\" data-end=\"869\"><span class=\"_fadeIn_m1hgl_8\">La <\/span><span class=\"_fadeIn_m1hgl_8\">selecci\u00f3n <\/span><span class=\"_fadeIn_m1hgl_8\">de <\/span><span class=\"_fadeIn_m1hgl_8\">colores <\/span><span class=\"_fadeIn_m1hgl_8\">y <\/span><span class=\"_fadeIn_m1hgl_8\">texturas <\/span><span class=\"_fadeIn_m1hgl_8\">permite <\/span><span class=\"_fadeIn_m1hgl_8\">personalizar <\/span><span class=\"_fadeIn_m1hgl_8\">tu <\/span><span class=\"_fadeIn_m1hgl_8\">mueble <\/span><span class=\"_fadeIn_m1hgl_8\">con <\/span><span class=\"_fadeIn_m1hgl_8\">un <\/span><span class=\"_fadeIn_m1hgl_8\">estilo <\/span><span class=\"_fadeIn_m1hgl_8\">\u00fanico <\/span><span class=\"_fadeIn_m1hgl_8\">y <\/span><span class=\"_fadeIn_m1hgl_8\">adaptado <\/span><span class=\"_fadeIn_m1hgl_8\">a <\/span><span class=\"_fadeIn_m1hgl_8\">cualquier <\/span><span class=\"_fadeIn_m1hgl_8\">ambiente, <\/span><span class=\"_fadeIn_m1hgl_8\">ya <\/span><span class=\"_fadeIn_m1hgl_8\">sea <\/span><span class=\"_fadeIn_m1hgl_8\">interior <\/span><span class=\"_fadeIn_m1hgl_8\">o <\/span><span class=\"_fadeIn_m1hgl_8\">exterior.<\/span><\/em><\/p>\n<p>Todos los productos de vondom est\u00e1n disponibles para su venta sobre pedido con un tiempo de entrega de 90 a 120 d\u00edas. Algunos productos se encuentran disponibles para su entrega inmediata, favor de validar con nuestros agentes de Ventas o por WhatsApp.<\/p>\n","protected":false},"excerpt":{"rendered":"<p>Blanco<\/p>\n","protected":false},"featured_media":11457,"comment_status":"closed","ping_status":"closed","template":"","meta":{"_joinchat":[]},"product_brand":[],"product_cat":[40,60,2236,140],"product_tag":[],"accesorios":[],"coleccion":[1070],"espacios":[210,212,209,1224],"marca":[215],"material":[],"class_list":{"0":"post-11251","1":"product","2":"type-product","3":"status-publish","4":"has-post-thumbnail","6":"product_cat-madera","7":"product_cat-sillas","8":"product_cat-terraza","9":"product_cat-vondom","10":"coleccion-kimono","11":"espacios-comedores","12":"espacios-jardin","13":"espacios-salas","14":"espacios-terraza","15":"marca-vondom","16":"sales-flash-overlay","17":"woocommerce-text-align-center","18":"woocommerce-image-align-center","19":"wc-has-gallery","21":"first","22":"instock","23":"shipping-taxable","24":"purchasable","25":"product-type-simple"},"_links":{"self":[{"href":"https:\/\/atmosferasmuebles.com\/tienda\/wp-json\/wp\/v2\/product\/11251","targetHints":{"allow":["GET"]}}],"collection":[{"href":"https:\/\/atmosferasmuebles.com\/tienda\/wp-json\/wp\/v2\/product"}],"about":[{"href":"https:\/\/atmosferasmuebles.com\/tienda\/wp-json\/wp\/v2\/types\/product"}],"replies":[{"embeddable":true,"href":"https:\/\/atmosferasmuebles.com\/tienda\/wp-json\/wp\/v2\/comments?post=11251"}],"version-history":[{"count":6,"href":"https:\/\/atmosferasmuebles.com\/tienda\/wp-json\/wp\/v2\/product\/11251\/revisions"}],"predecessor-version":[{"id":13982,"href":"https:\/\/atmosferasmuebles.com\/tienda\/wp-json\/wp\/v2\/product\/11251\/revisions\/13982"}],"wp:featuredmedia":[{"embeddable":true,"href":"https:\/\/atmosferasmuebles.com\/tienda\/wp-json\/wp\/v2\/media\/11457"}],"wp:attachment":[{"href":"https:\/\/atmosferasmuebles.com\/tienda\/wp-json\/wp\/v2\/media?parent=11251"}],"wp:term":[{"taxonomy":"product_brand","embeddable":true,"href":"https:\/\/atmosferasmuebles.com\/tienda\/wp-json\/wp\/v2\/product_brand?post=11251"},{"taxonomy":"product_cat","embeddable":true,"href":"https:\/\/atmosferasmuebles.com\/tienda\/wp-json\/wp\/v2\/product_cat?post=11251"},{"taxonomy":"product_tag","embeddable":true,"href":"https:\/\/atmosferasmuebles.com\/tienda\/wp-json\/wp\/v2\/product_tag?post=11251"},{"taxonomy":"accesorios","embeddable":true,"href":"https:\/\/atmosferasmuebles.com\/tienda\/wp-json\/wp\/v2\/accesorios?post=11251"},{"taxonomy":"coleccion","embeddable":true,"href":"https:\/\/atmosferasmuebles.com\/tienda\/wp-json\/wp\/v2\/coleccion?post=11251"},{"taxonomy":"espacios","embeddable":true,"href":"https:\/\/atmosferasmuebles.com\/tienda\/wp-json\/wp\/v2\/espacios?post=11251"},{"taxonomy":"marca","embeddable":true,"href":"https:\/\/atmosferasmuebles.com\/tienda\/wp-json\/wp\/v2\/marca?post=11251"},{"taxonomy":"material","embeddable":true,"href":"https:\/\/atmosferasmuebles.com\/tienda\/wp-json\/wp\/v2\/material?post=11251"}],"curies":[{"name":"wp","href":"https:\/\/api.w.org\/{rel}","templated":true}]}}

<p>Color: Blanco. La silla Kimono, con su elegante diseño de líneas envolventes, está inspirada en la vestimenta tradicional japonesa. Su forma abierta favorece la libertad de movimiento, y su estructura de polietileno blanco la hace resistente, ligera y apta tanto para interiores como para exteriores. Esta pieza diseñada por Ramón Esteve aporta un toque escultural a cualquier entorno, siendo ideal para terrazas, hoteles o espacios interiores contemporáneos que buscan sofisticación y originalidad.</p>
<p>Consulta el <span style="color: #ff9900"><strong><a style="color: #ff9900" href="https://atmosferasmuebles.com//public_html/wp-content/uploads/sites/vondom/Colors-vondom.pdf" target="_blank" rel="noopener">Catálogo de Acabados y Colores Vondom</a></strong></span> <span class="_fadeIn_m1hgl_8">para </span><span class="_fadeIn_m1hgl_8">conocer </span><span class="_fadeIn_m1hgl_8">la </span><span class="_fadeIn_m1hgl_8">variedad </span><span class="_fadeIn_m1hgl_8">de </span><span class="_fadeIn_m1hgl_8">acabados </span><span class="_fadeIn_m1hgl_8">y </span><span class="_fadeIn_m1hgl_8">tonalidades </span><span class="_fadeIn_m1hgl_8">disponibles.</span></p>
<p data-start="721" data-end="871"><em data-start="721" data-end="869"><span class="_fadeIn_m1hgl_8">La </span><span class="_fadeIn_m1hgl_8">selección </span><span class="_fadeIn_m1hgl_8">de </span><span class="_fadeIn_m1hgl_8">colores </span><span class="_fadeIn_m1hgl_8">y </span><span class="_fadeIn_m1hgl_8">texturas </span><span class="_fadeIn_m1hgl_8">permite </span><span class="_fadeIn_m1hgl_8">personalizar </span><span class="_fadeIn_m1hgl_8">tu </span><span class="_fadeIn_m1hgl_8">mueble </span><span class="_fadeIn_m1hgl_8">con </span><span class="_fadeIn_m1hgl_8">un </span><span class="_fadeIn_m1hgl_8">estilo </span><span class="_fadeIn_m1hgl_8">único </span><span class="_fadeIn_m1hgl_8">y </span><span class="_fadeIn_m1hgl_8">adaptado </span><span class="_fadeIn_m1hgl_8">a </span><span class="_fadeIn_m1hgl_8">cualquier </span><span class="_fadeIn_m1hgl_8">ambiente, </span><span class="_fadeIn_m1hgl_8">ya </span><span class="_fadeIn_m1hgl_8">sea </span><span class="_fadeIn_m1hgl_8">interior </span><span class="_fadeIn_m1hgl_8">o </span><span class="_fadeIn_m1hgl_8">exterior.</span></em></p>
<p>Todos los productos de vondom están disponibles para su venta sobre pedido con un tiempo de entrega de 90 a 120 días. Algunos productos se encuentran disponibles para su entrega inmediata, favor de validar con nuestros agentes de Ventas o por WhatsApp.</p>
