{"id":11224,"date":"2025-04-07T04:56:13","date_gmt":"2025-04-07T04:56:13","guid":{"rendered":"https:\/\/atmosferasmuebles.com\/tienda\/producto\/quartz-silla-con-brazos\/"},"modified":"2026-04-29T08:30:49","modified_gmt":"2026-04-29T08:30:49","slug":"quartz-silla-con-brazos","status":"publish","type":"product","link":"https:\/\/atmosferasmuebles.com\/tienda\/producto\/quartz-silla-con-brazos\/","title":{"rendered":"Quartz Silla Con Brazos"},"content":{"rendered":"<p>Color: Blanco. La silla Quartz con brazos, en color blanco, es un dise\u00f1o de Ram\u00f3n Esteve que destaca por su geometr\u00eda inspirada en formas cristalinas. Fabricada en polipropileno por inyecci\u00f3n, esta silla es apilable, ligera y resistente, ideal para interiores y exteriores. Su dise\u00f1o angular le da car\u00e1cter y elegancia moderna, mientras que los brazos a\u00f1aden funcionalidad y comodidad adicional. Es perfecta para comedores, terrazas o zonas de espera.<\/p>\n<p>Consulta el <span style=\"color: #ff9900\"><strong><a style=\"color: #ff9900\" href=\"https:\/\/atmosferasmuebles.com\/\/public_html\/wp-content\/uploads\/sites\/vondom\/Colors-vondom.pdf\" target=\"_blank\" rel=\"noopener\">Cat\u00e1logo de Acabados y Colores Vondom<\/a><\/strong><\/span>\u00a0<span class=\"_fadeIn_m1hgl_8\">para <\/span><span class=\"_fadeIn_m1hgl_8\">conocer <\/span><span class=\"_fadeIn_m1hgl_8\">la <\/span><span class=\"_fadeIn_m1hgl_8\">variedad <\/span><span class=\"_fadeIn_m1hgl_8\">de <\/span><span class=\"_fadeIn_m1hgl_8\">acabados <\/span><span class=\"_fadeIn_m1hgl_8\">y <\/span><span class=\"_fadeIn_m1hgl_8\">tonalidades <\/span><span class=\"_fadeIn_m1hgl_8\">disponibles.<\/span><\/p>\n<p data-start=\"721\" data-end=\"871\"><em data-start=\"721\" data-end=\"869\"><span class=\"_fadeIn_m1hgl_8\">La <\/span><span class=\"_fadeIn_m1hgl_8\">selecci\u00f3n <\/span><span class=\"_fadeIn_m1hgl_8\">de <\/span><span class=\"_fadeIn_m1hgl_8\">colores <\/span><span class=\"_fadeIn_m1hgl_8\">y <\/span><span class=\"_fadeIn_m1hgl_8\">texturas <\/span><span class=\"_fadeIn_m1hgl_8\">permite <\/span><span class=\"_fadeIn_m1hgl_8\">personalizar <\/span><span class=\"_fadeIn_m1hgl_8\">tu <\/span><span class=\"_fadeIn_m1hgl_8\">mueble <\/span><span class=\"_fadeIn_m1hgl_8\">con <\/span><span class=\"_fadeIn_m1hgl_8\">un <\/span><span class=\"_fadeIn_m1hgl_8\">estilo <\/span><span class=\"_fadeIn_m1hgl_8\">\u00fanico <\/span><span class=\"_fadeIn_m1hgl_8\">y <\/span><span class=\"_fadeIn_m1hgl_8\">adaptado <\/span><span class=\"_fadeIn_m1hgl_8\">a <\/span><span class=\"_fadeIn_m1hgl_8\">cualquier <\/span><span class=\"_fadeIn_m1hgl_8\">ambiente, <\/span><span class=\"_fadeIn_m1hgl_8\">ya <\/span><span class=\"_fadeIn_m1hgl_8\">sea <\/span><span class=\"_fadeIn_m1hgl_8\">interior <\/span><span class=\"_fadeIn_m1hgl_8\">o <\/span><span class=\"_fadeIn_m1hgl_8\">exterior.<\/span><\/em><\/p>\n<p>Todos los productos de vondom est\u00e1n disponibles para su venta sobre pedido con un tiempo de entrega de 90 a 120 d\u00edas. Algunos productos se encuentran disponibles para su entrega inmediata, favor de validar con nuestros agentes de Ventas o por WhatsApp.<\/p>\n","protected":false},"excerpt":{"rendered":"<p>Blanco<\/p>\n","protected":false},"featured_media":11555,"comment_status":"closed","ping_status":"closed","template":"","meta":{"_joinchat":[]},"product_brand":[],"product_cat":[1058,99,2248,60,2236,140],"product_tag":[],"accesorios":[],"coleccion":[1026],"espacios":[210,212,211,209,1224],"marca":[215],"material":[234],"class_list":{"0":"post-11224","1":"product","2":"type-product","3":"status-publish","4":"has-post-thumbnail","6":"product_cat-coleccion-quartz","7":"product_cat-comedores","8":"product_cat-cristal","9":"product_cat-sillas","10":"product_cat-terraza","11":"product_cat-vondom","12":"coleccion-quartz","13":"espacios-comedores","14":"espacios-jardin","15":"espacios-recamaras","16":"espacios-salas","17":"espacios-terraza","18":"marca-vondom","19":"material-resina","20":"sales-flash-overlay","21":"woocommerce-text-align-center","22":"woocommerce-image-align-center","23":"wc-has-gallery","25":"first","26":"instock","27":"shipping-taxable","28":"purchasable","29":"product-type-simple"},"_links":{"self":[{"href":"https:\/\/atmosferasmuebles.com\/tienda\/wp-json\/wp\/v2\/product\/11224","targetHints":{"allow":["GET"]}}],"collection":[{"href":"https:\/\/atmosferasmuebles.com\/tienda\/wp-json\/wp\/v2\/product"}],"about":[{"href":"https:\/\/atmosferasmuebles.com\/tienda\/wp-json\/wp\/v2\/types\/product"}],"replies":[{"embeddable":true,"href":"https:\/\/atmosferasmuebles.com\/tienda\/wp-json\/wp\/v2\/comments?post=11224"}],"version-history":[{"count":5,"href":"https:\/\/atmosferasmuebles.com\/tienda\/wp-json\/wp\/v2\/product\/11224\/revisions"}],"predecessor-version":[{"id":13958,"href":"https:\/\/atmosferasmuebles.com\/tienda\/wp-json\/wp\/v2\/product\/11224\/revisions\/13958"}],"wp:featuredmedia":[{"embeddable":true,"href":"https:\/\/atmosferasmuebles.com\/tienda\/wp-json\/wp\/v2\/media\/11555"}],"wp:attachment":[{"href":"https:\/\/atmosferasmuebles.com\/tienda\/wp-json\/wp\/v2\/media?parent=11224"}],"wp:term":[{"taxonomy":"product_brand","embeddable":true,"href":"https:\/\/atmosferasmuebles.com\/tienda\/wp-json\/wp\/v2\/product_brand?post=11224"},{"taxonomy":"product_cat","embeddable":true,"href":"https:\/\/atmosferasmuebles.com\/tienda\/wp-json\/wp\/v2\/product_cat?post=11224"},{"taxonomy":"product_tag","embeddable":true,"href":"https:\/\/atmosferasmuebles.com\/tienda\/wp-json\/wp\/v2\/product_tag?post=11224"},{"taxonomy":"accesorios","embeddable":true,"href":"https:\/\/atmosferasmuebles.com\/tienda\/wp-json\/wp\/v2\/accesorios?post=11224"},{"taxonomy":"coleccion","embeddable":true,"href":"https:\/\/atmosferasmuebles.com\/tienda\/wp-json\/wp\/v2\/coleccion?post=11224"},{"taxonomy":"espacios","embeddable":true,"href":"https:\/\/atmosferasmuebles.com\/tienda\/wp-json\/wp\/v2\/espacios?post=11224"},{"taxonomy":"marca","embeddable":true,"href":"https:\/\/atmosferasmuebles.com\/tienda\/wp-json\/wp\/v2\/marca?post=11224"},{"taxonomy":"material","embeddable":true,"href":"https:\/\/atmosferasmuebles.com\/tienda\/wp-json\/wp\/v2\/material?post=11224"}],"curies":[{"name":"wp","href":"https:\/\/api.w.org\/{rel}","templated":true}]}}

<p>Color: Blanco. La silla Quartz con brazos, en color blanco, es un diseño de Ramón Esteve que destaca por su geometría inspirada en formas cristalinas. Fabricada en polipropileno por inyección, esta silla es apilable, ligera y resistente, ideal para interiores y exteriores. Su diseño angular le da carácter y elegancia moderna, mientras que los brazos añaden funcionalidad y comodidad adicional. Es perfecta para comedores, terrazas o zonas de espera.</p>
<p>Consulta el <span style="color: #ff9900"><strong><a style="color: #ff9900" href="https://atmosferasmuebles.com//public_html/wp-content/uploads/sites/vondom/Colors-vondom.pdf" target="_blank" rel="noopener">Catálogo de Acabados y Colores Vondom</a></strong></span> <span class="_fadeIn_m1hgl_8">para </span><span class="_fadeIn_m1hgl_8">conocer </span><span class="_fadeIn_m1hgl_8">la </span><span class="_fadeIn_m1hgl_8">variedad </span><span class="_fadeIn_m1hgl_8">de </span><span class="_fadeIn_m1hgl_8">acabados </span><span class="_fadeIn_m1hgl_8">y </span><span class="_fadeIn_m1hgl_8">tonalidades </span><span class="_fadeIn_m1hgl_8">disponibles.</span></p>
<p data-start="721" data-end="871"><em data-start="721" data-end="869"><span class="_fadeIn_m1hgl_8">La </span><span class="_fadeIn_m1hgl_8">selección </span><span class="_fadeIn_m1hgl_8">de </span><span class="_fadeIn_m1hgl_8">colores </span><span class="_fadeIn_m1hgl_8">y </span><span class="_fadeIn_m1hgl_8">texturas </span><span class="_fadeIn_m1hgl_8">permite </span><span class="_fadeIn_m1hgl_8">personalizar </span><span class="_fadeIn_m1hgl_8">tu </span><span class="_fadeIn_m1hgl_8">mueble </span><span class="_fadeIn_m1hgl_8">con </span><span class="_fadeIn_m1hgl_8">un </span><span class="_fadeIn_m1hgl_8">estilo </span><span class="_fadeIn_m1hgl_8">único </span><span class="_fadeIn_m1hgl_8">y </span><span class="_fadeIn_m1hgl_8">adaptado </span><span class="_fadeIn_m1hgl_8">a </span><span class="_fadeIn_m1hgl_8">cualquier </span><span class="_fadeIn_m1hgl_8">ambiente, </span><span class="_fadeIn_m1hgl_8">ya </span><span class="_fadeIn_m1hgl_8">sea </span><span class="_fadeIn_m1hgl_8">interior </span><span class="_fadeIn_m1hgl_8">o </span><span class="_fadeIn_m1hgl_8">exterior.</span></em></p>
<p>Todos los productos de vondom están disponibles para su venta sobre pedido con un tiempo de entrega de 90 a 120 días. Algunos productos se encuentran disponibles para su entrega inmediata, favor de validar con nuestros agentes de Ventas o por WhatsApp.</p>
