{"id":11207,"date":"2025-04-07T04:56:09","date_gmt":"2025-04-07T04:56:09","guid":{"rendered":"https:\/\/atmosferasmuebles.com\/tienda\/producto\/luna-sofa-237x84x71\/"},"modified":"2026-04-29T08:26:38","modified_gmt":"2026-04-29T08:26:38","slug":"luna-sofa-237x84x71","status":"publish","type":"product","link":"https:\/\/atmosferasmuebles.com\/tienda\/producto\/luna-sofa-237x84x71\/","title":{"rendered":"Luna Sofa 237X84X71"},"content":{"rendered":"<p>Color: Blanco\/Tortora 10342 Louro. El sof\u00e1 Luna de Vondom, con dise\u00f1o de Ram\u00f3n Esteve, destaca por su elegancia org\u00e1nica y su estructura suave que recuerda a formas celestiales. Con una longitud de 237 cm, es perfecto para reuniones sociales o descanso prolongado al aire libre. Su estructura blanca y su tapicer\u00eda T\u00f3rtora 10342 Louro transmiten serenidad y modernidad. Fabricado en polietileno mediante moldeo rotacional, este sof\u00e1 es altamente resistente al clima y al desgaste. Sus proporciones generosas y su respaldo ergon\u00f3mico aseguran una experiencia de confort envolvente. El sof\u00e1 Luna es ideal para terrazas, zonas lounge y proyectos contract que priorizan el dise\u00f1o con car\u00e1cter sin renunciar a la practicidad.<\/p>\n<p>Consulta el <span style=\"color: #ff9900\"><strong><a style=\"color: #ff9900\" href=\"https:\/\/atmosferasmuebles.com\/\/public_html\/wp-content\/uploads\/sites\/vondom\/Colors-vondom.pdf\" target=\"_blank\" rel=\"noopener\">Cat\u00e1logo de Acabados y Colores Vondom<\/a><\/strong><\/span>\u00a0<span class=\"_fadeIn_m1hgl_8\">para <\/span><span class=\"_fadeIn_m1hgl_8\">conocer <\/span><span class=\"_fadeIn_m1hgl_8\">la <\/span><span class=\"_fadeIn_m1hgl_8\">variedad <\/span><span class=\"_fadeIn_m1hgl_8\">de <\/span><span class=\"_fadeIn_m1hgl_8\">acabados <\/span><span class=\"_fadeIn_m1hgl_8\">y <\/span><span class=\"_fadeIn_m1hgl_8\">tonalidades <\/span><span class=\"_fadeIn_m1hgl_8\">disponibles.<\/span><\/p>\n<p data-start=\"721\" data-end=\"871\"><em data-start=\"721\" data-end=\"869\"><span class=\"_fadeIn_m1hgl_8\">La <\/span><span class=\"_fadeIn_m1hgl_8\">selecci\u00f3n <\/span><span class=\"_fadeIn_m1hgl_8\">de <\/span><span class=\"_fadeIn_m1hgl_8\">colores <\/span><span class=\"_fadeIn_m1hgl_8\">y <\/span><span class=\"_fadeIn_m1hgl_8\">texturas <\/span><span class=\"_fadeIn_m1hgl_8\">permite <\/span><span class=\"_fadeIn_m1hgl_8\">personalizar <\/span><span class=\"_fadeIn_m1hgl_8\">tu <\/span><span class=\"_fadeIn_m1hgl_8\">mueble <\/span><span class=\"_fadeIn_m1hgl_8\">con <\/span><span class=\"_fadeIn_m1hgl_8\">un <\/span><span class=\"_fadeIn_m1hgl_8\">estilo <\/span><span class=\"_fadeIn_m1hgl_8\">\u00fanico <\/span><span class=\"_fadeIn_m1hgl_8\">y <\/span><span class=\"_fadeIn_m1hgl_8\">adaptado <\/span><span class=\"_fadeIn_m1hgl_8\">a <\/span><span class=\"_fadeIn_m1hgl_8\">cualquier <\/span><span class=\"_fadeIn_m1hgl_8\">ambiente, <\/span><span class=\"_fadeIn_m1hgl_8\">ya <\/span><span class=\"_fadeIn_m1hgl_8\">sea <\/span><span class=\"_fadeIn_m1hgl_8\">interior <\/span><span class=\"_fadeIn_m1hgl_8\">o <\/span><span class=\"_fadeIn_m1hgl_8\">exterior.<\/span><\/em><\/p>\n<p>Todos los productos de vondom est\u00e1n disponibles para su venta sobre pedido con un tiempo de entrega de 90 a 120 d\u00edas. Algunos productos se encuentran disponibles para su entrega inmediata, favor de validar con nuestros agentes de Ventas o por WhatsApp.<\/p>\n","protected":false},"excerpt":{"rendered":"<p>Blanco\/Tortora 10342 Louro<\/p>\n","protected":false},"featured_media":11722,"comment_status":"closed","ping_status":"closed","template":"","meta":{"_joinchat":[]},"product_brand":[],"product_cat":[900,98,2236,2235,140],"product_tag":[],"accesorios":[],"coleccion":[1050],"espacios":[210,212,209,1224],"marca":[215],"material":[],"class_list":{"0":"post-11207","1":"product","2":"type-product","3":"status-publish","4":"has-post-thumbnail","6":"product_cat-coleccion-luna","7":"product_cat-salas","8":"product_cat-terraza","9":"product_cat-textil","10":"product_cat-vondom","11":"coleccion-luna","12":"espacios-comedores","13":"espacios-jardin","14":"espacios-salas","15":"espacios-terraza","16":"marca-vondom","17":"sales-flash-overlay","18":"woocommerce-text-align-center","19":"woocommerce-image-align-center","20":"wc-has-gallery","22":"first","23":"instock","24":"shipping-taxable","25":"purchasable","26":"product-type-simple"},"_links":{"self":[{"href":"https:\/\/atmosferasmuebles.com\/tienda\/wp-json\/wp\/v2\/product\/11207","targetHints":{"allow":["GET"]}}],"collection":[{"href":"https:\/\/atmosferasmuebles.com\/tienda\/wp-json\/wp\/v2\/product"}],"about":[{"href":"https:\/\/atmosferasmuebles.com\/tienda\/wp-json\/wp\/v2\/types\/product"}],"replies":[{"embeddable":true,"href":"https:\/\/atmosferasmuebles.com\/tienda\/wp-json\/wp\/v2\/comments?post=11207"}],"version-history":[{"count":5,"href":"https:\/\/atmosferasmuebles.com\/tienda\/wp-json\/wp\/v2\/product\/11207\/revisions"}],"predecessor-version":[{"id":13935,"href":"https:\/\/atmosferasmuebles.com\/tienda\/wp-json\/wp\/v2\/product\/11207\/revisions\/13935"}],"wp:featuredmedia":[{"embeddable":true,"href":"https:\/\/atmosferasmuebles.com\/tienda\/wp-json\/wp\/v2\/media\/11722"}],"wp:attachment":[{"href":"https:\/\/atmosferasmuebles.com\/tienda\/wp-json\/wp\/v2\/media?parent=11207"}],"wp:term":[{"taxonomy":"product_brand","embeddable":true,"href":"https:\/\/atmosferasmuebles.com\/tienda\/wp-json\/wp\/v2\/product_brand?post=11207"},{"taxonomy":"product_cat","embeddable":true,"href":"https:\/\/atmosferasmuebles.com\/tienda\/wp-json\/wp\/v2\/product_cat?post=11207"},{"taxonomy":"product_tag","embeddable":true,"href":"https:\/\/atmosferasmuebles.com\/tienda\/wp-json\/wp\/v2\/product_tag?post=11207"},{"taxonomy":"accesorios","embeddable":true,"href":"https:\/\/atmosferasmuebles.com\/tienda\/wp-json\/wp\/v2\/accesorios?post=11207"},{"taxonomy":"coleccion","embeddable":true,"href":"https:\/\/atmosferasmuebles.com\/tienda\/wp-json\/wp\/v2\/coleccion?post=11207"},{"taxonomy":"espacios","embeddable":true,"href":"https:\/\/atmosferasmuebles.com\/tienda\/wp-json\/wp\/v2\/espacios?post=11207"},{"taxonomy":"marca","embeddable":true,"href":"https:\/\/atmosferasmuebles.com\/tienda\/wp-json\/wp\/v2\/marca?post=11207"},{"taxonomy":"material","embeddable":true,"href":"https:\/\/atmosferasmuebles.com\/tienda\/wp-json\/wp\/v2\/material?post=11207"}],"curies":[{"name":"wp","href":"https:\/\/api.w.org\/{rel}","templated":true}]}}

<p>Color: Blanco/Tortora 10342 Louro. El sofá Luna de Vondom, con diseño de Ramón Esteve, destaca por su elegancia orgánica y su estructura suave que recuerda a formas celestiales. Con una longitud de 237 cm, es perfecto para reuniones sociales o descanso prolongado al aire libre. Su estructura blanca y su tapicería Tórtora 10342 Louro transmiten serenidad y modernidad. Fabricado en polietileno mediante moldeo rotacional, este sofá es altamente resistente al clima y al desgaste. Sus proporciones generosas y su respaldo ergonómico aseguran una experiencia de confort envolvente. El sofá Luna es ideal para terrazas, zonas lounge y proyectos contract que priorizan el diseño con carácter sin renunciar a la practicidad.</p>
<p>Consulta el <span style="color: #ff9900"><strong><a style="color: #ff9900" href="https://atmosferasmuebles.com//public_html/wp-content/uploads/sites/vondom/Colors-vondom.pdf" target="_blank" rel="noopener">Catálogo de Acabados y Colores Vondom</a></strong></span> <span class="_fadeIn_m1hgl_8">para </span><span class="_fadeIn_m1hgl_8">conocer </span><span class="_fadeIn_m1hgl_8">la </span><span class="_fadeIn_m1hgl_8">variedad </span><span class="_fadeIn_m1hgl_8">de </span><span class="_fadeIn_m1hgl_8">acabados </span><span class="_fadeIn_m1hgl_8">y </span><span class="_fadeIn_m1hgl_8">tonalidades </span><span class="_fadeIn_m1hgl_8">disponibles.</span></p>
<p data-start="721" data-end="871"><em data-start="721" data-end="869"><span class="_fadeIn_m1hgl_8">La </span><span class="_fadeIn_m1hgl_8">selección </span><span class="_fadeIn_m1hgl_8">de </span><span class="_fadeIn_m1hgl_8">colores </span><span class="_fadeIn_m1hgl_8">y </span><span class="_fadeIn_m1hgl_8">texturas </span><span class="_fadeIn_m1hgl_8">permite </span><span class="_fadeIn_m1hgl_8">personalizar </span><span class="_fadeIn_m1hgl_8">tu </span><span class="_fadeIn_m1hgl_8">mueble </span><span class="_fadeIn_m1hgl_8">con </span><span class="_fadeIn_m1hgl_8">un </span><span class="_fadeIn_m1hgl_8">estilo </span><span class="_fadeIn_m1hgl_8">único </span><span class="_fadeIn_m1hgl_8">y </span><span class="_fadeIn_m1hgl_8">adaptado </span><span class="_fadeIn_m1hgl_8">a </span><span class="_fadeIn_m1hgl_8">cualquier </span><span class="_fadeIn_m1hgl_8">ambiente, </span><span class="_fadeIn_m1hgl_8">ya </span><span class="_fadeIn_m1hgl_8">sea </span><span class="_fadeIn_m1hgl_8">interior </span><span class="_fadeIn_m1hgl_8">o </span><span class="_fadeIn_m1hgl_8">exterior.</span></em></p>
<p>Todos los productos de vondom están disponibles para su venta sobre pedido con un tiempo de entrega de 90 a 120 días. Algunos productos se encuentran disponibles para su entrega inmediata, favor de validar con nuestros agentes de Ventas o por WhatsApp.</p>
