{"id":10924,"date":"2025-03-16T15:18:05","date_gmt":"2025-03-16T15:18:05","guid":{"rendered":"https:\/\/atmosferasmuebles.com\/tienda\/?post_type=product&#038;p=10924"},"modified":"2026-03-03T23:59:45","modified_gmt":"2026-03-03T23:59:45","slug":"sillon-armchair-welcome-2","status":"publish","type":"product","link":"https:\/\/atmosferasmuebles.com\/tienda\/producto\/sillon-armchair-welcome-2\/","title":{"rendered":"Sill\u00f3n Armchair Welcome"},"content":{"rendered":"<p>Sill\u00f3n Armchair Welcome, solo o en conjunto para formar la sala Welcome<\/p>\n<p>Detalles del producto:.<br \/>\nMarco de aluminio soldado de grado contract.<br \/>\nMarco con recubrimiento en polvo de la marca Tiger.<br \/>\nMalla gris claro con tratamiento UV para reposabrazos \/ respaldo<br \/>\nTejido Sunbrella duradero para exteriores.<\/p>\n","protected":false},"excerpt":{"rendered":"<p>Sill\u00f3n Armchair Welcome moderno y a la vez elegante, m\u00f3dulo de la sala Welcome o tambi\u00e9n puede ser acompa\u00f1ado de una mesa para formar un espacio de relajaci\u00f3n para tu terraza.<\/p>\n<p>Fabricado con un marco de aluminio, malla gris claro con tratamiento UV para reposabrazos y en respaldo y asiento tejido en Snbrella, duradero para exteriores.<\/p>\n<p>Disponible en 2 colores.<\/p>\n","protected":false},"featured_media":5654,"comment_status":"open","ping_status":"closed","template":"","meta":{"_joinchat":[]},"product_brand":[],"product_cat":[19,370,351,17,878,98,22,69],"product_tag":[],"accesorios":[],"coleccion":[373],"espacios":[1466,1672,209,1224],"marca":[353],"material":[228,233],"class_list":{"0":"post-10924","1":"product","2":"type-product","3":"status-publish","4":"has-post-thumbnail","6":"product_cat-cinta-o-tela-para-exterior","7":"product_cat-coleccion-welcome","8":"product_cat-couture","9":"product_cat-muebles-de-exterior","10":"product_cat-ofertas","11":"product_cat-salas","12":"product_cat-sillones","13":"product_cat-tela-para-exterior","14":"coleccion-welcome","15":"espacios-estancia","16":"espacios-residencial","17":"espacios-salas","18":"espacios-terraza","19":"marca-couture","20":"material-madera","21":"material-textil","22":"sales-flash-overlay","23":"woocommerce-text-align-center","24":"woocommerce-image-align-center","25":"wc-has-gallery","27":"first","28":"instock","29":"sale","30":"shipping-taxable","31":"purchasable","32":"product-type-variable"},"_links":{"self":[{"href":"https:\/\/atmosferasmuebles.com\/tienda\/wp-json\/wp\/v2\/product\/10924","targetHints":{"allow":["GET"]}}],"collection":[{"href":"https:\/\/atmosferasmuebles.com\/tienda\/wp-json\/wp\/v2\/product"}],"about":[{"href":"https:\/\/atmosferasmuebles.com\/tienda\/wp-json\/wp\/v2\/types\/product"}],"replies":[{"embeddable":true,"href":"https:\/\/atmosferasmuebles.com\/tienda\/wp-json\/wp\/v2\/comments?post=10924"}],"version-history":[{"count":1,"href":"https:\/\/atmosferasmuebles.com\/tienda\/wp-json\/wp\/v2\/product\/10924\/revisions"}],"predecessor-version":[{"id":10927,"href":"https:\/\/atmosferasmuebles.com\/tienda\/wp-json\/wp\/v2\/product\/10924\/revisions\/10927"}],"wp:featuredmedia":[{"embeddable":true,"href":"https:\/\/atmosferasmuebles.com\/tienda\/wp-json\/wp\/v2\/media\/5654"}],"wp:attachment":[{"href":"https:\/\/atmosferasmuebles.com\/tienda\/wp-json\/wp\/v2\/media?parent=10924"}],"wp:term":[{"taxonomy":"product_brand","embeddable":true,"href":"https:\/\/atmosferasmuebles.com\/tienda\/wp-json\/wp\/v2\/product_brand?post=10924"},{"taxonomy":"product_cat","embeddable":true,"href":"https:\/\/atmosferasmuebles.com\/tienda\/wp-json\/wp\/v2\/product_cat?post=10924"},{"taxonomy":"product_tag","embeddable":true,"href":"https:\/\/atmosferasmuebles.com\/tienda\/wp-json\/wp\/v2\/product_tag?post=10924"},{"taxonomy":"accesorios","embeddable":true,"href":"https:\/\/atmosferasmuebles.com\/tienda\/wp-json\/wp\/v2\/accesorios?post=10924"},{"taxonomy":"coleccion","embeddable":true,"href":"https:\/\/atmosferasmuebles.com\/tienda\/wp-json\/wp\/v2\/coleccion?post=10924"},{"taxonomy":"espacios","embeddable":true,"href":"https:\/\/atmosferasmuebles.com\/tienda\/wp-json\/wp\/v2\/espacios?post=10924"},{"taxonomy":"marca","embeddable":true,"href":"https:\/\/atmosferasmuebles.com\/tienda\/wp-json\/wp\/v2\/marca?post=10924"},{"taxonomy":"material","embeddable":true,"href":"https:\/\/atmosferasmuebles.com\/tienda\/wp-json\/wp\/v2\/material?post=10924"}],"curies":[{"name":"wp","href":"https:\/\/api.w.org\/{rel}","templated":true}]}}