{"id":10478,"date":"2023-11-17T01:33:08","date_gmt":"2023-11-17T01:33:08","guid":{"rendered":"https:\/\/atmosferasmuebles.com\/tienda\/?post_type=product&#038;p=10478"},"modified":"2025-08-25T04:17:30","modified_gmt":"2025-08-25T04:17:30","slug":"frutera-tramontina-de-armar-de-madera-teca-con-estante-y-3-canastas","status":"publish","type":"product","link":"https:\/\/atmosferasmuebles.com\/tienda\/producto\/frutera-tramontina-de-armar-de-madera-teca-con-estante-y-3-canastas\/","title":{"rendered":"Frutera Tramontina de armar de madera teca con estante y 3 canastas."},"content":{"rendered":"<p>Su cocina va a quedar m\u00e1s organizada y con estilo con la frutera Tramontina de armar de madera teca con estante y 3 canastas de la l\u00ednea Util\u00ednea. Fabricada con madera Teca, es ideal para guardar frutas y otros alimentos. El dise\u00f1o diferenciado hace de ella un producto pr\u00e1ctica y vers\u00e1til que se adapta a ambientes internos. La facilidad en el uso se nota porque se puede armar y tiene ruedas para movilizarse. Una pieza esencial para la comodidad de su cocina.<\/p>\n","protected":false},"excerpt":{"rendered":"<p>Su cocina va a quedar m\u00e1s organizada y con estilo con la frutera Tramontina de armar de madera teca con estante y 3 canastas de la l\u00ednea Util\u00ednea. Fabricada con madera Teca, es ideal para guardar frutas y otros alimentos. El dise\u00f1o diferenciado hace de ella un producto pr\u00e1ctica y vers\u00e1til que se adapta a ambientes internos. La facilidad en el uso se nota porque se puede armar y tiene ruedas para movilizarse. Una pieza esencial para la comodidad de su cocina.<\/p>\n","protected":false},"featured_media":10479,"comment_status":"open","ping_status":"closed","template":"","meta":{"_joinchat":[]},"product_brand":[],"product_cat":[241],"product_tag":[],"accesorios":[],"coleccion":[],"espacios":[210],"marca":[224],"material":[228],"class_list":{"0":"post-10478","1":"product","2":"type-product","3":"status-publish","4":"has-post-thumbnail","6":"product_cat-tramontina","7":"espacios-comedores","8":"marca-tramontina","9":"material-madera","10":"sales-flash-overlay","11":"woocommerce-text-align-center","12":"woocommerce-image-align-center","14":"first","15":"instock","16":"shipping-taxable","17":"purchasable","18":"product-type-simple"},"_links":{"self":[{"href":"https:\/\/atmosferasmuebles.com\/tienda\/wp-json\/wp\/v2\/product\/10478","targetHints":{"allow":["GET"]}}],"collection":[{"href":"https:\/\/atmosferasmuebles.com\/tienda\/wp-json\/wp\/v2\/product"}],"about":[{"href":"https:\/\/atmosferasmuebles.com\/tienda\/wp-json\/wp\/v2\/types\/product"}],"replies":[{"embeddable":true,"href":"https:\/\/atmosferasmuebles.com\/tienda\/wp-json\/wp\/v2\/comments?post=10478"}],"version-history":[{"count":1,"href":"https:\/\/atmosferasmuebles.com\/tienda\/wp-json\/wp\/v2\/product\/10478\/revisions"}],"predecessor-version":[{"id":10480,"href":"https:\/\/atmosferasmuebles.com\/tienda\/wp-json\/wp\/v2\/product\/10478\/revisions\/10480"}],"wp:featuredmedia":[{"embeddable":true,"href":"https:\/\/atmosferasmuebles.com\/tienda\/wp-json\/wp\/v2\/media\/10479"}],"wp:attachment":[{"href":"https:\/\/atmosferasmuebles.com\/tienda\/wp-json\/wp\/v2\/media?parent=10478"}],"wp:term":[{"taxonomy":"product_brand","embeddable":true,"href":"https:\/\/atmosferasmuebles.com\/tienda\/wp-json\/wp\/v2\/product_brand?post=10478"},{"taxonomy":"product_cat","embeddable":true,"href":"https:\/\/atmosferasmuebles.com\/tienda\/wp-json\/wp\/v2\/product_cat?post=10478"},{"taxonomy":"product_tag","embeddable":true,"href":"https:\/\/atmosferasmuebles.com\/tienda\/wp-json\/wp\/v2\/product_tag?post=10478"},{"taxonomy":"accesorios","embeddable":true,"href":"https:\/\/atmosferasmuebles.com\/tienda\/wp-json\/wp\/v2\/accesorios?post=10478"},{"taxonomy":"coleccion","embeddable":true,"href":"https:\/\/atmosferasmuebles.com\/tienda\/wp-json\/wp\/v2\/coleccion?post=10478"},{"taxonomy":"espacios","embeddable":true,"href":"https:\/\/atmosferasmuebles.com\/tienda\/wp-json\/wp\/v2\/espacios?post=10478"},{"taxonomy":"marca","embeddable":true,"href":"https:\/\/atmosferasmuebles.com\/tienda\/wp-json\/wp\/v2\/marca?post=10478"},{"taxonomy":"material","embeddable":true,"href":"https:\/\/atmosferasmuebles.com\/tienda\/wp-json\/wp\/v2\/material?post=10478"}],"curies":[{"name":"wp","href":"https:\/\/api.w.org\/{rel}","templated":true}]}}