{"id":10460,"date":"2023-11-17T00:48:14","date_gmt":"2023-11-17T00:48:14","guid":{"rendered":"https:\/\/atmosferasmuebles.com\/tienda\/?post_type=product&#038;p=10460"},"modified":"2026-01-25T03:34:55","modified_gmt":"2026-01-25T03:34:55","slug":"juego-de-sillas-y-mesa-lille-3-piezas","status":"publish","type":"product","link":"https:\/\/atmosferasmuebles.com\/tienda\/producto\/juego-de-sillas-y-mesa-lille-3-piezas\/","title":{"rendered":"Juego de sillas y mesa Lille 3 piezas"},"content":{"rendered":"<p>Juego de sillas y mesa Lille la elecci\u00f3n perfecta para garantizar sofisticaci\u00f3n y practicidad.<br \/>\n2 sillas y 1 mesa producidas en madera maciza tipo teca, procedente de la reforest\u00e1ci\u00f3n responsable y con acabado en barniz. El acabado de barniz incoloro garantiza elegancia y preserva la belleza natural de la madera.<\/p>\n<p>Recomendaciones de uso:<br \/>\n&#8211; No utilice acetona, alcohol ni ning\u00fan otro producto abrasivo o a base de disolvente.<br \/>\n&#8211; Recomendamos la limpieza frecuente ya que la suciedad acumulada en la madera se filtra en sus poros y puede oscurecer su color, por eso los muebles siempre deben mantenerse limpios.<br \/>\n&#8211; Se recomienda lavarlos con detergente neutro, esponja suave y abundante agua.<br \/>\n&#8211; Dado que la madera es un elemento natural, cuando se expone a los elementos puede cambiar su apariencia. Para mantener su producto como nuevo por m\u00e1s tiempo, se recomienda recolectar el producto despu\u00e9s de su uso y almacenarlo en un ambiente cubierto.<\/p>\n","protected":false},"excerpt":{"rendered":"<p>Juego de 4 sillas y mesa Lille son ideales para ambientes con espacio reducido, son ligeros, pr\u00e1cticos y gracias a su dise\u00f1o plegable, son f\u00e1ciles de transportar y se pueden guardar en cualquier lugar.<\/p>\n<p>Para los amantes de la madera est\u00e1 l\u00ednea dest\u00e1car\u00e1 en su casa. est\u00e1 fabricada en madera de Teca con Acabado Barnizado<\/p>\n","protected":false},"featured_media":3084,"comment_status":"open","ping_status":"closed","template":"","meta":{"_joinchat":[]},"product_brand":[],"product_cat":[61,40,26,17,60,271,241],"product_tag":[],"accesorios":[],"coleccion":[],"espacios":[210,212],"marca":[224],"material":[228],"class_list":{"0":"post-10460","1":"product","2":"type-product","3":"status-publish","4":"has-post-thumbnail","6":"product_cat-comedor","7":"product_cat-madera","8":"product_cat-mesas","9":"product_cat-muebles-de-exterior","10":"product_cat-sillas","11":"product_cat-sillas-interior","12":"product_cat-tramontina","13":"espacios-comedores","14":"espacios-jardin","15":"marca-tramontina","16":"material-madera","17":"sales-flash-overlay","18":"woocommerce-text-align-center","19":"woocommerce-image-align-center","20":"wc-has-gallery","22":"first","23":"instock","24":"shipping-taxable","25":"purchasable","26":"product-type-simple"},"_links":{"self":[{"href":"https:\/\/atmosferasmuebles.com\/tienda\/wp-json\/wp\/v2\/product\/10460","targetHints":{"allow":["GET"]}}],"collection":[{"href":"https:\/\/atmosferasmuebles.com\/tienda\/wp-json\/wp\/v2\/product"}],"about":[{"href":"https:\/\/atmosferasmuebles.com\/tienda\/wp-json\/wp\/v2\/types\/product"}],"replies":[{"embeddable":true,"href":"https:\/\/atmosferasmuebles.com\/tienda\/wp-json\/wp\/v2\/comments?post=10460"}],"version-history":[{"count":1,"href":"https:\/\/atmosferasmuebles.com\/tienda\/wp-json\/wp\/v2\/product\/10460\/revisions"}],"predecessor-version":[{"id":10461,"href":"https:\/\/atmosferasmuebles.com\/tienda\/wp-json\/wp\/v2\/product\/10460\/revisions\/10461"}],"wp:featuredmedia":[{"embeddable":true,"href":"https:\/\/atmosferasmuebles.com\/tienda\/wp-json\/wp\/v2\/media\/3084"}],"wp:attachment":[{"href":"https:\/\/atmosferasmuebles.com\/tienda\/wp-json\/wp\/v2\/media?parent=10460"}],"wp:term":[{"taxonomy":"product_brand","embeddable":true,"href":"https:\/\/atmosferasmuebles.com\/tienda\/wp-json\/wp\/v2\/product_brand?post=10460"},{"taxonomy":"product_cat","embeddable":true,"href":"https:\/\/atmosferasmuebles.com\/tienda\/wp-json\/wp\/v2\/product_cat?post=10460"},{"taxonomy":"product_tag","embeddable":true,"href":"https:\/\/atmosferasmuebles.com\/tienda\/wp-json\/wp\/v2\/product_tag?post=10460"},{"taxonomy":"accesorios","embeddable":true,"href":"https:\/\/atmosferasmuebles.com\/tienda\/wp-json\/wp\/v2\/accesorios?post=10460"},{"taxonomy":"coleccion","embeddable":true,"href":"https:\/\/atmosferasmuebles.com\/tienda\/wp-json\/wp\/v2\/coleccion?post=10460"},{"taxonomy":"espacios","embeddable":true,"href":"https:\/\/atmosferasmuebles.com\/tienda\/wp-json\/wp\/v2\/espacios?post=10460"},{"taxonomy":"marca","embeddable":true,"href":"https:\/\/atmosferasmuebles.com\/tienda\/wp-json\/wp\/v2\/marca?post=10460"},{"taxonomy":"material","embeddable":true,"href":"https:\/\/atmosferasmuebles.com\/tienda\/wp-json\/wp\/v2\/material?post=10460"}],"curies":[{"name":"wp","href":"https:\/\/api.w.org\/{rel}","templated":true}]}}