{"id":10430,"date":"2023-10-19T22:22:56","date_gmt":"2023-10-19T22:22:56","guid":{"rendered":"https:\/\/atmosferasmuebles.com\/tienda\/?post_type=product&#038;p=10430"},"modified":"2026-04-29T08:41:31","modified_gmt":"2026-04-29T08:41:31","slug":"banco-koln-con-cojin","status":"publish","type":"product","link":"https:\/\/atmosferasmuebles.com\/tienda\/producto\/banco-koln-con-cojin\/","title":{"rendered":"Banco Koln con coj\u00edn"},"content":{"rendered":"<section id=\"sp-breadcrumb\">\n<div class=\"row\">\n<div id=\"sp-title\" class=\"col-lg-12 \">\n<div class=\"sp-column \">\n<div class=\"sp-module \">\n<div class=\"sp-module-content\"><\/div>\n<\/div>\n<\/div>\n<\/div>\n<\/div>\n<\/section>\n<section id=\"sp-main-body\">\n<div class=\"container\">\n<div class=\"container-inner\">\n<div class=\"row\">\n<p data-start=\"526\" data-end=\"824\">El Banco Koln con coj\u00edn ofrece un dise\u00f1o contempor\u00e1neo y funcional, perfecto para ambientes que requieren confort sin perder elegancia. Su asiento de polipropileno tapizado en piel PU brinda una experiencia c\u00f3moda y duradera, ideal para uso continuo en espacios comerciales o residenciales.<\/p>\n<p data-start=\"826\" data-end=\"1071\">Cuenta con estructura met\u00e1lica, reposapi\u00e9s integrado, y una base estable con giro de 360\u00b0, que permite libertad de movimiento. El pist\u00f3n hidr\u00e1ulico de clase 3 facilita el ajuste de altura para adaptarse a distintas necesidades.<\/p>\n<p data-start=\"1073\" data-end=\"1247\">Gracias a su dise\u00f1o limpio y vers\u00e1til, es ideal para bares, restaurantes, salones de belleza, recepciones u oficinas, soportando hasta 120 kg con eficiencia y estilo.<\/p>\n<\/div>\n<\/div>\n<\/div>\n<\/section>\n","protected":false},"excerpt":{"rendered":"<p data-start=\"224\" data-end=\"474\">El Banco Koln con coj\u00edn combina comodidad y estilo moderno. Su asiento de polipropileno est\u00e1 tapizado en piel PU para mayor confort, con base met\u00e1lica, reposapi\u00e9s, altura ajustable y giro de 360\u00b0. Ideal para bares, salones y espacios comerciales.<\/p>\n","protected":false},"featured_media":10434,"comment_status":"open","ping_status":"closed","template":"","meta":{"_joinchat":[]},"product_brand":[],"product_cat":[62,2239,270,259,23,1493,1652,1845],"product_tag":[],"accesorios":[],"coleccion":[867],"espacios":[1611,210,1473,1672],"marca":[225],"material":[989,1114,234],"class_list":{"0":"post-10430","1":"product","2":"type-product","3":"status-publish","4":"has-post-thumbnail","6":"product_cat-bancos","7":"product_cat-bar","8":"product_cat-interior","9":"product_cat-lagoon","10":"product_cat-metal","11":"product_cat-oficina","12":"product_cat-residencial","13":"product_cat-resina-interior","14":"coleccion-koln","15":"espacios-bar","16":"espacios-comedores","17":"espacios-oficina","18":"espacios-residencial","19":"marca-lagoon","20":"material-fibra-de-vidrio","21":"material-metal","22":"material-resina","23":"sales-flash-overlay","24":"woocommerce-text-align-center","25":"woocommerce-image-align-center","26":"wc-has-gallery","28":"first","29":"instock","30":"shipping-taxable","31":"purchasable","32":"product-type-variable"},"_links":{"self":[{"href":"https:\/\/atmosferasmuebles.com\/tienda\/wp-json\/wp\/v2\/product\/10430","targetHints":{"allow":["GET"]}}],"collection":[{"href":"https:\/\/atmosferasmuebles.com\/tienda\/wp-json\/wp\/v2\/product"}],"about":[{"href":"https:\/\/atmosferasmuebles.com\/tienda\/wp-json\/wp\/v2\/types\/product"}],"replies":[{"embeddable":true,"href":"https:\/\/atmosferasmuebles.com\/tienda\/wp-json\/wp\/v2\/comments?post=10430"}],"version-history":[{"count":5,"href":"https:\/\/atmosferasmuebles.com\/tienda\/wp-json\/wp\/v2\/product\/10430\/revisions"}],"predecessor-version":[{"id":14696,"href":"https:\/\/atmosferasmuebles.com\/tienda\/wp-json\/wp\/v2\/product\/10430\/revisions\/14696"}],"wp:featuredmedia":[{"embeddable":true,"href":"https:\/\/atmosferasmuebles.com\/tienda\/wp-json\/wp\/v2\/media\/10434"}],"wp:attachment":[{"href":"https:\/\/atmosferasmuebles.com\/tienda\/wp-json\/wp\/v2\/media?parent=10430"}],"wp:term":[{"taxonomy":"product_brand","embeddable":true,"href":"https:\/\/atmosferasmuebles.com\/tienda\/wp-json\/wp\/v2\/product_brand?post=10430"},{"taxonomy":"product_cat","embeddable":true,"href":"https:\/\/atmosferasmuebles.com\/tienda\/wp-json\/wp\/v2\/product_cat?post=10430"},{"taxonomy":"product_tag","embeddable":true,"href":"https:\/\/atmosferasmuebles.com\/tienda\/wp-json\/wp\/v2\/product_tag?post=10430"},{"taxonomy":"accesorios","embeddable":true,"href":"https:\/\/atmosferasmuebles.com\/tienda\/wp-json\/wp\/v2\/accesorios?post=10430"},{"taxonomy":"coleccion","embeddable":true,"href":"https:\/\/atmosferasmuebles.com\/tienda\/wp-json\/wp\/v2\/coleccion?post=10430"},{"taxonomy":"espacios","embeddable":true,"href":"https:\/\/atmosferasmuebles.com\/tienda\/wp-json\/wp\/v2\/espacios?post=10430"},{"taxonomy":"marca","embeddable":true,"href":"https:\/\/atmosferasmuebles.com\/tienda\/wp-json\/wp\/v2\/marca?post=10430"},{"taxonomy":"material","embeddable":true,"href":"https:\/\/atmosferasmuebles.com\/tienda\/wp-json\/wp\/v2\/material?post=10430"}],"curies":[{"name":"wp","href":"https:\/\/api.w.org\/{rel}","templated":true}]}}

Banco Koln con cojín

<section id="sp-breadcrumb">
<div class="row">
<div id="sp-title" class="col-lg-12 ">
<div class="sp-column ">
<div class="sp-module ">
<div class="sp-module-content"></div>
</div>
</div>
</div>
</div>
</section>
<section id="sp-main-body">
<div class="container">
<div class="container-inner">
<div class="row">
<p data-start="526" data-end="824">El Banco Koln con cojín ofrece un diseño contemporáneo y funcional, perfecto para ambientes que requieren confort sin perder elegancia. Su asiento de polipropileno tapizado en piel PU brinda una experiencia cómoda y duradera, ideal para uso continuo en espacios comerciales o residenciales.</p>
<p data-start="826" data-end="1071">Cuenta con estructura metálica, reposapiés integrado, y una base estable con giro de 360°, que permite libertad de movimiento. El pistón hidráulico de clase 3 facilita el ajuste de altura para adaptarse a distintas necesidades.</p>
<p data-start="1073" data-end="1247">Gracias a su diseño limpio y versátil, es ideal para bares, restaurantes, salones de belleza, recepciones u oficinas, soportando hasta 120 kg con eficiencia y estilo.</p>
</div>
</div>
</div>
</section>

<p data-start="224" data-end="474">El Banco Koln con cojín combina comodidad y estilo moderno. Su asiento de polipropileno está tapizado en piel PU para mayor confort, con base metálica, reposapiés, altura ajustable y giro de 360°. Ideal para bares, salones y espacios comerciales.</p>
